000
CXUS55 KDVN 012138
CF6BRL
PRELIMINARY LOCAL CLIMATOLOGICAL DATA (WS FORM: F-6)
STATION: BURLINGTON IA
MONTH: JULY
YEAR: 2023
LATITUDE: 40 46 N
LONGITUDE: 91 7 W
TEMPERATURE IN F: :PCPN: SNOW: WIND :SUNSHINE: SKY :PK WND
================================================================================
1 2 3 4 5 6A 6B 7 8 9 10 11 12 13 14 15 16 17 18
12Z AVG MX 2MIN
DY MAX MIN AVG DEP HDD CDD WTR SNW DPTH SPD SPD DIR MIN PSBL S-S WX SPD DR
================================================================================
1 81 68 75 0 0 10 2.51 M M 5.8 17 40 M M 6 13 23 40
2 82 67 75 0 0 10 1.22 M M 5.3 15 350 M M 6 13 21 360
3 88 66 77 1 0 12 0.00 M M 1.7 9 170 M M 0 1 12 170
4 89 68 79 3 0 14 0.00 M M 2.7 10 30 M M 0 1 14 190
5 85 68 77 1 0 12 0.79 M M 6.6 15 220 M M 4 123 22 190
6 77 61 69 -7 0 4 0.00 M M 6.9 12 330 M M 0 19 300
7 75 56 66 -10 0 1 0.47 M M 6.0 14 50 M M 4 13 20 350
8 77 59 68 -8 0 3 0.17 M M 6.8 14 350 M M 5 13 19 350
9 80 60 70 -6 0 5 0.00 M M 3.4 10 310 M M 0 15 290
10 83 56 70 -6 0 5 0.00 M M 3.8 12 210 M M 0 18 17 220
11 89 63 76 0 0 11 0.00 M M 4.1 12 240 M M 1 8 17 250
12 85 68 77 1 0 12 0.54 M M 8.5 22 170 M M 2 13 30 210
13 85 62 74 -2 0 9 0.00 M M 3.5 10 330 M M 2 17 310
14 89 64 77 1 0 12 0.46 M M 4.5 20 220 M M 1 13 29 220
15 83 67 75 -1 0 10 0.01 M M 5.4 13 310 M M 4 18 22 300
16 81 66 74 -2 0 9 0.00 M M 4.0 12 280 M M 6 18 18 270
17 77 62 70 -6 0 5 0.16 M M 4.5 10 330 M M 4 138 17 320
18 77 60 69 -7 0 4 0.00 M M 4.0 10 30 M M 2 14 50
19 83 59 71 -5 0 6 0.00 M M 3.9 12 110 M M 0 18 15 120
20 84 67 76 0 0 11 0.00 M M 6.1 17 330 M M 0 18 27 320
21 80 60 70 -6 0 5 0.00 M M 5.7 13 360 M M 1 18 19 330
22 83 58 71 -5 0 6 0.00 M M 3.6 10 250 M M 1 18 18 340
23 87 62 75 -1 0 10 0.02 M M 3.6 15 240 M M 2 138 26 240
24 88 65 77 1 0 12 0.00 M M 2.9 8 180 M M 0 1 12 170
25 90 70 80 4 0 15 T M M 6.8 16 180 M M 1 3 22 170
26 93 75 84 9 0 19 0.01 M M 6.6 15 190 M M 2 38 22 200
27 95 71 83 8 0 18 0.00 M M 5.1 9 190 M M 0 14 140
28 96 72 84 9 0 19 0.13 M M 6.5 28 360 M M 1 138 39 10
29 83 68 76 1 0 11 0.05 M M 5.4 20 350 M M 1 3 24 340
30 84 66 75 0 0 10 0.00 M M 5.6 12 20 M M 0 16 20
31 82 63 73 -2 0 8 0.00 M M 3.9 10 140 M M 3 14 150
================================================================================
SM 2611 1997 0 298 6.54 M 153.2 M 59
================================================================================
AV 84.2 64.4 4.9 FASTST M M 2 MAX(MPH)
MISC ----> 28 360 39 10
================================================================================
NOTES:
# LAST OF SEVERAL OCCURRENCES
COLUMN 17 PEAK WIND IN M.P.H.
PRELIMINARY LOCAL CLIMATOLOGICAL DATA (WS FORM: F-6) , PAGE 2
STATION: BURLINGTON IA
MONTH: JULY
YEAR: 2023
LATITUDE: 40 46 N
LONGITUDE: 91 7 W
[TEMPERATURE DATA] [PRECIPITATION DATA] SYMBOLS USED IN COLUMN 16
AVERAGE MONTHLY: 74.3 TOTAL FOR MONTH: 6.54 1 = FOG OR MIST
DPTR FM NORMAL: -1.3 DPTR FM NORMAL: 2.52 2 = FOG REDUCING VISIBILITY
HIGHEST: 96 ON 28 GRTST 24HR 2.62 ON 1- 2 TO 1/4 MILE OR LESS
LOWEST: 56 ON 10, 7 3 = THUNDER
SNOW, ICE PELLETS, HAIL 4 = ICE PELLETS
TOTAL MONTH: M 5 = HAIL
GRTST 24HR M ON M 6 = FREEZING RAIN OR DRIZZLE
GRTST DEPTH: M ON M 7 = DUSTSTORM OR SANDSTORM:
VSBY 1/2 MILE OR LESS
8 = SMOKE OR HAZE
[NO. OF DAYS WITH] [WEATHER - DAYS WITH] 9 = BLOWING SNOW
X = TORNADO
MAX 32 OR BELOW: 0 0.01 INCH OR MORE: 13
MAX 90 OR ABOVE: 4 0.10 INCH OR MORE: 9
MIN 32 OR BELOW: 0 0.50 INCH OR MORE: 4
MIN 0 OR BELOW: 0 1.00 INCH OR MORE: 2
[HDD (BASE 65) ]
TOTAL THIS MO. 0 CLEAR (SCALE 0-3) 23
DPTR FM NORMAL -2 PTCLDY (SCALE 4-7) 8
TOTAL FM JUL 1 0 CLOUDY (SCALE 8-10) 0
DPTR FM NORMAL 0
[CDD (BASE 65) ]
TOTAL THIS MO. 298
DPTR FM NORMAL -32 [PRESSURE DATA]
TOTAL FM JAN 1 605 HIGHEST SLP 30.15 ON 31
DPTR FM NORMAL -56 LOWEST SLP 29.71 ON 12
[REMARKS]
#FINAL-07-23#