000
CXUS54 KBRO 010800
CF6BRO
PRELIMINARY LOCAL CLIMATOLOGICAL DATA (WS FORM: F-6)
STATION: BROWNSVILLE
MONTH: MAY
YEAR: 2021
LATITUDE: 25 53 N
LONGITUDE: 97 26 W
TEMPERATURE IN F: :PCPN: SNOW: WIND :SUNSHINE: SKY :PK WND
================================================================================
1 2 3 4 5 6A 6B 7 8 9 10 11 12 13 14 15 16 17 18
12Z AVG MX 2MIN
DY MAX MIN AVG DEP HDD CDD WTR SNW DPTH SPD SPD DIR MIN PSBL S-S WX SPD DR
================================================================================
1 79 71 75 -4 0 10 0.15 0.0 0 4.2 20 290 M M 9 13 25 300
2 91 68 80 0 0 15 0.00 0.0 0 11.7 22 160 M M 5 12 28 170
3 92 75 84 4 0 19 0.00 0.0 0 17.1 28 160 M M 4 1 33 160
4 94 76 85 5 0 20 0.00 0.0 0 9.7 20 30 M M 10 1 25 10
5 82 75 79 -1 0 14 0.00 0.0 0 12.1 20 30 M M 10 25 30
6 81 64 73 -7 0 8 T 0.0 0 8.1 16 50 M M 7 18 20 50
7 85 60 73 -7 0 8 0.00 0.0 0 6.1 16 90 M M 5 1 20 100
8 91 75 83 3 0 18 0.00 0.0 0 17.9 30 150 M M 6 38 150
9 92 78 85 4 0 20 0.00 0.0 0 21.0 33 160 M M 7 40 180
10 90 78 84 3 0 19 0.00 0.0 0 15.7 28 150 M M 9 36 150
11 93 78 86 5 0 21 0.00 0.0 0 13.4 24 150 M M 8 30 150
12 83 70 77 -4 0 12 1.79 0.0 0 10.6 37 320 M M 8 13 49 320
13 80 70 75 -7 0 10 0.10 0.0 0 9.8 20 10 M M 9 26 20
14 86 66 76 -6 0 11 0.00 0.0 0 8.3 18 80 M M 2 23 80
15 82 69 76 -6 0 11 0.19 0.0 0 10.6 21 140 M M 4 3 29 20
16 90 75 83 1 0 18 T 0.0 0 15.1 28 140 M M 8 3 34 150
17 89 78 84 2 0 19 0.00 0.0 0 17.0 28 160 M M 8 33 140
18 89 76 83 1 0 18 T 0.0 0 13.9 25 140 M M 10 30 150
19 83 64 74 -9 0 9 2.15 0.0 0 14.7 39 50 M M 7 138 49 50
20 87 63 75 -8 0 10 0.00 0.0 0 6.8 16 110 M M 1 21 120
21 88 72 80 -3 0 15 0.00 0.0 0 5.9 14 50 M M 1 18 80
22 89 72 81 -2 0 16 0.00 0.0 0 9.5 20 100 M M 2 25 120
23 89 75 82 -1 0 17 T 0.0 0 7.8 17 110 M M 2 23 130
24 89 74 82 -2 0 17 0.04 0.0 0 11.2 21 130 M M 5 3 26 140
25 88 78 83 -1 0 18 0.36 0.0 0 13.3 25 140 M M 7 1 31 150
26 90 79 85 1 0 20 0.00 0.0 0 11.5 21 140 M M 6 26 130
27 91 78 85 1 0 20 0.00 0.0 0 14.6 25 150 M M 6 31 140
28 91 79 85 1 0 20 0.00 0.0 0 14.3 25 160 M M 6 1 32 150
29 86 73 80 -4 0 15 0.18 0.0 0 9.9 21 140 M M 5 3 27 150
30 89 77 83 -1 0 18 T 0.0 0 11.4 22 110 M M 3 27 120
31 90 75 83 -1 0 18 T 0.0 0 11.5 21 150 M M 3 26 140
================================================================================
SM 2719 2261 0 484 4.96 0.0 364.7 M 183
================================================================================
AV 87.7 72.9 11.8 FASTST M M 6 MAX(MPH)
MISC ----> 39 50 # 49 320
================================================================================
NOTES:
# LAST OF SEVERAL OCCURRENCES
COLUMN 17 PEAK WIND IN M.P.H.
PRELIMINARY LOCAL CLIMATOLOGICAL DATA (WS FORM: F-6) , PAGE 2
STATION: BROWNSVILLE
MONTH: MAY
YEAR: 2021
LATITUDE: 25 53 N
LONGITUDE: 97 26 W
[TEMPERATURE DATA] [PRECIPITATION DATA] SYMBOLS USED IN COLUMN 16
AVERAGE MONTHLY: 80.3 TOTAL FOR MONTH: 4.96 1 = FOG OR MIST
DPTR FM NORMAL: -1.7 DPTR FM NORMAL: 2.74 2 = FOG REDUCING VISIBILITY
HIGHEST: 94 ON 4 GRTST 24HR 2.15 ON 19-19 TO 1/4 MILE OR LESS
LOWEST: 60 ON 7 3 = THUNDER
SNOW, ICE PELLETS, HAIL 4 = ICE PELLETS
TOTAL MONTH: 0.0 INCH 5 = HAIL
GRTST 24HR 0.0 6 = FREEZING RAIN OR DRIZZLE
GRTST DEPTH: 0 7 = DUSTSTORM OR SANDSTORM:
VSBY 1/2 MILE OR LESS
8 = SMOKE OR HAZE
[NO. OF DAYS WITH] [WEATHER - DAYS WITH] 9 = BLOWING SNOW
X = TORNADO
MAX 32 OR BELOW: 0 0.01 INCH OR MORE: 8
MAX 90 OR ABOVE: 12 0.10 INCH OR MORE: 7
MIN 32 OR BELOW: 0 0.50 INCH OR MORE: 2
MIN 0 OR BELOW: 0 1.00 INCH OR MORE: 2
[HDD (BASE 65) ]
TOTAL THIS MO. 0 CLEAR (SCALE 0-3) 6
DPTR FM NORMAL 0 PTCLDY (SCALE 4-7) 17
TOTAL FM JUL 1 528 CLOUDY (SCALE 8-10) 8
DPTR FM NORMAL 105
[CDD (BASE 65) ]
TOTAL THIS MO. 484
DPTR FM NORMAL -43 [PRESSURE DATA]
TOTAL FM JAN 1 1250 HIGHEST SLP M ON M
DPTR FM NORMAL -53 LOWEST SLP 29.50 ON 3
[REMARKS]
#FINAL-05-21#