000
CXUS53 KGRR 010910
CF6BTL
PRELIMINARY LOCAL CLIMATOLOGICAL DATA (WS FORM: F-6)
STATION: BATTLE CREEK
MONTH: SEPTEMBER
YEAR: 2023
LATITUDE: 42 17 N
LONGITUDE: 85 14 W
TEMPERATURE IN F: :PCPN: SNOW: WIND :SUNSHINE: SKY :PK WND
================================================================================
1 2 3 4 5 6A 6B 7 8 9 10 11 12 13 14 15 16 17 18
12Z AVG MX 2MIN
DY MAX MIN AVG DEP HDD CDD WTR SNW DPTH SPD SPD DIR MIN PSBL S-S WX SPD DR
================================================================================
1 80 50 65 -3 0 0 0.00 M M 4.7 12 160 M M 0 19 110
2 84 56 70 2 0 5 0.00 M M 8.2 17 220 M M 0 23 220
3 90 62 76 8 0 11 0.00 M M 9.8 21 230 M M 0 29 250
4 90 69 80 13 0 15 0.00 M M 8.3 16 240 M M 1 24 240
5 92 72 82 15 0 17 0.00 M M 9.3 20 220 M M 1 25 210
6 83 67 75 8 0 10 0.64 M M 8.7 25 260 M M 5 138 37 250
7 74 64 69 3 0 4 0.03 M M 8.7 15 290 M M 10 1 21 320
8 66 57 62 -4 3 0 T M M 6.2 12 10 M M 10 1 15 10
9 73 53 63 -3 2 0 0.00 M M 3.3 10 50 M M 4 12 14 30
10 77 50 64 -2 1 0 0.00 M M 1.6 9 20 M M 1 1 15 340
11 68 56 62 -3 3 0 0.35 M M 4.6 13 180 M M 7 18 17 170
12 72 53 63 -2 2 0 0.05 M M 8.1 15 320 M M 7 1 21 300
13 69 48 59 -6 6 0 0.00 M M 2.3 13 10 M M 4 1 17 10
14 72 45 59 -5 6 0 0.00 M M 0.9 7 150 M M 2 1 12 170
15 73 47 60 -4 5 0 0.00 M M 3.1 13 170 M M 2 18 160
16 73 52 63 -1 2 0 0.00 M M 3.7 9 220 M M 1 12 220
17 73 54 64 1 1 0 0.10 M M 3.3 14 30 M M 5 138 18 10
18 68 49 59 -4 6 0 0.00 M M 4.5 13 350 M M 5 17 310
19 67 44 56 -6 9 0 T M M 3.9 13 230 M M 7 16 230
20 81 60 71 9 0 6 0.00 M M 6.9 15 190 M M 5 27 210
21 82 58 70 8 0 5 0.00 M M 4.4 12 170 M M 1 17 160
22 82 59 71 10 0 6 0.00 M M 6.8 15 130 M M 0 21 130
23 76 55 66 5 0 1 0.00 M M 6.9 17 110 M M 0 23 80
24 79 50 65 5 0 0 0.00 M M 5.3 12 60 M M 0 1 16 50
25 70 53 62 2 3 0 T M M 5.8 14 50 M M 6 18 17 50
26 76 63 70 10 0 5 0.03 M M 7.5 15 110 M M 9 3 23 130
27 65 61 63 4 2 0 0.02 M M 7.6 14 110 M M 10 19 130
28 64 59 62 3 3 0 T M M 6.5 12 50 M M 10 1 15 50
29 70 55 63 5 2 0 T M M 1.9 7 150 M M 8 1 9 140
30 79 51 65 7 0 0 0.00 M M 2.3 10 160 M M 2 12 13 160
================================================================================
SM 2268 1672 56 85 1.22 M 165.1 M 123
================================================================================
AV 75.6 55.7 5.5 FASTST M M 4 MAX(MPH)
MISC ----> 25 260 37 250
================================================================================
NOTES:
# LAST OF SEVERAL OCCURRENCES
COLUMN 17 PEAK WIND IN M.P.H.
PRELIMINARY LOCAL CLIMATOLOGICAL DATA (WS FORM: F-6) , PAGE 2
STATION: BATTLE CREEK
MONTH: SEPTEMBER
YEAR: 2023
LATITUDE: 42 17 N
LONGITUDE: 85 14 W
[TEMPERATURE DATA] [PRECIPITATION DATA] SYMBOLS USED IN COLUMN 16
AVERAGE MONTHLY: 65.7 TOTAL FOR MONTH: 1.22 1 = FOG OR MIST
DPTR FM NORMAL: 2.2 DPTR FM NORMAL: -2.01 2 = FOG REDUCING VISIBILITY
HIGHEST: 92 ON 5 GRTST 24HR 0.67 ON 6- 7 TO 1/4 MILE OR LESS
LOWEST: 44 ON 19 3 = THUNDER
SNOW, ICE PELLETS, HAIL 4 = ICE PELLETS
TOTAL MONTH: M 5 = HAIL
GRTST 24HR M ON M 6 = FREEZING RAIN OR DRIZZLE
GRTST DEPTH: M ON M 7 = DUSTSTORM OR SANDSTORM:
VSBY 1/2 MILE OR LESS
8 = SMOKE OR HAZE
[NO. OF DAYS WITH] [WEATHER - DAYS WITH] 9 = BLOWING SNOW
X = TORNADO
MAX 32 OR BELOW: 0 0.01 INCH OR MORE: 7
MAX 90 OR ABOVE: 3 0.10 INCH OR MORE: 3
MIN 32 OR BELOW: 0 0.50 INCH OR MORE: 1
MIN 0 OR BELOW: 0 1.00 INCH OR MORE: 0
[HDD (BASE 65) ]
TOTAL THIS MO. 56 CLEAR (SCALE 0-3) 14
DPTR FM NORMAL -62 PTCLDY (SCALE 4-7) 10
TOTAL FM JUL 1 64 CLOUDY (SCALE 8-10) 6
DPTR FM NORMAL -72
[CDD (BASE 65) ]
TOTAL THIS MO. 85
DPTR FM NORMAL 14 [PRESSURE DATA]
TOTAL FM JAN 1 698 HIGHEST SLP 30.30 ON 30
DPTR FM NORMAL -8 LOWEST SLP 29.72 ON 6
[REMARKS]
#FINAL-09-23#