000
CXUS55 KMSO 010900
CF6BTM
PRELIMINARY LOCAL CLIMATOLOGICAL DATA (WS FORM: F-6)
STATION: BUTTE MT
MONTH: JUNE
YEAR: 2020
LATITUDE: 45 57 N
LONGITUDE: 112 30 W
TEMPERATURE IN F: :PCPN: SNOW: WIND :SUNSHINE: SKY :PK WND
================================================================================
1 2 3 4 5 6A 6B 7 8 9 10 11 12 13 14 15 16 17 18
12Z AVG MX 2MIN
DY MAX MIN AVG DEP HDD CDD WTR SNW DPTH SPD SPD DIR MIN PSBL S-S WX SPD DR
================================================================================
1 73 42 58 6 7 0 T M M 6.8 20 320 M M 3 26 330
2 76 38 57 5 8 0 0.00 M M 4.5 17 240 M M 0 25 250
3 75 51 63 11 2 0 0.00 M M 8.3 23 320 M M 2 34 310
4 72 47 60 7 5 0 0.00 M M 7.6 23 310 M M 4 31 300
5 83 37 60 7 5 0 T M M 9.1 45 170 M M 3 3 52 170
6 67 45 56 3 9 0 0.25 M M 8.4 28 300 M M 9 13 36 310
7 54 34 44 -9 21 0 0.51 M M 4.6 23 280 M M 9 1 31 280
8 51 33 42 -12 23 0 0.85 M M 5.2 17 310 M M 7 1 24 300
9 54 30 42 -12 23 0 0.00 M M 6.1 17 260 M M 7 24 270
10 69 46 58 4 7 0 0.00 M M 5.2 16 310 M M 5 22 330
11 79 38 59 5 6 0 0.01 M M 5.2 35 200 M M 2 45 200
12 86 49 68 13 0 3 0.00 M M 9.8 29 160 M M 0 35 170
13 80 48 64 9 1 0 T M M 17.9 52 170 M M 0 3 63 150
14 57 35 46 -9 19 0 0.23 M M 8.1 28 180 M M 7 1 33 180
15 60 30 45 -10 20 0 0.03 M M 5.9 18 200 M M 6 25 210
16 56 43 50 -6 15 0 0.50 M M 5.8 15 130 M M 10 1 19 130
17 48 39 44 -12 21 0 0.83 M M 3.0 13 190 M M 10 1 15 180
18 61 40 51 -5 14 0 0.01 M M 3.8 14 310 M M 7 19 340
19 68 35 52 -4 13 0 0.00 M M 4.1 17 340 M M 3 21 340
20 69 39 54 -3 11 0 T M M 4.2 18 320 M M 5 24 310
21 73 44 59 2 6 0 T M M 6.1 17 310 M M 4 23 300
22 76 40 58 1 7 0 0.00 M M 5.2 14 310 M M 0 18 310
23 84 44 64 6 1 0 0.00 M M 5.4 13 320 M M 0 20 150
24 87 48 68 10 0 3 0.06 M M 5.7 28 310 M M 2 3 37 310
25 78 51 65 7 0 0 0.00 M M 4.4 15 290 M M 2 19 280
26 85 47 66 7 0 1 0.00 M M 4.9 17 260 M M 0 27 280
27 76 48 62 3 3 0 0.28 M M 6.4 33 320 M M 5 13 45 330
28 55 42 49 -10 16 0 0.42 M M 5.0 17 30 M M 7 13 21 30
29 56 39 48 -12 17 0 0.37 M M 4.3 13 270 M M 9 1 17 290
30 57 34 46 -14 19 0 0.06 M M 3.9 13 240 M M 8 18 220
================================================================================
SM 2065 1236 299 7 4.41 M 184.9 M 136
================================================================================
AV 68.8 41.2 6.2 FASTST M M 5 MAX(MPH)
MISC ----> 52 170 63 150
================================================================================
NOTES:
# LAST OF SEVERAL OCCURRENCES
COLUMN 17 PEAK WIND IN M.P.H.
PRELIMINARY LOCAL CLIMATOLOGICAL DATA (WS FORM: F-6) , PAGE 2
STATION: BUTTE MT
MONTH: JUNE
YEAR: 2020
LATITUDE: 45 57 N
LONGITUDE: 112 30 W
[TEMPERATURE DATA] [PRECIPITATION DATA] SYMBOLS USED IN COLUMN 16
AVERAGE MONTHLY: 55.0 TOTAL FOR MONTH: 4.41 1 = FOG OR MIST
DPTR FM NORMAL: -0.7 DPTR FM NORMAL: 2.15 2 = FOG REDUCING VISIBILITY
HIGHEST: 87 ON 24 GRTST 24HR 1.28 ON 7- 8 TO 1/4 MILE OR LESS
LOWEST: 30 ON 15, 9 3 = THUNDER
SNOW, ICE PELLETS, HAIL 4 = ICE PELLETS
TOTAL MONTH: M 5 = HAIL
GRTST 24HR M ON M 6 = FREEZING RAIN OR DRIZZLE
GRTST DEPTH: M ON M 7 = DUSTSTORM OR SANDSTORM:
VSBY 1/2 MILE OR LESS
8 = SMOKE OR HAZE
[NO. OF DAYS WITH] [WEATHER - DAYS WITH] 9 = BLOWING SNOW
X = TORNADO
MAX 32 OR BELOW: 0 0.01 INCH OR MORE: 14
MAX 90 OR ABOVE: 0 0.10 INCH OR MORE: 9
MIN 32 OR BELOW: 2 0.50 INCH OR MORE: 4
MIN 0 OR BELOW: 0 1.00 INCH OR MORE: 0
[HDD (BASE 65) ]
TOTAL THIS MO. 299 CLEAR (SCALE 0-3) 11
DPTR FM NORMAL 12 PTCLDY (SCALE 4-7) 14
TOTAL FM JUL 1 9050 CLOUDY (SCALE 8-10) 5
DPTR FM NORMAL -169
[CDD (BASE 65) ]
TOTAL THIS MO. 7
DPTR FM NORMAL 0 [PRESSURE DATA]
TOTAL FM JAN 1 9 HIGHEST SLP M ON M
DPTR FM NORMAL 2 LOWEST SLP 29.42 ON 6
[REMARKS]
#FINAL-06-20#