000
CXUS54 KLIX 010910
CF6BTR
PRELIMINARY LOCAL CLIMATOLOGICAL DATA (WS FORM: F-6)
STATION: BATON ROUGE
MONTH: JANUARY
YEAR: 2023
LATITUDE: 30 31 N
LONGITUDE: 91 9 W
TEMPERATURE IN F: :PCPN: SNOW: WIND :SUNSHINE: SKY :PK WND
================================================================================
1 2 3 4 5 6A 6B 7 8 9 10 11 12 13 14 15 16 17 18
12Z AVG MX 2MIN
DY MAX MIN AVG DEP HDD CDD WTR SNW DPTH SPD SPD DIR MIN PSBL S-S WX SPD DR
================================================================================
1 69 49 59 7 6 0 0.00 0.0 M 4.6 9 120 M M 9 12 14 130
2 83 66 75 23 0 10 T 0.0 M 11.4 28 190 M M 8 12 34 160
3 81 68 75 23 0 10 0.95 0.0 M 13.3 23 200 M M 9 13 33 190
4 75 55 65 13 0 0 0.04 0.0 M 5.1 20 170 M M 1 3 22 170
5 69 43 56 4 9 0 0.00 0.0 M 2.9 16 270 M M 0 21 290
6 72 40 56 4 9 0 0.00 0.0 M 4.7 13 160 M M 0 16 170
7 78 44 61 9 4 0 0.00 0.0 M 6.3 14 200 M M 1 1 18 190
8 66 53 60 8 5 0 0.50 0.0 M 5.4 14 140 M M 7 1 17 130
9 66 44 55 3 10 0 0.00 0.0 M 3.6 14 60 M M 2 1 17 70
10 75 40 58 6 7 0 0.00 0.0 M 5.4 15 210 M M 6 21 180
11 82 67 75 23 0 10 0.00 0.0 M 12.8 21 210 M M 8 28 190
12 77 52 65 13 0 0 0.01 0.0 M 16.1 24 270 M M 6 3 35 330
13 55 38 47 -5 18 0 0.00 0.0 M 9.2 17 340 M M 4 32 350
14 59 31 45 -7 20 0 0.00 0.0 M 2.4 9 10 M M 0 14 300
15 68 32 50 -2 15 0 0.00 0.0 M 8.1 17 130 M M 2 24 120
16 73 57 65 13 0 0 T 0.0 M 11.9 26 190 M M 10 18 33 190
17 83 66 75 23 0 10 T 0.0 M 9.5 17 220 M M 7 25 230
18 80 60 70 18 0 5 0.40 0.0 M 12.7 26 170 M M 9 13 35 160
19 74 50 62 10 3 0 0.03 0.0 M 4.6 17 290 M M 2 12 25 270
20 60 45 53 1 12 0 0.00 0.0 M 5.8 15 30 M M 6 21 30
21 53 48 51 -1 14 0 2.35 0.0 M 8.3 16 290 M M 10 13 20 90
22 61 45 53 1 12 0 0.00 0.0 M 6.6 17 280 M M 6 1 22 290
23 60 38 49 -3 16 0 0.00 0.0 M 5.3 13 40 M M 0 17 40
24 70 42 56 4 9 0 1.39 M M 14.4 26 190 M M 8 13 39 180
25 62 46 54 2 11 0 T 0.0 M 11.8 24 260 M M 8 32 270
26 57 38 48 -4 17 0 0.00 0.0 M 5.4 16 270 M M 2 22 290
27 61 32 47 -5 18 0 0.00 0.0 M 2.5 12 190 M M 0 15 200
28 73 44 59 6 6 0 0.00 0.0 M 10.0 23 160 M M 5 30 170
29 72 59 66 13 0 1 4.04 0.0 M 6.4 15 220 M M 10 13 20 190
30 71 64 68 15 0 3 0.51 0.0 M 1.5 15 270 M M 10 123 20 210
31 66 45 56 3 9 0 0.00 0.0 M 4.4 12 350 M M 10 12 16 350
================================================================================
SM 2151 1501 230 49 10.22 0.0 232.4 M 166
================================================================================
AV 69.4 48.4 7.5 FASTST M M 5 MAX(MPH)
MISC ----> 28 190 39 180
================================================================================
NOTES:
# LAST OF SEVERAL OCCURRENCES
COLUMN 17 PEAK WIND IN M.P.H.
PRELIMINARY LOCAL CLIMATOLOGICAL DATA (WS FORM: F-6) , PAGE 2
STATION: BATON ROUGE
MONTH: JANUARY
YEAR: 2023
LATITUDE: 30 31 N
LONGITUDE: 91 9 W
[TEMPERATURE DATA] [PRECIPITATION DATA] SYMBOLS USED IN COLUMN 16
AVERAGE MONTHLY: 58.9 TOTAL FOR MONTH: 10.22 1 = FOG OR MIST
DPTR FM NORMAL: 6.9 DPTR FM NORMAL: 3.86 2 = FOG REDUCING VISIBILITY
HIGHEST: 83 ON 17, 2 GRTST 24HR 4.04 ON 29-29 TO 1/4 MILE OR LESS
LOWEST: 31 ON 14 3 = THUNDER
SNOW, ICE PELLETS, HAIL 4 = ICE PELLETS
TOTAL MONTH: 0.0 INCH 5 = HAIL
GRTST 24HR 0.0 6 = FREEZING RAIN OR DRIZZLE
GRTST DEPTH: M ON M 7 = DUSTSTORM OR SANDSTORM:
VSBY 1/2 MILE OR LESS
8 = SMOKE OR HAZE
[NO. OF DAYS WITH] [WEATHER - DAYS WITH] 9 = BLOWING SNOW
X = TORNADO
MAX 32 OR BELOW: 0 0.01 INCH OR MORE: 10
MAX 90 OR ABOVE: 0 0.10 INCH OR MORE: 7
MIN 32 OR BELOW: 3 0.50 INCH OR MORE: 6
MIN 0 OR BELOW: 0 1.00 INCH OR MORE: 3
[HDD (BASE 65) ]
TOTAL THIS MO. 230 CLEAR (SCALE 0-3) 11
DPTR FM NORMAL -188 PTCLDY (SCALE 4-7) 11
TOTAL FM JUL 1 798 CLOUDY (SCALE 8-10) 9
DPTR FM NORMAL -249
[CDD (BASE 65) ]
TOTAL THIS MO. 49
DPTR FM NORMAL 36 [PRESSURE DATA]
TOTAL FM JAN 1 49 HIGHEST SLP 30.42 ON 27
DPTR FM NORMAL 36 LOWEST SLP 29.64 ON 24
[REMARKS]
#FINAL-01-23#