000
CXUS54 KLIX 011530
CLMBTR
CLIMATE REPORT
NATIONAL WEATHER SERVICE NEW ORLEANS
930 AM CST FRI MAR 01 2024
...................................
...THE BATON ROUGE CLIMATE SUMMARY FOR THE MONTH OF FEBRUARY 2024...
CLIMATE NORMAL PERIOD: 1991 TO 2020
CLIMATE RECORD PERIOD: 1894 TO 2024
WEATHER OBSERVED NORMAL DEPART LAST YEAR`S
VALUE DATE(S) VALUE FROM VALUE DATE(S)
NORMAL
................................................................
TEMPERATURE (F)
RECORD
HIGH 88 02/19/1922
LOW 2 02/13/1899
HIGHEST 84 02/27 MM MM 87 02/23
02/28
LOWEST 31 02/19 MM MM 32 02/18
AVG. MAXIMUM 72.6 66.6 6.0 72.4
AVG. MINIMUM 49.3 45.3 4.0 51.8
MEAN 61.0 55.9 5.1 62.1
DAYS MAX >= 90 0 0.0 0.0 0
DAYS MAX <= 32 0 0.1 -0.1 0
DAYS MIN <= 32 1 3.4 -2.4 1
DAYS MIN <= 0 0 0.0 0.0 0
PRECIPITATION (INCHES)
RECORD
MAXIMUM 14.51 1966
MINIMUM 0.64 2000
TOTALS 2.39 4.42 -2.03 3.39
DAILY AVG. 0.08 NAN NAN 0.12
DAYS >= .01 5 8.9 -3.9 5
DAYS >= .10 2 6.1 -4.1 2
DAYS >= .50 2 3.1 -1.1 2
DAYS >= 1.00 2 1.3 0.7 1
GREATEST
24 HR. TOTAL 1.35 02/11 TO 02/12 1.42 02/08 TO 02/08
SNOWFALL (INCHES)
RECORDS
TOTAL MM MM
24 HR TOTAL MM
SNOW DEPTH MM MM
TOTALS 0.0 0.0 0.0 0.0
SINCE 7/1 0.0 0.2 -0.2 MM
SNOWDEPTH AVG. MM MM
DAYS >= TRACE 0 0.0 0.0 0
DAYS >= 1.0 0 0.0 0.0 0
GREATEST
SNOW DEPTH MM MM MM
24 HR TOTAL MM MM
DEGREE DAYS
HEATING TOTAL 158 279 -121 189
SINCE 7/1 1053 1335 -282 MM
COOLING TOTAL 47 25 22 114
SINCE 1/1 53 38 15 MM
................................................................
WIND (MPH)
AVERAGE WIND SPEED 8.0
HIGHEST WIND SPEED/DIRECTION 29/280 DATE 02/12
HIGHEST GUST SPEED/DIRECTION 44/010 DATE 02/28
SKY COVER
POSSIBLE SUNSHINE (PERCENT) MM
AVERAGE SKY COVER 0.38
NUMBER OF DAYS FAIR 14
NUMBER OF DAYS PC 10
NUMBER OF DAYS CLOUDY 5
AVERAGE RH (PERCENT) 61
WEATHER CONDITIONS. NUMBER OF DAYS WITH
THUNDERSTORM 2 MIXED PRECIP 0
HEAVY RAIN 2 RAIN 3
LIGHT RAIN 9 FREEZING RAIN 0
LT FREEZING RAIN 0 HAIL 0
HEAVY SNOW 0 SNOW 0
LIGHT SNOW 0 SLEET 0
FOG 12 FOG W/VIS <= 1/4 MILE 1
HAZE 2
- INDICATES NEGATIVE NUMBERS.
R INDICATES RECORD WAS SET OR TIED.
MM INDICATES DATA IS MISSING.
T INDICATES TRACE AMOUNT.
$$