538
CXUS54 KLIX 091413
CLMBTR


CLIMATE REPORT
NATIONAL WEATHER SERVICE NEW ORLEANS
910 AM CDT MON MAY 9 2016

...................................

...THE BATON ROUGE  ASOS CLIMATE SUMMARY FOR THE MONTH OF APRIL 2016...

CLIMATE NORMAL PERIOD 1981 TO 2010
CLIMATE RECORD PERIOD 1894 TO 2016

WEATHER         OBSERVED          NORMAL  DEPART  LAST YEAR`S
                 VALUE   DATE(S)  VALUE   FROM    VALUE  DATE(S)
                                          NORMAL
................................................................
TEMPERATURE (F)
RECORD
 HIGH             120   04/06/2009
 LOW               31   04/13/1940
HIGHEST            89   04/29                         87  04/08
                                                          04/02
LOWEST             41   04/03                         52  04/30
                                                          04/29
                                                          04/05
AVG. MAXIMUM     79.8              79.3     0.5     80.1
AVG. MINIMUM     59.0              56.8     2.2     62.6
MEAN             69.4              68.1     1.3     71.3
DAYS MAX >= 90      0               0.2    -0.2        0
DAYS MAX <= 32      0               0.0     0.0        0
DAYS MIN <= 32      0               0.0     0.0        0
DAYS MIN <= 0       0               0.0     0.0        0

PRECIPITATION (INCHES)
RECORD
 MAXIMUM
 MINIMUM
TOTALS           4.74              4.46    0.28     8.08
DAILY AVG.       0.16              0.15    0.01     0.27
DAYS >= .01        11               7.5     3.5       16
DAYS >= .10         9               4.9     4.1       10
DAYS >= .50         2               2.5    -0.5        6
DAYS >= 1.00        2               1.5     0.5        3
GREATEST
 24 HR. TOTAL    1.62   04/30 TO 04/30

SNOWFALL (INCHES)
RECORDS
 TOTAL
 24 HR TOTAL
 SNOW DEPTH
TOTALS            0.0               0.0     0.0      0.0
SINCE 7/1         0.0               0.1    -0.1        T
SNOWDEPTH AVG.      0                                  0
DAYS >= TRACE       0               0.0     0.0        0
DAYS >= 1.0         0               0.0     0.0        0
GREATEST
 SNOW DEPTH         0                                  0
 24 HR TOTAL      0.0

DEGREE_DAYS
HEATING TOTAL      19                51     -32        6
 SINCE 7/1       1079              1553    -474     1641
COOLING TOTAL     159               142      17      204
 SINCE 1/1        273               231      42      311
.................................................

WIND (MPH)
AVERAGE WIND SPEED              7.4
HIGHEST WIND SPEED/DIRECTION    29/270    DATE  04/21
HIGHEST GUST SPEED/DIRECTION    45/200    DATE  04/21

SKY COVER
POSSIBLE SUNSHINE (PERCENT)
AVERAGE SKY COVER           0.40
NUMBER OF DAYS FAIR           13
NUMBER OF DAYS PC             11
NUMBER OF DAYS CLOUDY          6

AVERAGE RH (PERCENT)     69

WEATHER CONDITIONS. NUMBER OF DAYS WITH
THUNDERSTORM              0     MIXED PRECIP               0
HEAVY RAIN                6     RAIN                       7
LIGHT RAIN               13     FREEZING RAIN              0
LT FREEZING RAIN          0     HAIL                       0
HEAVY SNOW                0     SNOW                       0
LIGHT SNOW                0     SLEET                      0
FOG                      17     FOG W/VIS <= 1/4 MILE      2
HAZE                      6

-  INDICATES NEGATIVE NUMBERS.
R  INDICATES RECORD WAS SET OR TIED.
MM INDICATES DATA IS MISSING.
T  INDICATES TRACE AMOUNT.

$$

24/RR
