000
CXUS54 KLIX 041534
CLMBTR


CLIMATE REPORT
NATIONAL WEATHER SERVICE NEW ORLEANS
930 AM CST SUN JAN 4 2015

...................................

...THE BATON ROUGE  ASOS CLIMATE SUMMARY FOR THE MONTH OF DECEMBER 2014...

CLIMATE NORMAL PERIOD 1981 TO 2010
CLIMATE RECORD PERIOD 1894 TO 2014

WEATHER         OBSERVED          NORMAL  DEPART  LAST YEAR`S
                 VALUE   DATE(S)  VALUE   FROM    VALUE  DATE(S)
                                          NORMAL
................................................................
TEMPERATURE (F)
RECORD
 HIGH              88   12/08/1924
 LOW                8   12/23/1989
HIGHEST            82   12/05                         84  12/05
LOWEST             32   12/25                         27  12/24
AVG. MAXIMUM     66.7              64.1     2.6     62.1
AVG. MINIMUM     45.3              42.7     2.6     42.0
MEAN             56.0              53.4     2.6     52.0
DAYS MAX >= 90      0               0.0     0.0        0
DAYS MAX <= 32      0               0.1    -0.1        0
DAYS MIN <= 32      1               4.9    -3.9        6
DAYS MIN <= 0       0               0.0     0.0        0

PRECIPITATION (INCHES)
RECORD
 MAXIMUM
 MINIMUM
TOTALS           5.67              5.60    0.07     3.72
DAILY AVG.       0.18              0.18    0.00     0.12
DAYS >= .01         9               9.1    -0.1        8
DAYS >= .10         5               6.7    -1.7        4
DAYS >= .50         3               3.4    -0.4        3
DAYS >= 1.00        3               1.8     1.2        1
GREATEST
 24 HR. TOTAL    2.44   12/19 TO 12/20


SNOWFALL (INCHES)
RECORDS
 TOTAL
 24 HR TOTAL
 SNOW DEPTH
TOTALS            0.0               0.0     0.0      0.0
SINCE 7/1         0.0               0.0     0.0      0.0
SNOWDEPTH AVG.      0                                  0
DAYS >= TRACE       0               0.0     0.0        0
DAYS >= 1.0         0               0.0     0.0        0
GREATEST
 SNOW DEPTH         0                                  0
 24 HR TOTAL      0.0   12/31 TO 12/31

DEGREE_DAYS
HEATING TOTAL     284               381     -97      437
 SINCE 7/1        625               616       9      724
COOLING TOTAL      14                22      -8       44
 SINCE 1/1       2694              2823    -129     2710
..................................................

WIND (MPH)
AVERAGE WIND SPEED              5.4
HIGHEST WIND SPEED/DIRECTION    30/280    DATE  12/23
HIGHEST GUST SPEED/DIRECTION    41/280    DATE  12/23

SKY COVER
POSSIBLE SUNSHINE (PERCENT)
AVERAGE SKY COVER           0.50
NUMBER OF DAYS FAIR           12
NUMBER OF DAYS PC              9
NUMBER OF DAYS CLOUDY         10

AVERAGE RH (PERCENT)     76

WEATHER CONDITIONS. NUMBER OF DAYS WITH
THUNDERSTORM              0     MIXED PRECIP               0
HEAVY RAIN                4     RAIN                       4
LIGHT RAIN               10     FREEZING RAIN              0
LT FREEZING RAIN          0     HAIL                       0
HEAVY SNOW                0     SNOW                       0
LIGHT SNOW                0     SLEET                      0
FOG                      21     FOG W/VIS <= 1/4 MILE      4
HAZE                      9

-  INDICATES NEGATIVE NUMBERS.
R  INDICATES RECORD WAS SET OR TIED.
MM INDICATES DATA IS MISSING.
T  INDICATES TRACE AMOUNT.

$$
