000
CXUS54 KLIX 022355
CLMBTR


CLIMATE REPORT
NATIONAL WEATHER SERVICE NEW ORLEANS
653 PM CDT TUE SEP 2 2014

...................................

...THE BATON ROUGE  ASOS CLIMATE SUMMARY FOR THE MONTH OF AUGUST 2014...

CLIMATE NORMAL PERIOD 1981 TO 2010
CLIMATE RECORD PERIOD 1894 TO 2014

WEATHER         OBSERVED          NORMAL  DEPART  LAST YEAR`S
                 VALUE   DATE(S)  VALUE   FROM    VALUE  DATE(S)
                                          NORMAL
................................................................
TEMPERATURE (F)
RECORD
 HIGH             110   08/18/1909
 LOW               58   08/15/2004
HIGHEST            96   08/24                         96  08/10
                        08/23                             08/04
LOWEST             65   08/15                         66  08/29
                        08/14                             08/28
AVG. MAXIMUM     92.0              92.5    -0.5     90.9
AVG. MINIMUM     72.8              73.4    -0.6     72.7
MEAN             82.4              82.9    -0.5     81.8
DAYS MAX >= 90     25              24.3     0.7       21
DAYS MAX <= 32      0               0.0     0.0        0
DAYS MIN <= 32      0               0.0     0.0        0
DAYS MIN <= 0       0               0.0     0.0        0

PRECIPITATION (INCHES)
RECORD
 MAXIMUM
 MINIMUM
TOTALS           5.64              5.82   -0.18     3.36
DAILY AVG.       0.18              0.19   -0.01     0.11
DAYS >= .01        12              11.8     0.2        9
DAYS >= .10         8               7.7     0.3        6
DAYS >= .50         3               3.5    -0.5        2
DAYS >= 1.00        2               1.6     0.4        1
GREATEST
 24 HR. TOTAL    2.02   08/25 TO 08/25

SNOWFALL (INCHES)
RECORDS
 TOTAL
 24 HR TOTAL
 SNOW DEPTH
TOTALS            0.0               0.0     0.0      0.0
SINCE 7/1         0.0               0.0     0.0      0.0
SNOWDEPTH AVG.      0                                  0
DAYS >= TRACE       0               0.0     0.0        0
DAYS >= 1.0         0               0.0     0.0        0
GREATEST
 SNOW DEPTH         0                                  0
 24 HR TOTAL      0.0

DEGREE_DAYS
HEATING TOTAL       0                 0       0        0
 SINCE 7/1          0                 0       0        0
COOLING TOTAL     549               556      -7      529
 SINCE 1/1       2028              2161    -133     1968
..................................................

WIND (MPH)
AVERAGE WIND SPEED              4.4
HIGHEST WIND SPEED/DIRECTION    28/320    DATE  08/21
HIGHEST GUST SPEED/DIRECTION    44/310    DATE  08/21

SKY COVER
POSSIBLE SUNSHINE (PERCENT)   MM
AVERAGE SKY COVER           0.30
NUMBER OF DAYS FAIR           27
NUMBER OF DAYS PC              3
NUMBER OF DAYS CLOUDY          1

AVERAGE RH (PERCENT)     74

WEATHER CONDITIONS. NUMBER OF DAYS WITH
THUNDERSTORM              0     MIXED PRECIP               0
HEAVY RAIN                6     RAIN                       7
LIGHT RAIN               13     FREEZING RAIN              0
LT FREEZING RAIN          0     HAIL                       0
HEAVY SNOW                0     SNOW                       0
LIGHT SNOW                0     SLEET                      0
FOG                      15     FOG W/VIS <= 1/4 MILE      0
HAZE                      5

-  INDICATES NEGATIVE NUMBERS.
R  INDICATES RECORD WAS SET OR TIED.
MM INDICATES DATA IS MISSING.
T  INDICATES TRACE AMOUNT.

$$
