000
CXUS54 KLIX 040258
CLMBTR


CLIMATE REPORT
NATIONAL WEATHER SERVICE NEW ORLEANS
951 PM CDT MON JUL 3 2017

...................................

...THE BATON ROUGE  ASOS CLIMATE SUMMARY FOR THE MONTH OF JUNE 2017...

CLIMATE NORMAL PERIOD 1981 TO 2010
CLIMATE RECORD PERIOD 1894 TO 2017

WEATHER         OBSERVED          NORMAL  DEPART  LAST YEAR`S
                 VALUE   DATE(S)  VALUE   FROM    VALUE  DATE(S)
                                          NORMAL
................................................................
TEMPERATURE (F)
RECORD
 HIGH             103   06/02/2011
                        06/30/1954
                        06/29/1914
 LOW               53   06/01/1984
HIGHEST            92   06/30                         98  06/26
                        06/19
                        06/16
LOWEST             60   06/09                         69  06/08
                                                          06/05
                                                          06/01
AVG. MAXIMUM     87.4              90.9    -3.5     91.1
AVG. MINIMUM     71.0              71.4    -0.4     73.0
MEAN             79.2              81.1    -1.9     82.1
DAYS MAX >= 90     10              19.6    -9.6       22
DAYS MAX <= 32      0               0.0     0.0        0
DAYS MIN <= 32      0               0.0     0.0        0
DAYS MIN <= 0       0               0.0     0.0        0

PRECIPITATION (INCHES)
RECORD
 MAXIMUM
 MINIMUM
TOTALS           9.56              6.41    3.15     7.34
DAILY AVG.       0.32              0.21    0.11     0.24
DAYS >= .01        17              12.1     4.9       14
DAYS >= .10        10               8.6     1.4       12
DAYS >= .50         7               4.0     3.0        4
DAYS >= 1.00        3               1.8     1.2        2
GREATEST
 24 HR. TOTAL    2.04   06/01 TO 06/01

SNOWFALL (INCHES)
RECORDS
 TOTAL
 24 HR TOTAL
 SNOW DEPTH
TOTALS            0.0               0.0     0.0      0.0
SINCE 7/1         0.0               0.1    -0.1      0.0
SNOWDEPTH AVG.      0                                  0
DAYS >= TRACE       0               0.0     0.0        0
DAYS >= 1.0         0               0.0     0.0        0
GREATEST
 SNOW DEPTH         0                                  0
 24 HR TOTAL      0.0

DEGREE_DAYS
HEATING TOTAL       0                 0       0        0
 SINCE 7/1        809              1555    -746     1079
COOLING TOTAL     434               484     -50      517
 SINCE 1/1       1171              1049     122     1093
.................................................

WIND (MPH)
AVERAGE WIND SPEED              6.9
HIGHEST WIND SPEED/DIRECTION    31/180    DATE  06/22
HIGHEST GUST SPEED/DIRECTION    87/210    DATE  06/18

SKY COVER
POSSIBLE SUNSHINE (PERCENT)
AVERAGE SKY COVER           0.50
NUMBER OF DAYS FAIR           10
NUMBER OF DAYS PC             15
NUMBER OF DAYS CLOUDY          5

AVERAGE RH (PERCENT)     78

WEATHER CONDITIONS. NUMBER OF DAYS WITH
THUNDERSTORM              0     MIXED PRECIP               0
HEAVY RAIN               11     RAIN                       9
LIGHT RAIN               15     FREEZING RAIN              0
LT FREEZING RAIN          0     HAIL                       0
HEAVY SNOW                0     SNOW                       0
LIGHT SNOW                0     SLEET                      0
FOG                      22     FOG W/VIS <= 1/4 MILE      2
HAZE                      3

-  INDICATES NEGATIVE NUMBERS.
R  INDICATES RECORD WAS SET OR TIED.
MM INDICATES DATA IS MISSING.
T  INDICATES TRACE AMOUNT.

$$
