000
CXAK56 PAFG 011003
CF6BTT
PRELIMINARY LOCAL CLIMATOLOGICAL DATA (WS FORM: F-6)
STATION: BETTLES AK
MONTH: FEBRUARY
YEAR: 2023
LATITUDE: 66 55 N
LONGITUDE: 151 31 W
TEMPERATURE IN F: :PCPN: SNOW: WIND :SUNSHINE: SKY :PK WND
================================================================================
1 2 3 4 5 6A 6B 7 8 9 10 11 12 13 14 15 16 17 18
12Z AVG MX 2MIN
DY MAX MIN AVG DEP HDD CDD WTR SNW DPTH SPD SPD DIR MIN PSBL S-S WX SPD DR
================================================================================
1 -4 -16 -10 -2 75 0 0.00 M 24 1.7 7 20 M M 6 8 30
2 -7 -29 -18 -11 83 0 0.00 M 24 3.1 7 20 M M 3 10 320
3 -11 -27 -19 -12 84 0 0.00 M 24 5.1 10 330 M M 4 12 310
4 -4 -14 -9 -2 74 0 0.00 M 24 5.0 9 340 M M 6 18 12 320
5 -6 -16 -11 -5 76 0 0.00 M 24 7.6 13 350 M M 1 17 360
6 0 -14 -7 -1 72 0 0.00 M 24 6.2 12 320 M M 2 17 350
7 -8 -20 -14 -9 79 0 0.00 M 24 4.8 9 330 M M 6 12 330
8 -3 -17 -10 -5 75 0 0.00 M 24 2.2 8 320 M M 9 1 9 320
9 -9 -33 -21 -16 86 0 0.00 M M 0.5 7 340 M M 3 10 350
10 -4 -36 -20 -16 85 0 0.00 M 24 3.5 12 360 M M 1 18 360
11 -4 -20 -12 -8 77 0 0.00 M 24 4.0 9 350 M M 2 12 330
12 -11 -27 -19 -15 84 0 0.00 M 24 2.2 8 20 M M 3 9 20
13 -7 -26 -16 -13 81 0 0.00 M 24 3.5 8 10 M M 6 10 30
14 -4 -13 -8 -5 73 0 0.00 M M 3.8 7 350 M M 7 1 10 350
15 0 -18 -9 -6 74 0 0.00 M 24 1.5 8 320 M M 7 1 9 320
16 5 -17 -6 -3 71 0 0.00 M M 1.3 7 320 M M 9 1 9 330
17 8 -8 0 2 65 0 0.00 M 24 1.2 7 350 M M 9 1 8 350
18 14 -5 5 7 60 0 0.05 M 25 1.2 8 30 M M 10 1 M M
19 9 -3 3 5 62 0 0.00 M 27 4.3 10 220 M M 10 1 13 210
20 4 -19 -7 -5 72 0 0.00 M 27 1.7 7 320 M M 8 9 320
21 4 -32 -14 -12 79 0 0.00 M 26 5.3 12 10 M M 2 19 10
22 12 -4 4 5 61 0 0.10 M 26 7.2 10 40 M M 10 1 17 50
23 27 12 20 21 45 0 0.79 M 28 5.2 16 210 M M 10 12 30 210
24 26 7 17 18 48 0 T M 35 8.3 14 220 M M 6 1 22 220
25 14 -7 4 5 61 0 0.00 M 34 4.5 13 220 M M 8 1 17 210
26 -6 -39 -22 -21 87 0 0.00 M 35 4.7 10 150 M M 5 1 14 140
27 -12 -45 -28 -27 93 0 0.00 M 34 1.2 6 10 M M 0 18 7 20
28 3 -33 -15 -15 80 0 0.00 M 34 7.3 15 350 M M 6 1 19 350
================================================================================
SM 26 -519 2062 0 0.94 M 108.1 M 159
================================================================================
AV 0.9-18.5 3.9 FASTST M M 6 MAX(MPH)
MISC ----> 16 210 30 210
================================================================================
NOTES:
# LAST OF SEVERAL OCCURRENCES
COLUMN 17 PEAK WIND IN M.P.H.
PRELIMINARY LOCAL CLIMATOLOGICAL DATA (WS FORM: F-6) , PAGE 2
STATION: BETTLES AK
MONTH: FEBRUARY
YEAR: 2023
LATITUDE: 66 55 N
LONGITUDE: 151 31 W
[TEMPERATURE DATA] [PRECIPITATION DATA] SYMBOLS USED IN COLUMN 16
AVERAGE MONTHLY: -8.8 TOTAL FOR MONTH: 0.94 1 = FOG OR MIST
DPTR FM NORMAL: -5.4 DPTR FM NORMAL: -0.02 2 = FOG REDUCING VISIBILITY
HIGHEST: 27 ON 23 GRTST 24HR 0.79 ON 23-23 TO 1/4 MILE OR LESS
LOWEST: -45 ON 27 3 = THUNDER
SNOW, ICE PELLETS, HAIL 4 = ICE PELLETS
TOTAL MONTH: M 5 = HAIL
GRTST 24HR M ON M 6 = FREEZING RAIN OR DRIZZLE
GRTST DEPTH: 35 ON 26,24 7 = DUSTSTORM OR SANDSTORM:
VSBY 1/2 MILE OR LESS
8 = SMOKE OR HAZE
[NO. OF DAYS WITH] [WEATHER - DAYS WITH] 9 = BLOWING SNOW
X = TORNADO
MAX 32 OR BELOW: 28 0.01 INCH OR MORE: 3
MAX 90 OR ABOVE: 0 0.10 INCH OR MORE: 2
MIN 32 OR BELOW: 28 0.50 INCH OR MORE: 1
MIN 0 OR BELOW: 26 1.00 INCH OR MORE: 0
[HDD (BASE 65) ]
TOTAL THIS MO. 2062 CLEAR (SCALE 0-3) 7
DPTR FM NORMAL 147 PTCLDY (SCALE 4-7) 14
TOTAL FM JUL 1 10594 CLOUDY (SCALE 8-10) 7
DPTR FM NORMAL -439
[CDD (BASE 65) ]
TOTAL THIS MO. 0
DPTR FM NORMAL 0 [PRESSURE DATA]
TOTAL FM JAN 1 0 HIGHEST SLP M ON M
DPTR FM NORMAL 0 LOWEST SLP 29.21 ON 28
[REMARKS]
#FINAL-02-23#