000
CXUS56 KLOX 020030 RRA
CF6BUR
PRELIMINARY LOCAL CLIMATOLOGICAL DATA (WS FORM: F-6)
STATION: HOLLYWOOD/BURBANK AIRPORT CA
MONTH: NOVEMBER
YEAR: 2021
LATITUDE: 34 12 N
LONGITUDE: 118 22 W
TEMPERATURE IN F: :PCPN: SNOW: WIND :SUNSHINE: SKY :PK WND
================================================================================
1 2 3 4 5 6A 6B 7 8 9 10 11 12 13 14 15 16 17 18
12Z AVG MX 2MIN
DY MAX MIN AVG DEP HDD CDD WTR SNW DPTH SPD SPD DIR MIN PSBL S-S WX SPD DR
================================================================================
1 67 54 61 -4 4 0 0.00 M M 2.1 9 170 M M 0 18 12 180
2 71 51 61 -4 4 0 0.00 M M 3.6 10 180 M M 0 18 14 180
3 85 53 69 5 0 4 0.00 M M 3.3 12 140 M M 0 18 16 130
4 80 52 66 2 0 1 0.00 M M 3.4 12 120 M M 3 128 16 110
5 84 54 69 5 0 4 0.00 M M 4.4 13 110 M M 1 18 20 90
6 72 51 62 -2 3 0 0.00 M M 5.0 10 130 M M 4 128 16 180
7 70 51 61 -2 4 0 0.00 M M 3.8 12 120 M M 4 128 17 130
8 70 53 62 -1 3 0 0.00 M M 4.0 12 160 M M 3 18 15 80
9 71 51 61 -2 4 0 0.00 M M 3.4 13 250 M M 1 18 15 250
10 80 53 67 5 0 2 0.00 M M 3.5 13 120 M M 0 8 14 120
11 90 57 74 12 0 9 0.00 M M 4.6 17 320 M M 0 8 21 320
12 94 65 80 18 0 15 0.00 M M 4.2 16 340 M M 0 20 330
13 92 60 76 14 0 11 0.00 M M 2.4 9 180 M M 0 11 260
14 93 57 75 14 0 10 0.00 M M 2.2 9 310 M M 0 12 160
15 88 56 72 11 0 7 0.00 M M 2.7 10 120 M M 0 17 100
16 73 53 63 2 2 0 0.00 M M 4.6 12 180 M M 1 128 21 110
17 72 53 63 3 2 0 0.00 M M 3.1 12 160 M M 3 8 14 170
18 73 51 62 2 3 0 0.00 M M 2.4 9 120 M M 0 128 14 120
19 69 51 60 0 5 0 0.00 M M 2.8 9 190 M M 5 128 14 170
20 71 51 61 2 4 0 0.00 M M 2.7 8 120 M M 4 128 16 110
21 86 52 69 10 0 4 0.00 M M 4.4 15 10 M M 0 8 18 30
22 84 53 69 10 0 4 0.00 M M 2.6 10 350 M M 0 17 270
23 76 56 66 8 0 1 0.00 M M 3.5 13 180 M M 0 16 110
24 78 49 64 6 1 0 0.00 M M 8.1 47 360 M M 0 66 360
25 80 53 67 9 0 2 0.00 M M 11.2 51 20 M M 0 65 30
26 78 47 63 5 2 0 0.00 M M 3.5 12 110 M M 0 15 90
27 80 49 65 8 0 0 0.00 M M 2.1 9 180 M M 0 11 170
28 87 49 68 11 0 3 0.00 M M 1.9 9 310 M M 0 12 310
29 85 53 69 12 0 4 0.00 M M 1.2 8 140 M M 0 10 140
30 81 52 67 10 0 2 0.00 M M 2.1 12 120 M M 0 8 16 100
================================================================================
SM 2380 1590 41 83 0.00 M 108.8 M 29
================================================================================
AV 79.3 53.0 3.6 FASTST M M 1 MAX(MPH)
MISC ----> 51 20 66 360
================================================================================
NOTES:
# LAST OF SEVERAL OCCURRENCES
COLUMN 17 PEAK WIND IN M.P.H.
PRELIMINARY LOCAL CLIMATOLOGICAL DATA (WS FORM: F-6) , PAGE 2
STATION: HOLLYWOOD/BURBANK AIRPORT CA
MONTH: NOVEMBER
YEAR: 2021
LATITUDE: 34 12 N
LONGITUDE: 118 22 W
[TEMPERATURE DATA] [PRECIPITATION DATA] SYMBOLS USED IN COLUMN 16
AVERAGE MONTHLY: 66.2 TOTAL FOR MONTH: 0.00 1 = FOG OR MIST
DPTR FM NORMAL: 5.5 DPTR FM NORMAL: -0.69 2 = FOG REDUCING VISIBILITY
HIGHEST: 94 ON 12 GRTST 24HR 0.00 ON 1- 1 TO 1/4 MILE OR LESS
LOWEST: 47 ON 26 3 = THUNDER
SNOW, ICE PELLETS, HAIL 4 = ICE PELLETS
TOTAL MONTH: M 5 = HAIL
GRTST 24HR M ON M 6 = FREEZING RAIN OR DRIZZLE
GRTST DEPTH: M ON M 7 = DUSTSTORM OR SANDSTORM:
VSBY 1/2 MILE OR LESS
8 = SMOKE OR HAZE
[NO. OF DAYS WITH] [WEATHER - DAYS WITH] 9 = BLOWING SNOW
X = TORNADO
MAX 32 OR BELOW: 0 0.01 INCH OR MORE: 0
MAX 90 OR ABOVE: 4 0.10 INCH OR MORE: 0
MIN 32 OR BELOW: 0 0.50 INCH OR MORE: 0
MIN 0 OR BELOW: 0 1.00 INCH OR MORE: 0
[HDD (BASE 65) ]
TOTAL THIS MO. 41 CLEAR (SCALE 0-3) 25
DPTR FM NORMAL -116 PTCLDY (SCALE 4-7) 5
TOTAL FM JUL 1 85 CLOUDY (SCALE 8-10) 0
DPTR FM NORMAL -107
[CDD (BASE 65) ]
TOTAL THIS MO. 83
DPTR FM NORMAL 54 [PRESSURE DATA]
TOTAL FM JAN 1 1674 HIGHEST SLP 30.25 ON 25
DPTR FM NORMAL 195 LOWEST SLP 29.86 ON 23
[REMARKS]
#FINAL-11-21#