000
CXUS56 KLOX 011155
CF6BUR
PRELIMINARY LOCAL CLIMATOLOGICAL DATA (WS FORM: F-6)
STATION: HOLLYWOOD/BURBANK AIRPORT CA
MONTH: OCTOBER
YEAR: 2021
LATITUDE: 34 12 N
LONGITUDE: 118 22 W
TEMPERATURE IN F: :PCPN: SNOW: WIND :SUNSHINE: SKY :PK WND
================================================================================
1 2 3 4 5 6A 6B 7 8 9 10 11 12 13 14 15 16 17 18
12Z AVG MX 2MIN
DY MAX MIN AVG DEP HDD CDD WTR SNW DPTH SPD SPD DIR MIN PSBL S-S WX SPD DR
================================================================================
1 92 59 76 4 0 11 0.00 M M 3.2 13 170 M M 0 16 200
2 94 59 77 6 0 12 0.00 M M 3.6 13 200 M M 0 17 200
3 96 60 78 7 0 13 0.00 M M 3.8 15 160 M M 0 24 170
4 91 66 79 8 0 14 0.07 M M 5.9 23 330 M M 2 3 33 110
5 80 65 73 2 0 8 0.01 M M 7.0 13 190 M M 3 17 140
6 75 61 68 -2 0 3 0.00 M M 4.9 12 190 M M 3 18 14 160
7 70 61 66 -4 0 1 0.00 M M 6.1 14 190 M M 10 8 17 220
8 70 58 64 -6 1 0 T M M 5.4 15 160 M M 6 18 180
9 72 52 62 -8 3 0 0.00 M M 3.9 14 160 M M 0 19 170
10 82 53 68 -2 0 3 0.00 M M 3.5 13 220 M M 0 17 210
11 73 54 64 -6 1 0 0.00 M M 10.0 36 350 M M 4 8 46 360
12 73 53 63 -6 2 0 0.00 M M 10.7 29 340 M M 0 42 330
13 76 47 62 -7 3 0 0.00 M M 3.1 14 200 M M 0 16 180
14 78 49 64 -5 1 0 0.00 M M 3.5 12 190 M M 0 16 190
15 87 53 70 1 0 5 0.00 M M 3.2 13 180 M M 0 16 170
16 89 56 73 5 0 8 0.00 M M 4.0 10 150 M M 0 16 80
17 77 52 65 -3 0 0 0.00 M M 6.2 16 160 M M 0 8 20 180
18 66 55 61 -7 4 0 0.03 M M 6.4 14 140 M M 6 1 19 160
19 71 49 60 -8 5 0 0.00 M M 2.3 12 130 M M 0 16 160
20 76 50 63 -5 2 0 0.00 M M 2.8 12 150 M M 0 16 140
21 82 51 67 0 0 2 0.00 M M 2.8 12 180 M M 0 17 80
22 71 51 61 -6 4 0 0.00 M M 5.1 13 180 M M 3 128 16 170
23 69 60 65 -2 0 0 0.00 M M 5.8 13 130 M M 8 18 17 140
24 70 58 64 -3 1 0 0.00 M M 3.9 10 200 M M 4 15 200
25 59 51 55 -12 10 0 0.64 M M 6.9 20 130 M M 7 1 26 100
26 73 46 60 -6 5 0 0.00 M M 5.7 17 330 M M 0 25 310
27 84 52 68 2 0 3 0.00 M M 1.9 8 360 M M 0 12 210
28 90 58 74 8 0 9 0.00 M M 2.5 12 160 M M 0 19 240
29 87 60 74 8 0 9 0.00 M M 3.7 12 160 M M 0 14 170
30 74 55 65 -1 0 0 0.00 M M 5.3 10 140 M M 3 128 13 180
31 68 57 63 -2 2 0 0.00 M M 4.4 10 160 M M 5 18 14 220
================================================================================
SM 2415 1711 44 101 0.75 M 147.5 M 64
================================================================================
AV 77.9 55.2 4.8 FASTST M M 2 MAX(MPH)
MISC ----> 36 350 46 360
================================================================================
NOTES:
# LAST OF SEVERAL OCCURRENCES
COLUMN 17 PEAK WIND IN M.P.H.
PRELIMINARY LOCAL CLIMATOLOGICAL DATA (WS FORM: F-6) , PAGE 2
STATION: HOLLYWOOD/BURBANK AIRPORT CA
MONTH: OCTOBER
YEAR: 2021
LATITUDE: 34 12 N
LONGITUDE: 118 22 W
[TEMPERATURE DATA] [PRECIPITATION DATA] SYMBOLS USED IN COLUMN 16
AVERAGE MONTHLY: 66.5 TOTAL FOR MONTH: 0.75 1 = FOG OR MIST
DPTR FM NORMAL: -1.9 DPTR FM NORMAL: 0.15 2 = FOG REDUCING VISIBILITY
HIGHEST: 96 ON 3 GRTST 24HR 0.64 ON 25-25 TO 1/4 MILE OR LESS
LOWEST: 46 ON 26 3 = THUNDER
SNOW, ICE PELLETS, HAIL 4 = ICE PELLETS
TOTAL MONTH: M 5 = HAIL
GRTST 24HR M ON M 6 = FREEZING RAIN OR DRIZZLE
GRTST DEPTH: M ON M 7 = DUSTSTORM OR SANDSTORM:
VSBY 1/2 MILE OR LESS
8 = SMOKE OR HAZE
[NO. OF DAYS WITH] [WEATHER - DAYS WITH] 9 = BLOWING SNOW
X = TORNADO
MAX 32 OR BELOW: 0 0.01 INCH OR MORE: 4
MAX 90 OR ABOVE: 5 0.10 INCH OR MORE: 1
MIN 32 OR BELOW: 0 0.50 INCH OR MORE: 1
MIN 0 OR BELOW: 0 1.00 INCH OR MORE: 0
[HDD (BASE 65) ]
TOTAL THIS MO. 44 CLEAR (SCALE 0-3) 22
DPTR FM NORMAL 10 PTCLDY (SCALE 4-7) 7
TOTAL FM JUL 1 44 CLOUDY (SCALE 8-10) 2
DPTR FM NORMAL 9
[CDD (BASE 65) ]
TOTAL THIS MO. 101
DPTR FM NORMAL -40 [PRESSURE DATA]
TOTAL FM JAN 1 1591 HIGHEST SLP 30.16 ON 27
DPTR FM NORMAL 141 LOWEST SLP 29.57 ON 11
[REMARKS]
#FINAL-10-21#