000
CXUS54 KTSA 311127
CF6BVO
PRELIMINARY LOCAL CLIMATOLOGICAL DATA (WS FORM: F-6)
STATION: BARTLESVILLE OKLAHOMA
MONTH: JULY
YEAR: 2022
LATITUDE: 36 45 N
LONGITUDE: 96 0 W
TEMPERATURE IN F: :PCPN: SNOW: WIND :SUNSHINE: SKY :PK WND
================================================================================
1 2 3 4 5 6A 6B 7 8 9 10 11 12 13 14 15 16 17 18
12Z AVG MX 2MIN
DY MAX MIN AVG DEP HDD CDD WTR SNW DPTH SPD SPD DIR MIN PSBL S-S WX SPD DR
================================================================================
1 96 64 80 1 0 15 0.00 0.0 M 4.1 14 150 M M 0 1 22 140
2 96 69 83 3 0 18 0.00 0.0 M 4.0 12 140 M M 1 20 190
3 96 71 84 4 0 19 T 0.0 M 4.2 16 140 M M 2 1 22 140
4 101 72 87 7 0 22 0.00 0.0 M 8.0 16 170 M M 0 1 26 160
5 101 72 87 7 0 22 0.00 0.0 M 8.2 17 200 M M 0 27 170
6 104 74 89 9 0 24 0.00 0.0 M 7.2 16 160 M M 0 24 210
7 105 73 89 9 0 24 0.00 0.0 M 6.9 17 160 M M 0 24 200
8 100 77 89 9 0 24 0.00 0.0 M 5.4 15 20 M M 1 8 23 30
9 94 71 83 3 0 18 0.00 0.0 M 6.1 16 20 M M 1 18 25 20
10 97 65 81 1 0 16 0.00 0.0 M 3.7 9 150 M M 0 17 170
11 101 64 83 3 0 18 0.00 0.0 M 4.3 15 220 M M 0 21 220
12 89 64 77 -4 0 12 0.00 0.0 M 7.6 17 20 M M 0 23 10
13 98 63 81 0 0 16 0.00 0.0 M 3.3 14 50 M M 0 19 80
14 101 59 80 -1 0 15 0.00 0.0 M 4.2 15 140 M M 0 22 160
15 103 68 86 5 0 21 0.00 0.0 M 6.4 21 160 M M 0 31 150
16 104 79 92 11 0 27 0.00 0.0 M 8.1 17 170 M M 0 25 220
17 104 75 90 9 0 25 0.01 0.0 M 6.3 16 30 M M 1 23 40
18 99 66 83 2 0 18 0.00 0.0 M 4.8 15 30 M M 0 20 10
19 110 59 85 4 0 20 0.00 0.0 M 2.9 13 140 M M 0 8 17 150
20 106 76 91 10 0 26 0.00 0.0 M 4.5 15 20 M M 0 3 22 30
21 103 69 86 5 0 21 0.00 0.0 M 3.7 26 170 M M 0 36 170
22 103 70 87 6 0 22 0.00 0.0 M 6.8 22 170 M M 0 31 170
23 103 71 87 6 0 22 0.00 0.0 M 7.3 20 160 M M 0 28 160
24 107 79 93 12 0 28 0.00 0.0 M 7.3 18 200 M M 0 27 200
25 105 76 91 10 0 26 0.00 0.0 M 7.1 17 170 M M 1 24 200
26 110 82 96 15 0 31 0.00 0.0 M 7.4 16 170 M M 0 25 170
27 100 75 88 7 0 23 0.00 0.0 M 5.4 22 20 M M 1 27 10
28 94 72 83 2 0 18 0.37 0.0 M 4.6 17 20 M M 2 1 25 300
29 86 72 79 -2 0 14 T 0.0 M 5.2 13 20 M M 4 16 30
30 81 65 73 -8 0 8 1.54 0.0 M 2.7 13 230 M M 7 13 20 220
31 90 72 81 0 0 16 0.01 0.0 M 5.6 15 160 M M 5 1 20 160
================================================================================
SM 3087 2184 0 629 1.93 0.0 173.3 M 26
================================================================================
AV 99.6 70.5 5.6 FASTST M M 1 MAX(MPH)
MISC ----> 26 170 36 170
================================================================================
NOTES:
# LAST OF SEVERAL OCCURRENCES
COLUMN 17 PEAK WIND IN M.P.H.
PRELIMINARY LOCAL CLIMATOLOGICAL DATA (WS FORM: F-6) , PAGE 2
STATION: BARTLESVILLE OKLAHOMA
MONTH: JULY
YEAR: 2022
LATITUDE: 36 45 N
LONGITUDE: 96 0 W
[TEMPERATURE DATA] [PRECIPITATION DATA] SYMBOLS USED IN COLUMN 16
AVERAGE MONTHLY: 85.0 TOTAL FOR MONTH: 1.93 1 = FOG OR MIST
DPTR FM NORMAL: 4.4 DPTR FM NORMAL: -1.72 2 = FOG REDUCING VISIBILITY
HIGHEST: 110 ON 26,19 GRTST 24HR 1.54 ON 29-30 TO 1/4 MILE OR LESS
LOWEST: 59 ON 19,14 3 = THUNDER
SNOW, ICE PELLETS, HAIL 4 = ICE PELLETS
TOTAL MONTH: 0.0 INCH 5 = HAIL
GRTST 24HR 0.0 6 = FREEZING RAIN OR DRIZZLE
GRTST DEPTH: M ON M 7 = DUSTSTORM OR SANDSTORM:
VSBY 1/2 MILE OR LESS
8 = SMOKE OR HAZE
[NO. OF DAYS WITH] [WEATHER - DAYS WITH] 9 = BLOWING SNOW
X = TORNADO
MAX 32 OR BELOW: 0 0.01 INCH OR MORE: 4
MAX 90 OR ABOVE: 28 0.10 INCH OR MORE: 2
MIN 32 OR BELOW: 0 0.50 INCH OR MORE: 1
MIN 0 OR BELOW: 0 1.00 INCH OR MORE: 1
[HDD (BASE 65) ]
TOTAL THIS MO. 0 CLEAR (SCALE 0-3) 28
DPTR FM NORMAL 0 PTCLDY (SCALE 4-7) 3
TOTAL FM JUL 1 0 CLOUDY (SCALE 8-10) 0
DPTR FM NORMAL 0
[CDD (BASE 65) ]
TOTAL THIS MO. 629
DPTR FM NORMAL 145 [PRESSURE DATA]
TOTAL FM JAN 1 1244 HIGHEST SLP 30.18 ON 30
DPTR FM NORMAL 254 LOWEST SLP 29.76 ON 26
[REMARKS]
#FINAL-07-22#