000
CXUS54 KTSA 010850
CF6BVO
PRELIMINARY LOCAL CLIMATOLOGICAL DATA (WS FORM: F-6)
STATION: BARTLESVILLE OKLAHOMA
MONTH: JULY
YEAR: 2021
LATITUDE: 36 45 N
LONGITUDE: 96 0 W
TEMPERATURE IN F: :PCPN: SNOW: WIND :SUNSHINE: SKY :PK WND
================================================================================
1 2 3 4 5 6A 6B 7 8 9 10 11 12 13 14 15 16 17 18
12Z AVG MX 2MIN
DY MAX MIN AVG DEP HDD CDD WTR SNW DPTH SPD SPD DIR MIN PSBL S-S WX SPD DR
================================================================================
1 83 71 77 -2 0 12 0.05 0.0 M 2.2 12 10 M M 6 1 17 360
2 88 62 75 -5 0 10 0.00 0.0 M 5.9 15 60 M M 2 1 23 90
3 88 59 74 -6 0 9 0.00 0.0 M 0.7 8 170 M M 1 1 12 190
4 88 64 76 -4 0 11 0.00 0.0 M 2.5 10 160 M M 1 1 17 150
5 88 61 75 -5 0 10 0.00 0.0 M 2.2 9 150 M M 1 18 14 160
6 89 62 76 -4 0 11 0.00 0.0 M 1.5 10 130 M M 1 1 15 190
7 90 65 78 -2 0 13 0.03 0.0 M 2.4 10 230 M M 2 138 17 250
8 92 68 80 0 0 15 0.00 0.0 M 1.6 8 30 M M 1 1 13 100
9 92 70 81 1 0 16 0.00 0.0 M 6.7 18 210 M M 0 1 26 220
10 92 68 80 0 0 15 3.07 0.0 M 5.9 43 360 M M 4 1238 61 10
11 81 63 72 -8 0 7 T 0.0 M 2.5 15 360 M M 5 1 27 10
12 84 63 74 -7 0 9 0.00 0.0 M 1.5 10 360 M M 1 1 15 360
13 91 60 76 -5 0 11 0.00 0.0 M 4.9 16 170 M M 1 1 22 220
14 90 69 80 -1 0 15 0.00 0.0 M 7.2 18 200 M M 0 29 190
15 89 73 81 0 0 16 T 0.0 M 7.7 17 210 M M 2 25 180
16 88 67 78 -3 0 13 0.27 0.0 M 6.1 16 50 M M 7 13 26 300
17 88 70 79 -2 0 14 0.61 0.0 M 5.1 23 160 M M 5 13 34 170
18 88 69 79 -2 0 14 0.00 0.0 M 3.8 10 40 M M 5 1 16 110
19 87 69 78 -3 0 13 0.00 0.0 M 5.2 14 10 M M 1 21 10
20 86 65 76 -5 0 11 0.00 0.0 M 4.0 14 60 M M 1 1 19 40
21 88 62 75 -6 0 10 0.00 0.0 M 2.4 10 170 M M 1 18 13 160
22 90 63 77 -4 0 12 0.00 0.0 M 2.7 12 140 M M 0 18 17 170
23 93 67 80 -1 0 15 0.00 0.0 M 3.8 14 170 M M 1 1 21 150
24 95 69 82 1 0 17 0.00 0.0 M 3.3 12 170 M M 0 1 17 140
25 96 71 84 3 0 19 1.22 0.0 M 2.5 24 20 M M 2 1238 36 40
26 93 70 82 1 0 17 0.00 0.0 M 1.6 10 160 M M 1 1 16 80
27 96 71 84 3 0 19 0.00 0.0 M 1.5 8 170 M M 0 18 11 180
28 94 72 83 2 0 18 0.00 0.0 M 2.9 10 150 M M 0 1 19 140
29 97 71 84 3 0 19 0.00 0.0 M 2.0 10 220 M M 0 1 15 210
30 97 68 83 2 0 18 0.00 0.0 M 1.7 9 160 M M 0 1 18 190
31 98 71 85 4 0 20 0.07 0.0 M 4.1 12 160 M M 1 13 17 260
================================================================================
SM 2799 2073 0 429 5.32 0.0 108.1 M 53
================================================================================
AV 90.3 66.9 3.5 FASTST M M 2 MAX(MPH)
MISC ----> 43 360 61 10
================================================================================
NOTES:
# LAST OF SEVERAL OCCURRENCES
COLUMN 17 PEAK WIND IN M.P.H.
PRELIMINARY LOCAL CLIMATOLOGICAL DATA (WS FORM: F-6) , PAGE 2
STATION: BARTLESVILLE OKLAHOMA
MONTH: JULY
YEAR: 2021
LATITUDE: 36 45 N
LONGITUDE: 96 0 W
[TEMPERATURE DATA] [PRECIPITATION DATA] SYMBOLS USED IN COLUMN 16
AVERAGE MONTHLY: 78.6 TOTAL FOR MONTH: 5.32 1 = FOG OR MIST
DPTR FM NORMAL: -2.0 DPTR FM NORMAL: 1.67 2 = FOG REDUCING VISIBILITY
HIGHEST: 98 ON 31 GRTST 24HR 3.07 ON 10-10 TO 1/4 MILE OR LESS
LOWEST: 59 ON 3 3 = THUNDER
SNOW, ICE PELLETS, HAIL 4 = ICE PELLETS
TOTAL MONTH: 0.0 INCH 5 = HAIL
GRTST 24HR 0.0 6 = FREEZING RAIN OR DRIZZLE
GRTST DEPTH: M ON M 7 = DUSTSTORM OR SANDSTORM:
VSBY 1/2 MILE OR LESS
8 = SMOKE OR HAZE
[NO. OF DAYS WITH] [WEATHER - DAYS WITH] 9 = BLOWING SNOW
X = TORNADO
MAX 32 OR BELOW: 0 0.01 INCH OR MORE: 7
MAX 90 OR ABOVE: 16 0.10 INCH OR MORE: 4
MIN 32 OR BELOW: 0 0.50 INCH OR MORE: 3
MIN 0 OR BELOW: 0 1.00 INCH OR MORE: 2
[HDD (BASE 65) ]
TOTAL THIS MO. 0 CLEAR (SCALE 0-3) 25
DPTR FM NORMAL 0 PTCLDY (SCALE 4-7) 6
TOTAL FM JUL 1 0 CLOUDY (SCALE 8-10) 0
DPTR FM NORMAL 0
[CDD (BASE 65) ]
TOTAL THIS MO. 429
DPTR FM NORMAL -55 [PRESSURE DATA]
TOTAL FM JAN 1 888 HIGHEST SLP 30.14 ON 22
DPTR FM NORMAL -102 LOWEST SLP 29.77 ON 10
[REMARKS]
#FINAL-07-21#