000
CXUS53 KLMK 172123
CLMBWG
CLIMATE REPORT
NATIONAL WEATHER SERVICE LOUISVILLE KY
523 PM EDT THU AUG 17 2023
...................................
...THE BOWLING GREEN KY CLIMATE SUMMARY FOR THE MONTH OF JULY 2023...
CLIMATE NORMAL PERIOD 1991 TO 2020
CLIMATE RECORD PERIOD 1870 TO 2023
WEATHER OBSERVED NORMAL DEPART LAST YEAR`S
VALUE DATE(S) VALUE FROM VALUE DATE(S)
NORMAL
................................................................
TEMPERATURE (F)
RECORD
HIGH 113 07/28/1930
LOW 46 07/23/1947
HIGHEST 97 07/28 MM MM 101 07/05
07/06
LOWEST 60 07/10 MM MM 68 07/13
07/14
07/15
AVG. MAXIMUM 89.1 89.7 -0.6 91.9
AVG. MINIMUM 70.8 69.7 1.1 72.9
MEAN 80.0 79.7 0.3 82.4
DAYS MAX >= 90 14 16.3 -2.3 23
DAYS MAX <= 32 0 0.0 0.0 0
DAYS MIN <= 32 0 0.0 0.0 0
DAYS MIN <= 0 0 0.0 0.0 0
PRECIPITATION (INCHES)
RECORD
MAXIMUM 11.12 2016
MINIMUM 0.17 1901
TOTALS 5.12 4.26 0.86 5.87
DAILY AVG. 0.17 0.14 0.03 0.19
DAYS >= .01 11 11.1 -0.1 11
DAYS >= .10 8 7.4 0.6 9
DAYS >= .50 3 2.9 0.1 4
DAYS >= 1.00 3 1.2 1.8 2
GREATEST
24 HR. TOTAL 1.82 07/01 TO 07/02
SNOWFALL (INCHES)
RECORDS
TOTAL 0.0 5
TOTALS 0.0 0.0 0.0 0.0
SINCE 7/1 0.0 0.0 0.0 MM
SNOWDEPTH AVG. 0 0
DAYS >= 1.0 0 0.0 0.0 0
GREATEST
SNOW DEPTH 0 0 MM
DEGREE DAYS
HEATING TOTAL 0 0 0 0
SINCE 7/1 0 0 0 MM
COOLING TOTAL 472 456 16 548
SINCE 1/1 926 990 -64 MM
................................................................
WIND (MPH)
AVERAGE WIND SPEED 5.1
HIGHEST WIND SPEED/DIRECTION 25/270 DATE 07/18
25/290 07/29
HIGHEST GUST SPEED/DIRECTION 45/310 DATE 07/29
SKY COVER
POSSIBLE SUNSHINE (PERCENT) MM
AVERAGE SKY COVER 0.24
NUMBER OF DAYS FAIR 9
NUMBER OF DAYS PC 4
NUMBER OF DAYS CLOUDY 0
AVERAGE RH (PERCENT) 70
WEATHER CONDITIONS. NUMBER OF DAYS WITH
THUNDERSTORM 6 MIXED PRECIP 0
HEAVY RAIN 2 RAIN 5
LIGHT RAIN 5 FREEZING RAIN 0
LT FREEZING RAIN 0 HAIL 0
HEAVY SNOW 0 SNOW 0
LIGHT SNOW 0 SLEET 0
FOG 6 FOG W/VIS <= 1/4 MILE 0
HAZE 1
- INDICATES NEGATIVE NUMBERS.
R INDICATES RECORD WAS SET OR TIED.
MM INDICATES DATA IS MISSING.
T INDICATES TRACE AMOUNT.
$$