000
CXUS55 KPIH 012233
CF6BYI
PRELIMINARY LOCAL CLIMATOLOGICAL DATA (WS FORM: F-6)
STATION: BURLEY
MONTH: JULY
YEAR: 2022
LATITUDE: 42 32 N
LONGITUDE: 113 46 W
TEMPERATURE IN F: :PCPN: SNOW: WIND :SUNSHINE: SKY :PK WND
================================================================================
1 2 3 4 5 6A 6B 7 8 9 10 11 12 13 14 15 16 17 18
12Z AVG MX 2MIN
DY MAX MIN AVG DEP HDD CDD WTR SNW DPTH SPD SPD DIR MIN PSBL S-S WX SPD DR
================================================================================
1 89 51 70 2 0 5 0.00 M M 3.0 12 250 M M 0 8 18 330
2 90 54 72 4 0 7 T M M 6.7 20 260 M M 1 3 25 260
3 84 53 69 1 0 4 0.00 M M 5.8 14 260 M M 0 20 260
4 83 52 68 -1 0 3 0.00 M M 5.4 15 260 M M 0 24 260
5 88 49 69 0 0 4 0.00 M M 5.6 12 10 M M 0 18 30
6 89 51 70 0 0 5 0.00 M M 3.3 12 260 M M 0 16 330
7 92 56 74 4 0 9 0.00 M M 4.5 10 340 M M 0 15 330
8 94 55 75 5 0 10 0.00 M M 4.6 9 250 M M 0 14 20
9 88 55 72 2 0 7 0.00 M M 5.7 16 270 M M 0 22 260
10 85 55 70 -1 0 5 0.00 M M 8.8 16 230 M M 0 25 300
11 85 50 68 -3 0 3 0.00 M M 4.6 13 230 M M 0 18 230
12 93 50 72 1 0 7 0.00 M M 2.6 8 130 M M 0 13 320
13 96 62 79 7 0 14 T M M 6.7 18 210 M M 0 38 24 210
14 93 62 78 6 0 13 T M M 4.9 21 230 M M 0 3 36 230
15 95 63 79 7 0 14 0.00 M M 6.4 20 200 M M 0 29 200
16 97 67 82 10 0 17 0.00 M M 7.0 18 200 M M 0 25 200
17 95 64 80 8 0 15 0.00 M M 7.9 22 210 M M 1 33 200
18 86 61 74 2 0 9 T M M 12.9 25 190 M M 1 36 190
19 90 53 72 -1 0 7 0.00 M M 4.6 16 200 M M 0 23 200
20 91 60 76 3 0 11 0.00 M M 7.3 20 190 M M 0 25 190
21 95 55 75 2 0 10 0.00 M M 3.5 9 210 M M 0 14 210
22 88 55 72 -1 0 7 0.00 M M 5.5 17 260 M M 0 25 270
23 90 58 74 1 0 9 0.00 M M 4.5 14 70 M M 0 19 70
24 88 55 72 -1 0 7 0.00 M M 7.3 15 270 M M 0 23 250
25 87 49 68 -5 0 3 0.00 M M 4.7 14 270 M M 0 20 270
26 91 53 72 -1 0 7 0.00 M M 6.1 15 260 M M 0 23 250
27 92 57 75 2 0 10 0.00 M M 6.5 16 250 M M 0 22 250
28 95 55 75 2 0 10 0.00 M M 4.0 18 30 M M 0 8 30 40
29 94 60 77 4 0 12 0.00 M M 4.0 17 220 M M 0 25 210
30 94 56 75 2 0 10 0.00 M M 4.4 12 260 M M 0 18 17 270
31 99 54 77 4 0 12 0.00 M M 3.2 9 350 M M 0 8 15 340
================================================================================
SM 2816 1730 0 266 T M 172.0 M 3
================================================================================
AV 90.8 55.8 5.5 FASTST M M 0 MAX(MPH)
MISC ----> 25 190 # 36 230
================================================================================
NOTES:
# LAST OF SEVERAL OCCURRENCES
COLUMN 17 PEAK WIND IN M.P.H.
PRELIMINARY LOCAL CLIMATOLOGICAL DATA (WS FORM: F-6) , PAGE 2
STATION: BURLEY
MONTH: JULY
YEAR: 2022
LATITUDE: 42 32 N
LONGITUDE: 113 46 W
[TEMPERATURE DATA] [PRECIPITATION DATA] SYMBOLS USED IN COLUMN 16
AVERAGE MONTHLY: 73.3 TOTAL FOR MONTH: T 1 = FOG OR MIST
DPTR FM NORMAL: 1.8 DPTR FM NORMAL: -0.26 2 = FOG REDUCING VISIBILITY
HIGHEST: 99 ON 31 GRTST 24HR T ON 2- 2 TO 1/4 MILE OR LESS
LOWEST: 49 ON 25, 5 3 = THUNDER
SNOW, ICE PELLETS, HAIL 4 = ICE PELLETS
TOTAL MONTH: M 5 = HAIL
GRTST 24HR M ON M 6 = FREEZING RAIN OR DRIZZLE
GRTST DEPTH: M ON M 7 = DUSTSTORM OR SANDSTORM:
VSBY 1/2 MILE OR LESS
8 = SMOKE OR HAZE
[NO. OF DAYS WITH] [WEATHER - DAYS WITH] 9 = BLOWING SNOW
X = TORNADO
MAX 32 OR BELOW: 0 0.01 INCH OR MORE: 0
MAX 90 OR ABOVE: 19 0.10 INCH OR MORE: 0
MIN 32 OR BELOW: 0 0.50 INCH OR MORE: 0
MIN 0 OR BELOW: 0 1.00 INCH OR MORE: 0
[HDD (BASE 65) ]
TOTAL THIS MO. 0 CLEAR (SCALE 0-3) 31
DPTR FM NORMAL -10 PTCLDY (SCALE 4-7) 0
TOTAL FM JUL 1 0 CLOUDY (SCALE 8-10) 0
DPTR FM NORMAL -7
[CDD (BASE 65) ]
TOTAL THIS MO. 266
DPTR FM NORMAL 54 [PRESSURE DATA]
TOTAL FM JAN 1 316 HIGHEST SLP 30.15 ON 11
DPTR FM NORMAL 33 LOWEST SLP 29.59 ON 3
[REMARKS]
#FINAL-07-22#