000
CXUS55 KPIH 020626
CF6BYI
PRELIMINARY LOCAL CLIMATOLOGICAL DATA (WS FORM: F-6)
STATION: BURLEY
MONTH: JULY
YEAR: 2021
LATITUDE: 42 32 N
LONGITUDE: 113 46 W
TEMPERATURE IN F: :PCPN: SNOW: WIND :SUNSHINE: SKY :PK WND
================================================================================
1 2 3 4 5 6A 6B 7 8 9 10 11 12 13 14 15 16 17 18
12Z AVG MX 2MIN
DY MAX MIN AVG DEP HDD CDD WTR SNW DPTH SPD SPD DIR MIN PSBL S-S WX SPD DR
================================================================================
1 93 60 77 9 0 12 0.00 M M 5.9 18 200 M M 0 24 180
2 95 60 78 10 0 13 0.00 M M 4.2 10 200 M M 0 13 190
3 98 58 78 10 0 13 0.00 M M 5.1 20 250 M M 0 28 250
4 92 59 76 7 0 11 T M M 4.6 26 260 M M 0 8 40 270
5 91 58 75 6 0 10 0.00 M M 3.4 12 90 M M 0 16 80
6 98 56 77 7 0 12 0.00 M M 6.0 25 200 M M 0 8 36 190
7 99 63 81 11 0 16 0.00 M M 5.9 23 180 M M 0 34 180
8 94 59 77 7 0 12 0.00 M M 5.1 12 250 M M 0 19 270
9 89 54 72 2 0 7 0.00 M M 9.4 21 260 M M 1 30 250
10 93 49 71 0 0 6 0.00 M M 2.1 8 160 M M 0 11 220
11 94 53 74 3 0 9 0.00 M M 6.2 16 260 M M 0 8 27 280
12 98 57 78 7 0 13 0.00 M M 3.4 8 200 M M 0 8 11 190
13 92 57 75 3 0 10 0.00 M M 8.8 18 260 M M 0 8 28 260
14 92 52 72 0 0 7 0.00 M M 4.6 16 80 M M 0 8 22 70
15 96 59 78 6 0 13 T M M 7.2 17 210 M M 0 8 22 210
16 95 64 80 8 0 15 0.00 M M 5.2 15 240 M M 0 21 240
17 93 58 76 4 0 11 T M M 5.6 31 240 M M 0 38 47 270
18 100 57 79 7 0 14 0.00 M M 3.6 17 270 M M 0 26 270
19 89 67 78 5 0 13 T M M 6.0 26 260 M M 3 41 250
20 86 63 75 2 0 10 T M M 5.5 15 230 M M 2 21 260
21 96 59 78 5 0 13 0.05 M M 4.7 20 120 M M 1 38 31 70
22 90 61 76 3 0 11 0.01 M M 4.6 23 250 M M 1 3 29 250
23 90 58 74 1 0 9 0.00 M M 7.4 13 260 M M 0 8 20 280
24 90 51 71 -2 0 6 0.00 M M 6.4 13 270 M M 1 8 20 260
25 89 53 71 -2 0 6 0.00 M M 4.5 10 260 M M 0 8 17 290
26 99 54 77 4 0 12 0.00 M M 3.5 18 230 M M 0 8 25 230
27 94 68 81 8 0 16 0.67 M M 7.2 31 260 M M 3 38 52 250
28 89 69 79 6 0 14 T M M 9.6 25 210 M M 2 3 36 200
29 93 66 80 7 0 15 T M M 4.2 16 50 M M 1 24 60
30 91 67 79 6 0 14 T M M 8.1 22 200 M M 1 38 27 150
31 89 65 77 4 0 12 T M M 7.4 22 70 M M 3 3 34 70
================================================================================
SM 2887 1834 0 355 0.73 M 175.4 M 19
================================================================================
AV 93.1 59.2 5.7 FASTST M M 1 MAX(MPH)
MISC ----> # 31 240 52 250
================================================================================
NOTES:
# LAST OF SEVERAL OCCURRENCES
COLUMN 17 PEAK WIND IN M.P.H.
PRELIMINARY LOCAL CLIMATOLOGICAL DATA (WS FORM: F-6) , PAGE 2
STATION: BURLEY
MONTH: JULY
YEAR: 2021
LATITUDE: 42 32 N
LONGITUDE: 113 46 W
[TEMPERATURE DATA] [PRECIPITATION DATA] SYMBOLS USED IN COLUMN 16
AVERAGE MONTHLY: 76.1 TOTAL FOR MONTH: 0.73 1 = FOG OR MIST
DPTR FM NORMAL: 4.6 DPTR FM NORMAL: 0.47 2 = FOG REDUCING VISIBILITY
HIGHEST: 100 ON 18 GRTST 24HR 0.67 ON 27-27 TO 1/4 MILE OR LESS
LOWEST: 49 ON 10 3 = THUNDER
SNOW, ICE PELLETS, HAIL 4 = ICE PELLETS
TOTAL MONTH: M 5 = HAIL
GRTST 24HR M ON M 6 = FREEZING RAIN OR DRIZZLE
GRTST DEPTH: M ON M 7 = DUSTSTORM OR SANDSTORM:
VSBY 1/2 MILE OR LESS
8 = SMOKE OR HAZE
[NO. OF DAYS WITH] [WEATHER - DAYS WITH] 9 = BLOWING SNOW
X = TORNADO
MAX 32 OR BELOW: 0 0.01 INCH OR MORE: 3
MAX 90 OR ABOVE: 25 0.10 INCH OR MORE: 1
MIN 32 OR BELOW: 0 0.50 INCH OR MORE: 1
MIN 0 OR BELOW: 0 1.00 INCH OR MORE: 0
[HDD (BASE 65) ]
TOTAL THIS MO. 0 CLEAR (SCALE 0-3) 31
DPTR FM NORMAL -10 PTCLDY (SCALE 4-7) 0
TOTAL FM JUL 1 0 CLOUDY (SCALE 8-10) 0
DPTR FM NORMAL -7
[CDD (BASE 65) ]
TOTAL THIS MO. 355
DPTR FM NORMAL 143 [PRESSURE DATA]
TOTAL FM JAN 1 575 HIGHEST SLP 30.11 ON 10
DPTR FM NORMAL 292 LOWEST SLP 29.68 ON 7
[REMARKS]
27TH: PRECIP OF 0.67" BREAKS PREVIOUS RECORD OF 0.07" SET IN 2015
#FINAL-07-21#