000
CXUS55 KPIH 011100
CF6BYI
PRELIMINARY LOCAL CLIMATOLOGICAL DATA (WS FORM: F-6)
STATION: BURLEY
MONTH: OCTOBER
YEAR: 2023
LATITUDE: 42 32 N
LONGITUDE: 113 46 W
TEMPERATURE IN F: :PCPN: SNOW: WIND :SUNSHINE: SKY :PK WND
================================================================================
1 2 3 4 5 6A 6B 7 8 9 10 11 12 13 14 15 16 17 18
12Z AVG MX 2MIN
DY MAX MIN AVG DEP HDD CDD WTR SNW DPTH SPD SPD DIR MIN PSBL S-S WX SPD DR
================================================================================
1 50 44 47 -8 18 0 M M M 4.3 12 260 M M 10 1 16 250
2 55 43 49 -6 16 0 T M M 8.7 16 230 M M 9 23 280
3 56 47 52 -2 13 0 0.24 M M 9.8 17 250 M M 10 1 25 250
4 61 46 54 0 11 0 0.00 M M 8.8 20 250 M M 5 28 290
5 67 40 54 0 11 0 0.00 M M 2.5 9 250 M M 0 12 230
6 71 40 56 3 9 0 0.00 M M 3.5 12 70 M M 0 1 15 50
7 73 41 57 4 8 0 0.00 M M 5.0 12 60 M M 0 16 60
8 78 42 60 8 5 0 0.00 M M 4.6 12 180 M M 0 15 180
9 82 46 64 12 1 0 0.00 M M 6.7 14 200 M M 1 8 23 280
10 67 45 56 4 9 0 T M M 5.5 18 280 M M 3 30 310
11 53 43 48 -3 17 0 0.05 M M 13.6 28 260 M M 5 1 47 260
12 56 41 49 -2 16 0 0.00 M M 11.8 22 260 M M 8 37 270
13 62 35 49 -1 16 0 0.00 M M 3.7 14 120 M M 2 21 130
14 68 41 55 5 10 0 0.00 M M 5.3 18 200 M M 1 23 190
15 73 39 56 6 9 0 0.00 M M 4.9 12 60 M M 0 16 40
16 78 41 60 11 5 0 0.00 M M 6.8 16 50 M M 0 20 40
17 68 49 59 10 6 0 0.00 M M 11.3 20 220 M M 0 27 240
18 69 40 55 7 10 0 0.00 M M 3.9 16 240 M M 0 24 250
19 78 38 58 10 7 0 0.00 M M 5.0 14 200 M M 0 20 200
20 77 40 59 11 6 0 0.00 M M 2.6 7 220 M M 0 9 190
21 72 40 56 9 9 0 0.00 M M 2.5 8 200 M M 0 11 190
22 76 39 58 11 7 0 T M M 5.1 17 250 M M 0 25 260
23 59 48 54 8 11 0 0.02 M M 9.4 21 250 M M 6 29 260
24 61 42 52 6 13 0 0.00 M M 8.3 18 210 M M 0 24 210
25 56 34 45 -1 20 0 0.22 M M 9.3 25 260 M M 8 1 41 270
26 44 28 36 -9 29 0 T M M 13.6 31 250 M M 4 53 250
27 48 25 37 -8 28 0 0.00 M M 4.3 14 250 M M 1 20 260
28 37 25 31 -13 34 0 0.00 M M 7.6 16 240 M M 5 22 270
29 41 20 31 -13 34 0 0.00 M M 3.2 15 60 M M 2 17 60
30 46 18 32 -12 33 0 0.00 M M 1.4 8 280 M M 0 11 280
31 57 21 39 -4 26 0 0.00 M M 3.7 13 70 M M 0 17 50
================================================================================
SM 1939 1181 447 0 0.53 M 196.7 M 80
================================================================================
AV 62.5 38.1 6.3 FASTST M M 3 MAX(MPH)
MISC ----> 31 250 53 250
================================================================================
NOTES:
# LAST OF SEVERAL OCCURRENCES
COLUMN 17 PEAK WIND IN M.P.H.
PRELIMINARY LOCAL CLIMATOLOGICAL DATA (WS FORM: F-6) , PAGE 2
STATION: BURLEY
MONTH: OCTOBER
YEAR: 2023
LATITUDE: 42 32 N
LONGITUDE: 113 46 W
[TEMPERATURE DATA] [PRECIPITATION DATA] SYMBOLS USED IN COLUMN 16
AVERAGE MONTHLY: 50.3 TOTAL FOR MONTH: 0.53 1 = FOG OR MIST
DPTR FM NORMAL: 1.2 DPTR FM NORMAL: -0.27 2 = FOG REDUCING VISIBILITY
HIGHEST: 82 ON 9 GRTST 24HR 0.24 ON 3- 3 TO 1/4 MILE OR LESS
LOWEST: 18 ON 30 3 = THUNDER
SNOW, ICE PELLETS, HAIL 4 = ICE PELLETS
TOTAL MONTH: M 5 = HAIL
GRTST 24HR M ON M 6 = FREEZING RAIN OR DRIZZLE
GRTST DEPTH: M ON M 7 = DUSTSTORM OR SANDSTORM:
VSBY 1/2 MILE OR LESS
8 = SMOKE OR HAZE
[NO. OF DAYS WITH] [WEATHER - DAYS WITH] 9 = BLOWING SNOW
X = TORNADO
MAX 32 OR BELOW: 0 0.01 INCH OR MORE: 4
MAX 90 OR ABOVE: 0 0.10 INCH OR MORE: 2
MIN 32 OR BELOW: 6 0.50 INCH OR MORE: 0
MIN 0 OR BELOW: 0 1.00 INCH OR MORE: 0
[HDD (BASE 65) ]
TOTAL THIS MO. 447 CLEAR (SCALE 0-3) 21
DPTR FM NORMAL -45 PTCLDY (SCALE 4-7) 6
TOTAL FM JUL 1 581 CLOUDY (SCALE 8-10) 4
DPTR FM NORMAL -104
[CDD (BASE 65) ]
TOTAL THIS MO. 0
DPTR FM NORMAL -1 [PRESSURE DATA]
TOTAL FM JAN 1 472 HIGHEST SLP 30.61 ON 29
DPTR FM NORMAL -20 LOWEST SLP 29.52 ON 11
[REMARKS]
#FINAL-10-23#