000
CXUS51 KCLE 010800
CF6CAK
PRELIMINARY LOCAL CLIMATOLOGICAL DATA (WS FORM: F-6)
STATION: AKRON CANTON OH
MONTH: JULY
YEAR: 2023
LATITUDE: 40 55 N
LONGITUDE: 81 26 W
TEMPERATURE IN F: :PCPN: SNOW: WIND :SUNSHINE: SKY :PK WND
================================================================================
1 2 3 4 5 6A 6B 7 8 9 10 11 12 13 14 15 16 17 18
12Z AVG MX 2MIN
DY MAX MIN AVG DEP HDD CDD WTR SNW DPTH SPD SPD DIR MIN PSBL S-S WX SPD DR
================================================================================
1 80 70 75 2 0 10 0.19 0.0 0 6.1 14 250 M M 9 138 17 230
2 81 65 73 0 0 8 0.52 0.0 0 8.3 17 240 M M 10 13 23 230
3 81 64 73 0 0 8 0.05 0.0 0 6.3 15 310 M M 8 1 19 300
4 86 65 76 2 0 11 0.00 0.0 0 5.1 14 330 M M 5 128 16 330
5 89 64 77 3 0 12 0.00 0.0 0 3.8 12 270 M M 2 18 19 270
6 86 70 78 4 0 13 T 0.0 0 7.4 18 230 M M 6 21 260
7 82 62 72 -2 0 7 T 0.0 0 7.2 15 360 M M 6 1 18 360
8 80 59 70 -4 0 5 0.16 0.0 0 6.2 22 180 M M 6 1 26 180
9 79 59 69 -5 0 4 0.00 0.0 0 7.0 17 340 M M 8 12 23 340
10 82 55 69 -5 0 4 0.00 0.0 0 4.6 13 300 M M 2 1 16 260
11 85 61 73 -1 0 8 0.00 0.0 0 8.0 20 230 M M 3 26 270
12 85 68 77 3 0 12 T 0.0 0 10.4 20 220 M M 7 28 220
13 83 68 76 2 0 11 0.00 0.0 0 10.2 22 270 M M 5 27 280
14 86 63 75 1 0 10 0.00 0.0 0 3.6 13 270 M M 5 23 230
15 85 68 77 3 0 12 0.23 0.0 0 6.3 33 230 M M 9 13 47 220
16 82 66 74 0 0 9 T 0.0 0 6.8 17 300 M M 8 138 22 280
17 83 64 74 0 0 9 T 0.0 0 8.2 15 240 M M 8 138 19 260
18 81 61 71 -3 0 6 T 0.0 0 6.8 20 230 M M 6 18 25 220
19 84 59 72 -2 0 7 0.00 0.0 0 5.0 10 360 M M 4 17 360
20 87 64 76 2 0 11 1.20 0.0 0 9.4 28 340 M M 7 138 39 10
21 78 60 69 -5 0 4 0.00 0.0 0 8.6 18 310 M M 5 1 24 310
22 81 55 68 -6 0 3 T 0.0 0 3.7 14 280 M M 3 1 17 280
23 83 58 71 -3 0 6 0.00 0.0 0 6.1 26 280 M M 4 13 36 280
24 84 60 72 -2 0 7 0.00 0.0 0 6.5 15 230 M M 5 21 230
25 81 63 72 -2 0 7 0.00 0.0 0 5.6 12 250 M M 6 3 17 240
26 88 64 76 2 0 11 T 0.0 0 12.1 26 230 M M 4 138 39 240
27 87 71 79 5 0 14 0.15 0.0 0 8.4 24 230 M M 5 13 30 220
28 85 68 77 3 0 12 0.40 0.0 0 7.1 28 250 M M 5 13 42 250
29 80 64 72 -2 0 7 1.17 0.0 0 10.4 23 350 M M 7 138 32 350
30 80 57 69 -5 0 4 0.06 0.0 0 4.8 23 350 M M 4 13 30 20
31 77 54 66 -8 0 1 0.00 0.0 0 4.9 16 360 M M 2 1 19 10
================================================================================
SM 2571 1949 0 253 4.13 0.0 214.9 M 174
================================================================================
AV 82.9 62.9 6.9 FASTST M M 6 MAX(MPH)
MISC ----> 33 230 47 220
================================================================================
NOTES:
# LAST OF SEVERAL OCCURRENCES
COLUMN 17 PEAK WIND IN M.P.H.
PRELIMINARY LOCAL CLIMATOLOGICAL DATA (WS FORM: F-6) , PAGE 2
STATION: AKRON CANTON OH
MONTH: JULY
YEAR: 2023
LATITUDE: 40 55 N
LONGITUDE: 81 26 W
[TEMPERATURE DATA] [PRECIPITATION DATA] SYMBOLS USED IN COLUMN 16
AVERAGE MONTHLY: 72.9 TOTAL FOR MONTH: 4.13 1 = FOG OR MIST
DPTR FM NORMAL: -1.0 DPTR FM NORMAL: -0.01 2 = FOG REDUCING VISIBILITY
HIGHEST: 89 ON 5 GRTST 24HR 1.54 ON 28-29 TO 1/4 MILE OR LESS
LOWEST: 54 ON 31 3 = THUNDER
SNOW, ICE PELLETS, HAIL 4 = ICE PELLETS
TOTAL MONTH: 0.0 INCH 5 = HAIL
GRTST 24HR 0.0 6 = FREEZING RAIN OR DRIZZLE
GRTST DEPTH: 0 7 = DUSTSTORM OR SANDSTORM:
VSBY 1/2 MILE OR LESS
8 = SMOKE OR HAZE
[NO. OF DAYS WITH] [WEATHER - DAYS WITH] 9 = BLOWING SNOW
X = TORNADO
MAX 32 OR BELOW: 0 0.01 INCH OR MORE: 10
MAX 90 OR ABOVE: 0 0.10 INCH OR MORE: 8
MIN 32 OR BELOW: 0 0.50 INCH OR MORE: 3
MIN 0 OR BELOW: 0 1.00 INCH OR MORE: 2
[HDD (BASE 65) ]
TOTAL THIS MO. 0 CLEAR (SCALE 0-3) 4
DPTR FM NORMAL -2 PTCLDY (SCALE 4-7) 23
TOTAL FM JUL 1 0 CLOUDY (SCALE 8-10) 4
DPTR FM NORMAL 0
[CDD (BASE 65) ]
TOTAL THIS MO. 253
DPTR FM NORMAL -24 [PRESSURE DATA]
TOTAL FM JAN 1 368 HIGHEST SLP 30.16 ON 31
DPTR FM NORMAL -159 LOWEST SLP 29.72 ON 13
[REMARKS]
#FINAL-07-23#