000
CXUS51 KCLE 010800
CF6CAK
PRELIMINARY LOCAL CLIMATOLOGICAL DATA (WS FORM: F-6)
STATION: AKRON CANTON OH
MONTH: SEPTEMBER
YEAR: 2020
LATITUDE: 40 55 N
LONGITUDE: 81 26 W
TEMPERATURE IN F: :PCPN: SNOW: WIND :SUNSHINE: SKY :PK WND
================================================================================
1 2 3 4 5 6A 6B 7 8 9 10 11 12 13 14 15 16 17 18
12Z AVG MX 2MIN
DY MAX MIN AVG DEP HDD CDD WTR SNW DPTH SPD SPD DIR MIN PSBL S-S WX SPD DR
================================================================================
1 84 68 76 8 0 11 0.00 0.0 0 5.1 14 190 M M 8 18 20 230
2 84 68 76 8 0 11 0.37 0.0 0 9.6 21 280 M M 9 18 26 290
3 81 65 73 5 0 8 T 0.0 0 7.3 15 220 M M 7 12 19 230
4 76 59 68 1 0 3 0.00 0.0 0 6.8 16 290 M M 5 22 350
5 80 53 67 0 0 2 0.00 0.0 0 8.7 18 230 M M 3 25 230
6 78 56 67 0 0 2 0.00 0.0 0 6.2 17 190 M M 5 24 190
7 71 65 68 2 0 3 1.68 0.0 0 12.4 22 170 M M 8 138 28 210
8 86 65 76 10 0 11 T 0.0 0 6.5 15 170 M M 6 19 190
9 88 66 77 11 0 12 0.00 0.0 0 2.4 9 150 M M 2 18 13 130
10 80 64 72 7 0 7 0.00 0.0 0 6.9 15 360 M M 7 128 18 10
11 72 57 65 0 0 0 T 0.0 0 7.6 13 50 M M 8 1 16 50
12 84 56 70 5 0 5 0.00 0.0 0 10.0 16 190 M M 5 21 190
13 79 63 71 7 0 6 0.19 0.0 0 9.0 20 210 M M 9 1 28 210
14 70 51 61 -3 4 0 0.00 0.0 0 7.6 17 330 M M 4 22 330
15 70 48 59 -5 6 0 0.00 0.0 0 4.3 10 110 M M 5 1 13 110
16 75 48 62 -1 3 0 0.00 0.0 0 5.4 13 230 M M 5 1 18 210
17 71 55 63 0 2 0 0.00 0.0 0 8.0 16 40 M M 6 18 19 40
18 65 46 56 -6 9 0 0.00 0.0 0 11.0 21 10 M M 4 26 20
19 64 38 51 -11 14 0 0.00 0.0 0 7.3 15 100 M M 0 18 60
20 67 40 54 -8 11 0 0.00 0.0 0 7.3 13 50 M M 0 18 100
21 67 45 56 -5 9 0 0.00 0.0 0 6.6 13 130 M M 1 17 160
22 71 44 58 -3 7 0 0.00 0.0 0 3.2 8 290 M M 1 1 11 300
23 78 50 64 4 1 0 0.00 0.0 0 5.4 13 290 M M 4 17 280
24 78 58 68 8 0 3 0.00 0.0 0 3.8 13 220 M M 6 18 17 220
25 79 55 67 7 0 2 0.00 0.0 0 4.8 14 110 M M 1 18 17 110
26 79 56 68 9 0 3 0.00 0.0 0 8.0 16 200 M M 4 18 21 230
27 78 62 70 11 0 5 0.00 0.0 0 10.8 22 210 M M 4 28 210
28 78 54 66 8 0 1 0.55 0.0 0 11.0 26 220 M M 6 1 35 200
29 64 51 58 0 7 0 0.03 0.0 0 6.4 13 250 M M 9 1 17 260
30 64 48 56 -1 9 0 T 0.0 0 13.7 30 220 M M 7 41 220
================================================================================
SM 2261 1654 82 95 2.82 0.0 223.1 M 149
================================================================================
AV 75.4 55.1 7.4 FASTST M M 5 MAX(MPH)
MISC ----> 30 220 41 220
================================================================================
NOTES:
# LAST OF SEVERAL OCCURRENCES
COLUMN 17 PEAK WIND IN M.P.H.
PRELIMINARY LOCAL CLIMATOLOGICAL DATA (WS FORM: F-6) , PAGE 2
STATION: AKRON CANTON OH
MONTH: SEPTEMBER
YEAR: 2020
LATITUDE: 40 55 N
LONGITUDE: 81 26 W
[TEMPERATURE DATA] [PRECIPITATION DATA] SYMBOLS USED IN COLUMN 16
AVERAGE MONTHLY: 65.3 TOTAL FOR MONTH: 2.82 1 = FOG OR MIST
DPTR FM NORMAL: 2.2 DPTR FM NORMAL: -0.63 2 = FOG REDUCING VISIBILITY
HIGHEST: 88 ON 9 GRTST 24HR 1.68 ON 7- 7 TO 1/4 MILE OR LESS
LOWEST: 38 ON 19 3 = THUNDER
SNOW, ICE PELLETS, HAIL 4 = ICE PELLETS
TOTAL MONTH: 0.0 INCH 5 = HAIL
GRTST 24HR 0.0 6 = FREEZING RAIN OR DRIZZLE
GRTST DEPTH: 0 7 = DUSTSTORM OR SANDSTORM:
VSBY 1/2 MILE OR LESS
8 = SMOKE OR HAZE
[NO. OF DAYS WITH] [WEATHER - DAYS WITH] 9 = BLOWING SNOW
X = TORNADO
MAX 32 OR BELOW: 0 0.01 INCH OR MORE: 5
MAX 90 OR ABOVE: 0 0.10 INCH OR MORE: 4
MIN 32 OR BELOW: 0 0.50 INCH OR MORE: 2
MIN 0 OR BELOW: 0 1.00 INCH OR MORE: 1
[HDD (BASE 65) ]
TOTAL THIS MO. 82 CLEAR (SCALE 0-3) 7
DPTR FM NORMAL -37 PTCLDY (SCALE 4-7) 20
TOTAL FM JUL 1 82 CLOUDY (SCALE 8-10) 3
DPTR FM NORMAL -56
[CDD (BASE 65) ]
TOTAL THIS MO. 95
DPTR FM NORMAL 31 [PRESSURE DATA]
TOTAL FM JAN 1 1046 HIGHEST SLP 30.54 ON 21
DPTR FM NORMAL 400 LOWEST SLP 29.63 ON 28
[REMARKS]
#FINAL-09-20#