000
CXUS51 KCLE 010800
CF6CAK
PRELIMINARY LOCAL CLIMATOLOGICAL DATA (WS FORM: F-6)
STATION: AKRON CANTON OH
MONTH: MARCH
YEAR: 2020
LATITUDE: 40 55 N
LONGITUDE: 81 26 W
TEMPERATURE IN F: :PCPN: SNOW: WIND :SUNSHINE: SKY :PK WND
================================================================================
1 2 3 4 5 6A 6B 7 8 9 10 11 12 13 14 15 16 17 18
12Z AVG MX 2MIN
DY MAX MIN AVG DEP HDD CDD WTR SNW DPTH SPD SPD DIR MIN PSBL S-S WX SPD DR
================================================================================
1 48 18 33 1 32 0 0.00 0.0 T 11.4 21 180 M M 5 25 190
2 50 45 48 15 17 0 0.23 0.0 0 12.1 22 210 M M 10 1 27 220
3 54 39 47 14 18 0 0.31 0.0 0 12.9 35 260 M M 8 1238 51 260
4 47 33 40 7 25 0 0.02 0.0 0 10.3 21 300 M M 6 8 27 280
5 50 28 39 5 26 0 0.00 0.0 0 6.9 17 180 M M 3 8 21 260
6 41 30 36 2 29 0 0.08 T 0 12.8 28 340 M M 9 18 35 350
7 42 28 35 1 30 0 T T T 8.8 24 330 M M 5 8 30 340
8 60 29 45 10 20 0 0.00 0.0 0 12.0 21 200 M M 2 25 200
9 67 47 57 22 8 0 0.00 0.0 0 13.0 25 180 M M 7 35 180
10 60 33 47 12 18 0 0.24 0.0 0 13.3 26 310 M M 9 18 34 320
11 50 30 40 4 25 0 0.00 0.0 0 4.5 10 280 M M 8 18 14 230
12 60 41 51 15 14 0 0.01 0.0 0 6.0 20 190 M M 10 18 23 200
13 59 37 48 12 17 0 0.26 0.0 0 16.4 28 270 M M 7 1 37 290
14 42 31 37 0 28 0 0.08 0.9 0 5.7 16 10 M M 8 18 19 360
15 50 30 40 3 25 0 T T 1 10.7 16 20 M M 5 22 20
16 50 27 39 2 26 0 0.01 0.0 0 8.2 15 190 M M 6 18 220
17 44 35 40 2 25 0 T 0.0 0 7.5 16 310 M M 9 18 19 310
18 52 32 42 4 23 0 1.62 0.0 0 7.8 17 150 M M 9 18 21 150
19 65 44 55 17 10 0 0.43 0.0 0 9.3 25 220 M M 9 18 30 220
20 70 34 52 13 13 0 0.39 0.0 0 17.7 35 290 M M 10 138 48 290
21 34 25 30 -9 35 0 0.00 0.0 0 9.7 20 360 M M 9 24 10
22 48 21 35 -5 30 0 0.09 0.0 0 8.5 17 150 M M 5 25 150
23 47 38 43 3 22 0 0.04 0.0 0 8.5 15 310 M M 10 18 19 320
24 44 37 41 1 24 0 0.00 0.0 0 5.9 13 90 M M 10 15 90
25 62 40 51 10 14 0 0.14 0.0 0 5.4 14 120 M M 7 18 17 120
26 67 45 56 15 9 0 0.11 0.0 0 11.0 22 240 M M 7 18 26 240
27 56 47 52 10 13 0 0.32 0.0 0 6.0 14 70 M M 10 18 16 80
28 65 49 57 15 8 0 0.67 0.0 0 8.0 16 340 M M 10 138 21 90
29 72 53 63 21 2 0 0.39 0.0 0 19.4 37 230 M M 8 3 50 220
30 56 40 48 5 17 0 0.02 0.0 0 13.8 28 270 M M 10 18 35 270
31 46 39 43 0 22 0 0.01 0.0 0 6.3 14 20 M M 10 18 17 30
================================================================================
SM 1658 1105 625 0 5.47 0.9 309.8 M 241
================================================================================
AV 53.5 35.7 10.0 FASTST M M 8 MAX(MPH)
MISC ----> # 37 230 # 51 260
================================================================================
NOTES:
# LAST OF SEVERAL OCCURRENCES
COLUMN 17 PEAK WIND IN M.P.H.
PRELIMINARY LOCAL CLIMATOLOGICAL DATA (WS FORM: F-6) , PAGE 2
STATION: AKRON CANTON OH
MONTH: MARCH
YEAR: 2020
LATITUDE: 40 55 N
LONGITUDE: 81 26 W
[TEMPERATURE DATA] [PRECIPITATION DATA] SYMBOLS USED IN COLUMN 16
AVERAGE MONTHLY: 44.6 TOTAL FOR MONTH: 5.47 1 = FOG OR MIST
DPTR FM NORMAL: 7.0 DPTR FM NORMAL: 2.49 2 = FOG REDUCING VISIBILITY
HIGHEST: 72 ON 29 GRTST 24HR 1.62 ON 18-18 TO 1/4 MILE OR LESS
LOWEST: 18 ON 1 3 = THUNDER
SNOW, ICE PELLETS, HAIL 4 = ICE PELLETS
TOTAL MONTH: 0.9 INCH 5 = HAIL
GRTST 24HR 0.9 ON 14-14 6 = FREEZING RAIN OR DRIZZLE
GRTST DEPTH: 1 ON 15 7 = DUSTSTORM OR SANDSTORM:
VSBY 1/2 MILE OR LESS
8 = SMOKE OR HAZE
[NO. OF DAYS WITH] [WEATHER - DAYS WITH] 9 = BLOWING SNOW
X = TORNADO
MAX 32 OR BELOW: 0 0.01 INCH OR MORE: 21
MAX 90 OR ABOVE: 0 0.10 INCH OR MORE: 12
MIN 32 OR BELOW: 12 0.50 INCH OR MORE: 2
MIN 0 OR BELOW: 0 1.00 INCH OR MORE: 1
[HDD (BASE 65) ]
TOTAL THIS MO. 625 CLEAR (SCALE 0-3) 2
DPTR FM NORMAL -226 PTCLDY (SCALE 4-7) 12
TOTAL FM JUL 1 4425 CLOUDY (SCALE 8-10) 17
DPTR FM NORMAL -970
[CDD (BASE 65) ]
TOTAL THIS MO. 0
DPTR FM NORMAL 0 [PRESSURE DATA]
TOTAL FM JAN 1 0 HIGHEST SLP 30.59 ON 22
DPTR FM NORMAL 0 LOWEST SLP 29.44 ON 3
[REMARKS]
#FINAL-03-20#