000
CXUS55 KABQ 011331
CF6CAO
PRELIMINARY LOCAL CLIMATOLOGICAL DATA (WS FORM: F-6)
STATION: CLAYTON NM
MONTH: FEBRUARY
YEAR: 2023
LATITUDE: 36 27 N
LONGITUDE: 103 9 W
TEMPERATURE IN F: :PCPN: SNOW: WIND :SUNSHINE: SKY :PK WND
================================================================================
1 2 3 4 5 6A 6B 7 8 9 10 11 12 13 14 15 16 17 18
12Z AVG MX 2MIN
DY MAX MIN AVG DEP HDD CDD WTR SNW DPTH SPD SPD DIR MIN PSBL S-S WX SPD DR
================================================================================
1 50 8 29 -7 36 0 0.00 0.0 0 5.8 14 140 M M 0 1 18 120
2 51 18 35 -1 30 0 0.00 0.0 0 8.5 16 20 M M 0 20 20
3 58 23 41 5 24 0 0.00 0.0 0 15.7 24 200 M M 0 34 200
4 63 32 48 12 17 0 0.00 0.0 0 11.1 20 320 M M 0 32 320
5 66 27 47 11 18 0 0.00 0.0 0 10.4 18 200 M M 0 27 150
6 59 30 45 9 20 0 0.00 0.0 0 18.0 31 270 M M 0 40 280
7 46 28 37 1 28 0 0.00 0.0 0 11.7 24 10 M M 6 31 10
8 53 23 38 2 27 0 0.00 0.0 0 7.8 18 310 M M 2 24 320
9 33 23 28 -8 37 0 0.03 0.4 0 20.7 40 360 M M 7 1 53 10
10 42 9 26 -11 39 0 0.00 0.0 0 8.1 16 320 M M 1 20 320
11 60 17 39 2 26 0 0.00 0.0 0 15.6 26 200 M M 0 33 250
12 61 26 44 7 21 0 0.00 0.0 0 13.1 29 310 M M 0 39 330
13 57 26 42 5 23 0 0.00 0.0 0 13.5 25 170 M M 1 39 220
14 58 31 45 8 20 0 0.05 0.7 T 18.4 43 310 M M 4 1 56 300
15 31 8 20 -17 45 0 0.31 4.6 T 18.6 31 360 M M 7 12 46 20
16 25 6 16 -21 49 0 0.00 0.0 3 12.3 25 360 M M 0 34 320
17 41 12 27 -11 38 0 0.00 0.0 2 12.1 18 240 M M 0 27 240
18 50 23 37 -1 28 0 0.00 0.0 1 17.8 30 220 M M 1 42 230
19 58 31 45 7 20 0 0.00 0.0 0 17.0 31 260 M M 0 46 260
20 66 35 51 13 14 0 0.00 0.0 0 9.0 20 240 M M 0 27 230
21 69 29 49 11 16 0 T 0.0 0 19.2 44 220 M M 0 64 220
22 59 14 37 -2 28 0 T 0.0 0 16.6 46 210 M M 4 18 66 200
23 34 10 22 -17 43 0 0.00 0.0 0 10.9 22 140 M M 5 29 120
24 50 6 28 -11 37 0 0.00 0.0 0 11.2 30 200 M M 0 35 210
25 69 30 50 11 15 0 0.00 0.0 0 13.4 31 220 M M 0 41 220
26 70 34 52 12 13 0 0.03 0.0 0 20.5 48 190 M M 1 38 69 200
27 65 28 47 7 18 0 0.00 0.0 0 15.0 25 270 M M 0 37 260
28 61 30 46 6 19 0 0.00 0.0 0 20.0 43 250 M M 0 63 260
================================================================================
SM 1505 617 749 0 0.42 5.7 392.0 M 39
================================================================================
AV 53.8 22.0 14.0 FASTST M M 1 MAX(MPH)
MISC ----> 48 190 69 200
================================================================================
NOTES:
# LAST OF SEVERAL OCCURRENCES
COLUMN 17 PEAK WIND IN M.P.H.
PRELIMINARY LOCAL CLIMATOLOGICAL DATA (WS FORM: F-6) , PAGE 2
STATION: CLAYTON NM
MONTH: FEBRUARY
YEAR: 2023
LATITUDE: 36 27 N
LONGITUDE: 103 9 W
[TEMPERATURE DATA] [PRECIPITATION DATA] SYMBOLS USED IN COLUMN 16
AVERAGE MONTHLY: 37.9 TOTAL FOR MONTH: 0.42 1 = FOG OR MIST
DPTR FM NORMAL: 0.4 DPTR FM NORMAL: 0.12 2 = FOG REDUCING VISIBILITY
HIGHEST: 70 ON 26 GRTST 24HR 0.31 ON 15-15 TO 1/4 MILE OR LESS
LOWEST: 6 ON 24,16 3 = THUNDER
SNOW, ICE PELLETS, HAIL 4 = ICE PELLETS
TOTAL MONTH: 6.2 INCHES 5 = HAIL
GRTST 24HR 4.6 ON 15-15 6 = FREEZING RAIN OR DRIZZLE
GRTST DEPTH: 3 ON 16 7 = DUSTSTORM OR SANDSTORM:
VSBY 1/2 MILE OR LESS
8 = SMOKE OR HAZE
[NO. OF DAYS WITH] [WEATHER - DAYS WITH] 9 = BLOWING SNOW
X = TORNADO
MAX 32 OR BELOW: 2 0.01 INCH OR MORE: 4
MAX 90 OR ABOVE: 0 0.10 INCH OR MORE: 1
MIN 32 OR BELOW: 26 0.50 INCH OR MORE: 0
MIN 0 OR BELOW: 0 1.00 INCH OR MORE: 0
[HDD (BASE 65) ]
TOTAL THIS MO. 749 CLEAR (SCALE 0-3) 22
DPTR FM NORMAL -21 PTCLDY (SCALE 4-7) 6
TOTAL FM JUL 1 3685 CLOUDY (SCALE 8-10) 0
DPTR FM NORMAL 33
[CDD (BASE 65) ]
TOTAL THIS MO. 0
DPTR FM NORMAL 0 [PRESSURE DATA]
TOTAL FM JAN 1 0 HIGHEST SLP 30.57 ON 10
DPTR FM NORMAL 0 LOWEST SLP 29.08 ON 14
[REMARKS]
#FINAL-02-23#