000
CXUS51 KCAR 010700
CF6CAR
PRELIMINARY LOCAL CLIMATOLOGICAL DATA (WS FORM: F-6)
STATION: CARIBOU ME
MONTH: MAY
YEAR: 2023
LATITUDE: 46 52 N
LONGITUDE: 68 1 W
TEMPERATURE IN F: :PCPN: SNOW: WIND :SUNSHINE: SKY :PK WND
================================================================================
1 2 3 4 5 6A 6B 7 8 9 10 11 12 13 14 15 16 17 18
12Z AVG MX 2MIN
DY MAX MIN AVG DEP HDD CDD WTR SNW DPTH SPD SPD DIR MIN PSBL S-S WX SPD DR
================================================================================
1 52 44 48 2 17 0 0.41 0.0 0 14.6 25 110 M M 10 1 47 60
2 58 41 50 3 15 0 T 0.0 0 10.3 17 100 M M 10 26 70
3 46 38 42 -5 23 0 0.02 0.0 0 9.9 20 70 M M 10 29 70
4 55 38 47 -1 18 0 T 0.0 0 11.3 21 70 M M 10 31 60
5 67 38 53 5 12 0 0.00 0.0 0 8.4 18 360 M M 4 25 20
6 72 37 55 6 10 0 0.00 0.0 0 7.8 23 360 M M 0 35 330
7 72 40 56 7 9 0 0.00 0.0 0 7.8 18 310 M M 2 29 330
8 52 34 43 -7 22 0 0.01 T 0 12.6 24 350 M M 4 38 290
9 53 33 43 -7 22 0 0.00 0.0 0 9.4 20 360 M M 4 29 340
10 66 34 50 0 15 0 0.00 0.0 0 5.9 16 330 M M 6 26 320
11 73 35 54 3 11 0 0.00 0.0 0 2.6 10 240 M M 0 17 240
12 77 41 59 8 6 0 0.23 0.0 0 4.4 17 300 M M 5 13 27 310
13 53 40 47 -4 18 0 T 0.0 0 10.2 23 300 M M 5 39 300
14 59 41 50 -2 15 0 0.00 0.0 0 12.9 24 340 M M 5 35 330
15 67 42 55 3 10 0 T 0.0 0 8.1 24 300 M M 5 45 290
16 54 39 47 -5 18 0 0.01 0.0 0 5.9 14 240 M M 6 19 270
17 47 33 40 -13 25 0 T T 0 10.7 23 310 M M 6 37 310
18 57 32 45 -8 20 0 0.00 0.0 0 9.4 18 330 M M 1 29 290
19 71 36 54 0 11 0 0.00 0.0 0 10.1 22 180 M M 0 35 190
20 71 49 60 6 5 0 0.08 0.0 0 11.0 23 190 M M 7 36 190
21 69 42 56 2 9 0 0.70 0.0 0 12.0 29 250 M M 6 1 41 240
22 59 32 46 -8 19 0 0.00 0.0 0 4.1 13 300 M M 0 20 300
23 71 32 52 -3 13 0 0.00 0.0 0 8.1 18 180 M M 0 28 190
24 56 45 51 -4 14 0 0.90 0.0 0 6.5 14 190 M M 7 1 20 170
25 47 36 42 -13 23 0 0.40 0.0 0 10.3 20 350 M M 9 34 330
26 60 36 48 -8 17 0 0.03 0.0 0 5.5 10 330 M M 6 17 330
27 75 48 62 6 3 0 0.00 0.0 0 6.2 14 300 M M 1 26 320
28 86 53 70 14 0 5 0.00 0.0 M 11.5 28 330 M M 0 44 320
29 69 43 56 0 9 0 0.00 0.0 0 6.7 18 360 M M 0 8 26 10
30 82 39 61 4 4 0 0.00 0.0 0 4.4 13 220 M M 0 19 250
31 91 50 71 14 0 6 0.00 0.0 0 3.3 13 220 M M 0 16 220
================================================================================
SM 1987 1221 413 11 2.79 T 261.9 M 129
================================================================================
AV 64.1 39.4 8.4 FASTST M M 4 MAX(MPH)
MISC ----> 29 250 47 60
================================================================================
NOTES:
# LAST OF SEVERAL OCCURRENCES
COLUMN 17 PEAK WIND IN M.P.H.
PRELIMINARY LOCAL CLIMATOLOGICAL DATA (WS FORM: F-6) , PAGE 2
STATION: CARIBOU ME
MONTH: MAY
YEAR: 2023
LATITUDE: 46 52 N
LONGITUDE: 68 1 W
[TEMPERATURE DATA] [PRECIPITATION DATA] SYMBOLS USED IN COLUMN 16
AVERAGE MONTHLY: 51.7 TOTAL FOR MONTH: 2.79 1 = FOG OR MIST
DPTR FM NORMAL: -0.5 DPTR FM NORMAL: -0.67 2 = FOG REDUCING VISIBILITY
HIGHEST: 91 ON 31 GRTST 24HR 1.20 ON 24-25 TO 1/4 MILE OR LESS
LOWEST: 32 ON 23,22 3 = THUNDER
SNOW, ICE PELLETS, HAIL 4 = ICE PELLETS
TOTAL MONTH: T 5 = HAIL
GRTST 24HR T ON 8- 8 6 = FREEZING RAIN OR DRIZZLE
GRTST DEPTH: 0 7 = DUSTSTORM OR SANDSTORM:
VSBY 1/2 MILE OR LESS
8 = SMOKE OR HAZE
[NO. OF DAYS WITH] [WEATHER - DAYS WITH] 9 = BLOWING SNOW
X = TORNADO
MAX 32 OR BELOW: 0 0.01 INCH OR MORE: 10
MAX 90 OR ABOVE: 1 0.10 INCH OR MORE: 5
MIN 32 OR BELOW: 3 0.50 INCH OR MORE: 2
MIN 0 OR BELOW: 0 1.00 INCH OR MORE: 0
[HDD (BASE 65) ]
TOTAL THIS MO. 413 CLEAR (SCALE 0-3) 12
DPTR FM NORMAL 10 PTCLDY (SCALE 4-7) 14
TOTAL FM JUL 1 8042 CLOUDY (SCALE 8-10) 5
DPTR FM NORMAL -859
[CDD (BASE 65) ]
TOTAL THIS MO. 11
DPTR FM NORMAL 5 [PRESSURE DATA]
TOTAL FM JAN 1 11 HIGHEST SLP 30.38 ON 23
DPTR FM NORMAL 5 LOWEST SLP 29.38 ON 1
[REMARKS]
#FINAL-05-23#