000
CXUS51 KCAR 010700
CF6CAR
PRELIMINARY LOCAL CLIMATOLOGICAL DATA (WS FORM: F-6)
STATION: CARIBOU ME
MONTH: JANUARY
YEAR: 2023
LATITUDE: 46 52 N
LONGITUDE: 68 1 W
TEMPERATURE IN F: :PCPN: SNOW: WIND :SUNSHINE: SKY :PK WND
================================================================================
1 2 3 4 5 6A 6B 7 8 9 10 11 12 13 14 15 16 17 18
12Z AVG MX 2MIN
DY MAX MIN AVG DEP HDD CDD WTR SNW DPTH SPD SPD DIR MIN PSBL S-S WX SPD DR
================================================================================
1 39 29 34 20 31 0 0.63 T 3 8.7 21 360 M M 10 12 29 350
2 30 25 28 14 37 0 T 0.1 2 4.4 16 330 M M 9 25 320
3 35 25 30 16 35 0 0.01 T 2 3.7 8 200 M M 8 1 14 200
4 33 18 26 12 39 0 0.00 0.0 2 6.0 16 10 M M 6 12 24 360
5 22 16 19 6 46 0 0.02 0.6 2 6.5 14 30 M M 8 1 20 20
6 27 22 25 12 40 0 0.04 0.7 3 2.3 9 180 M M 10 1 12 180
7 31 14 23 10 42 0 0.04 0.7 3 8.5 20 330 M M 10 1 31 310
8 21 11 16 3 49 0 T T 3 8.5 18 330 M M 4 29 330
9 25 16 21 9 44 0 0.07 1.3 3 3.8 8 250 M M 9 1 13 250
10 23 6 15 3 50 0 0.05 1.0 5 6.1 14 340 M M 7 1 22 330
11 17 -6 6 -6 59 0 0.00 0.0 5 3.0 9 300 M M 0 13 310
12 24 -6 9 -3 56 0 0.16 2.9 5 4.2 13 140 M M 6 1 19 130
13 32 24 28 16 37 0 1.78 10.5 17 10.6 17 10 M M 10 1246 24 80
14 28 13 21 9 44 0 T T 17 11.9 18 20 M M 8 16 27 10
15 23 1 12 1 53 0 0.00 0.0 17 10.2 20 10 M M 0 27 10
16 29 19 24 13 41 0 0.70 2.0 17 16.5 23 10 M M 10 146 35 20
17 29 24 27 16 38 0 0.01 T 16 8.2 18 340 M M 9 16 29 330
18 31 27 29 18 36 0 0.24 3.0 16 7.0 15 310 M M 10 128 25 320
19 31 25 28 17 37 0 0.00 0.0 18 10.3 21 330 M M 10 32 320
20 25 15 20 9 45 0 0.00 0.0 16 8.2 14 30 M M 9 22 30
21 22 2 12 1 53 0 T T 16 5.0 12 300 M M 6 17 300
22 24 0 12 1 53 0 0.01 0.1 15 3.8 12 180 M M 9 1 17 180
23 26 20 23 13 42 0 0.02 0.3 15 9.4 22 330 M M 6 1 30 330
24 32 13 23 13 42 0 0.01 0.1 15 8.8 18 330 M M 8 8 28 330
25 15 1 8 -2 57 0 0.03 0.5 15 4.9 14 300 M M 2 21 300
26 29 11 20 10 45 0 1.02 8.6 16 11.4 20 250 M M 10 126 30 270
27 23 3 13 3 52 0 T T 21 5.4 14 250 M M 1 24 250
28 33 5 19 8 46 0 0.01 0.1 21 8.7 22 250 M M 7 38 250
29 19 -2 9 -2 56 0 0.41 4.4 21 6.0 13 340 M M 7 18 18 330
30 17 0 9 -2 56 0 0.06 1.0 25 3.7 13 300 M M 5 1 18 300
31 19 -6 7 -4 58 0 0.01 0.1 26 4.2 16 320 M M 8 1 23 260
================================================================================
SM 814 365 1419 0 5.33 38.0 219.9 M 222
================================================================================
AV 26.3 11.8 7.1 FASTST M M 7 MAX(MPH)
MISC ----> 23 10 38 250
================================================================================
NOTES:
# LAST OF SEVERAL OCCURRENCES
COLUMN 17 PEAK WIND IN M.P.H.
PRELIMINARY LOCAL CLIMATOLOGICAL DATA (WS FORM: F-6) , PAGE 2
STATION: CARIBOU ME
MONTH: JANUARY
YEAR: 2023
LATITUDE: 46 52 N
LONGITUDE: 68 1 W
[TEMPERATURE DATA] [PRECIPITATION DATA] SYMBOLS USED IN COLUMN 16
AVERAGE MONTHLY: 19.0 TOTAL FOR MONTH: 5.33 1 = FOG OR MIST
DPTR FM NORMAL: 7.3 DPTR FM NORMAL: 2.38 2 = FOG REDUCING VISIBILITY
HIGHEST: 39 ON 1 GRTST 24HR 1.93 ON 12-13 TO 1/4 MILE OR LESS
LOWEST: -6 ON 31,12 3 = THUNDER
SNOW, ICE PELLETS, HAIL 4 = ICE PELLETS
TOTAL MONTH: 38.0 INCHES 5 = HAIL
GRTST 24HR 10.5 ON 13-13 6 = FREEZING RAIN OR DRIZZLE
GRTST DEPTH: 26 ON 31 7 = DUSTSTORM OR SANDSTORM:
VSBY 1/2 MILE OR LESS
8 = SMOKE OR HAZE
[NO. OF DAYS WITH] [WEATHER - DAYS WITH] 9 = BLOWING SNOW
X = TORNADO
MAX 32 OR BELOW: 27 0.01 INCH OR MORE: 21
MAX 90 OR ABOVE: 0 0.10 INCH OR MORE: 7
MIN 32 OR BELOW: 31 0.50 INCH OR MORE: 4
MIN 0 OR BELOW: 6 1.00 INCH OR MORE: 2
[HDD (BASE 65) ]
TOTAL THIS MO. 1419 CLEAR (SCALE 0-3) 4
DPTR FM NORMAL -233 PTCLDY (SCALE 4-7) 12
TOTAL FM JUL 1 4311 CLOUDY (SCALE 8-10) 15
DPTR FM NORMAL -724
[CDD (BASE 65) ]
TOTAL THIS MO. 0
DPTR FM NORMAL 0 [PRESSURE DATA]
TOTAL FM JAN 1 0 HIGHEST SLP 30.44 ON 29
DPTR FM NORMAL 0 LOWEST SLP 29.08 ON 26
[REMARKS]
#FINAL-01-23#