000
CXUS51 KCAR 010700
CF6CAR
PRELIMINARY LOCAL CLIMATOLOGICAL DATA (WS FORM: F-6)
STATION: CARIBOU ME
MONTH: FEBRUARY
YEAR: 2022
LATITUDE: 46 52 N
LONGITUDE: 68 1 W
TEMPERATURE IN F: :PCPN: SNOW: WIND :SUNSHINE: SKY :PK WND
================================================================================
1 2 3 4 5 6A 6B 7 8 9 10 11 12 13 14 15 16 17 18
12Z AVG MX 2MIN
DY MAX MIN AVG DEP HDD CDD WTR SNW DPTH SPD SPD DIR MIN PSBL S-S WX SPD DR
================================================================================
1 11 -22 -5 -16 70 0 0.00 0.0 14 2.3 9 180 M M 0 18 11 170
2 39 5 22 11 43 0 0.00 0.0 14 11.7 21 190 M M 7 29 190
3 39 13 26 15 39 0 0.16 0.4 12 10.1 22 340 M M 10 1 26 340
4 13 7 10 -1 55 0 0.52 9.5 13 11.7 18 10 M M 10 23 10
5 12 -4 4 -8 61 0 0.08 2.2 18 9.4 18 330 M M 7 9 25 330
6 11 -14 -1 -13 66 0 T T 16 5.5 15 170 M M 4 19 170
7 27 11 19 7 46 0 T 0.1 15 4.0 12 160 M M 10 1 15 170
8 33 25 29 17 36 0 0.68 8.3 18 8.8 16 60 M M 10 1 23 80
9 31 24 28 16 37 0 0.13 1.4 23 7.7 16 300 M M 8 1 22 310
10 34 21 28 15 37 0 0.03 0.3 21 6.4 16 170 M M 7 1 21 170
11 36 24 30 17 35 0 0.00 0.0 20 8.2 15 170 M M 9 23 170
12 43 15 29 16 36 0 T T 19 11.3 24 330 M M 9 34 260
13 15 -6 5 -9 60 0 T T 16 8.4 23 330 M M 1 29 330
14 10 -8 1 -13 64 0 T T 16 8.2 16 330 M M 7 20 330
15 13 -9 2 -12 63 0 0.00 0.0 16 6.9 18 300 M M 3 27 300
16 34 -12 11 -3 54 0 T T 16 11.4 26 180 M M 3 35 190
17 42 34 38 23 27 0 0.52 0.0 16 7.1 17 200 M M 10 1 26 200
18 34 4 19 4 46 0 0.42 1.7 14 13.8 31 330 M M 8 146 42 330
19 18 -3 8 -7 57 0 0.06 0.9 14 5.4 18 170 M M 6 1 24 180
20 20 3 12 -4 53 0 T T 14 10.0 22 320 M M 5 30 320
21 35 11 23 7 42 0 0.00 0.0 14 9.5 16 360 M M 9 22 350
22 28 7 18 2 47 0 0.48 1.8 14 7.7 15 40 M M 10 146 21 40
23 40 8 24 7 41 0 0.39 0.9 14 10.4 29 300 M M 9 169 45 290
24 16 -2 7 -10 58 0 T T 14 9.7 20 310 M M 0 29 310
25 4 -10 -3 -21 68 0 0.04 0.4 14 6.1 13 10 M M 5 16 360
26 19 -15 2 -16 63 0 0.00 0.0 15 7.0 15 240 M M 0 20 230
27 28 9 19 1 46 0 0.07 1.2 15 12.1 24 330 M M 9 19 33 330
28 13 -1 6 -13 59 0 T 0.1 15 11.1 22 330 M M 1 32 300
================================================================================
SM 698 115 1409 0 3.58 29.2 241.9 M 177
================================================================================
AV 24.9 4.1 8.6 FASTST M M 6 MAX(MPH)
MISC ----> 31 330 45 290
================================================================================
NOTES:
# LAST OF SEVERAL OCCURRENCES
COLUMN 17 PEAK WIND IN M.P.H.
PRELIMINARY LOCAL CLIMATOLOGICAL DATA (WS FORM: F-6) , PAGE 2
STATION: CARIBOU ME
MONTH: FEBRUARY
YEAR: 2022
LATITUDE: 46 52 N
LONGITUDE: 68 1 W
[TEMPERATURE DATA] [PRECIPITATION DATA] SYMBOLS USED IN COLUMN 16
AVERAGE MONTHLY: 14.5 TOTAL FOR MONTH: 3.58 1 = FOG OR MIST
DPTR FM NORMAL: 0.3 DPTR FM NORMAL: 1.16 2 = FOG REDUCING VISIBILITY
HIGHEST: 43 ON 12 GRTST 24HR 0.89 ON 17-18 TO 1/4 MILE OR LESS
LOWEST: -22 ON 1 3 = THUNDER
SNOW, ICE PELLETS, HAIL 4 = ICE PELLETS
TOTAL MONTH: 29.2 INCHES 5 = HAIL
GRTST 24HR 9.5 ON 4- 4 6 = FREEZING RAIN OR DRIZZLE
GRTST DEPTH: 23 ON 9 7 = DUSTSTORM OR SANDSTORM:
VSBY 1/2 MILE OR LESS
8 = SMOKE OR HAZE
[NO. OF DAYS WITH] [WEATHER - DAYS WITH] 9 = BLOWING SNOW
X = TORNADO
MAX 32 OR BELOW: 17 0.01 INCH OR MORE: 13
MAX 90 OR ABOVE: 0 0.10 INCH OR MORE: 8
MIN 32 OR BELOW: 27 0.50 INCH OR MORE: 3
MIN 0 OR BELOW: 12 1.00 INCH OR MORE: 0
[HDD (BASE 65) ]
TOTAL THIS MO. 1409 CLEAR (SCALE 0-3) 7
DPTR FM NORMAL -12 PTCLDY (SCALE 4-7) 9
TOTAL FM JUL 1 6231 CLOUDY (SCALE 8-10) 12
DPTR FM NORMAL -231
[CDD (BASE 65) ]
TOTAL THIS MO. 0
DPTR FM NORMAL 0 [PRESSURE DATA]
TOTAL FM JAN 1 0 HIGHEST SLP 30.76 ON 16
DPTR FM NORMAL 0 LOWEST SLP 29.10 ON 18
[REMARKS]
#FINAL-02-22#