000
CXUS54 KLZK 011410
CF6CCA
PRELIMINARY LOCAL CLIMATOLOGICAL DATA (WS FORM: F-6)
STATION: CLINTON
MONTH: AUGUST
YEAR: 2022
LATITUDE: 35 32 N
LONGITUDE: 92 22 W
TEMPERATURE IN F: :PCPN: SNOW: WIND :SUNSHINE: SKY :PK WND
================================================================================
1 2 3 4 5 6A 6B 7 8 9 10 11 12 13 14 15 16 17 18
12Z AVG MX 2MIN
DY MAX MIN AVG DEP HDD CDD WTR SNW DPTH SPD SPD DIR MIN PSBL S-S WX SPD DR
================================================================================
1 93 73 83 M 0 18 M M M 2.7 12 240 M M 5 12 18 240
2 97 72 85 M 0 20 M M M 2.4 12 170 M M 3 12 18 170
3 95 72 84 M 0 19 M M M 2.3 9 150 M M 2 13 99
4 88 72 80 M 0 15 M M M 0.8 8 350 M M 4 1 24 350
5 95 72 84 M 0 19 M M M 2.0 9 130 M M 5 13 130
6 93 72 83 M 0 18 M M M 2.7 8 180 M M 2 14 230
7 93 72 83 M 0 18 M M M 2.3 8 160 M M 5 18 15 190
8 93 72 83 M 0 18 M M M 1.6 7 230 M M 2 1 17 350
9 91 70 81 M 0 16 M M M 1.6 6 99 M M 4 8 18 99
10 88 72 80 M 0 15 M M M 1.9 6 100 M M 7 1 16 160
11 88 68 78 M 0 13 M M M 2.3 7 99 M M 3 1 12 99
12 90 64 77 M 0 12 M M M 1.5 8 100 M M 0 1 13 100
13 90 64 77 M 0 12 M M M 1.3 7 150 M M 1 1 M M
14 95 61 78 M 0 13 M M M 1.3 8 200 M M 0 1 12 99
15 99 64 82 M 0 17 M M M 1.9 9 100 M M 0 1 15 260
16 81 70 76 M 0 11 M M M 2.5 7 M M M 4 18 14 99
17 73 66 70 M 0 5 M M M 0.4 6 250 M M 8 1 13 99
18 84 64 74 M 0 9 M M M 1.6 7 90 M M 2 18 M M
19 86 59 73 M 0 8 M M M 1.2 6 99 M M 0 1 12 200
20 91 63 77 M 0 12 M M M 1.3 7 140 M M 1 18 M M
21 86 72 79 M 0 14 M M M 2.2 10 230 M M 2 18 14 220
22 82 72 77 M 0 12 M M M 1.2 8 100 M M 9 1 13 120
23 86 68 77 M 0 12 M M M 1.2 8 90 M M 6 1 14 90
24 88 64 76 M 0 11 M M M 1.9 7 99 M M 5 1 15 99
25 90 68 79 M 0 14 M M M 1.0 5 99 M M 4 1 13 0
26 91 64 78 M 0 13 M M M 1.8 7 100 M M 1 1 M M
27 91 66 79 M 0 14 M M M 1.6 7 150 M M 2 1 15 150
28 90 70 80 M 0 15 M M M 2.6 9 160 M M 2 16 99
29 93 70 82 M 0 17 M M M 2.8 8 180 M M 3 18 17 99
30 93 70 82 M 0 17 M M M 0.1 3 99 M M 4 12 99
31 91 68 80 M 0 15 0.03 M M 1.0 6 100 M M 0 M M
================================================================================
SM 2784 2114 0 442 0.03 M 53.1 M 96
================================================================================
AV 89.8 68.2 1.7 FASTST M M 3 MAX(MPH)
MISC ----> # 12 240 24 350
================================================================================
NOTES:
# LAST OF SEVERAL OCCURRENCES
COLUMN 17 PEAK WIND IN M.P.H.
PRELIMINARY LOCAL CLIMATOLOGICAL DATA (WS FORM: F-6) , PAGE 2
STATION: CLINTON
MONTH: AUGUST
YEAR: 2022
LATITUDE: 35 32 N
LONGITUDE: 92 22 W
[TEMPERATURE DATA] [PRECIPITATION DATA] SYMBOLS USED IN COLUMN 16
AVERAGE MONTHLY: 79.0 TOTAL FOR MONTH: 0.03 1 = FOG OR MIST
DPTR FM NORMAL: 0.0 DPTR FM NORMAL: M 2 = FOG REDUCING VISIBILITY
HIGHEST: 99 ON 15 GRTST 24HR 0.03 ON 31-31 TO 1/4 MILE OR LESS
LOWEST: 59 ON 19 3 = THUNDER
SNOW, ICE PELLETS, HAIL 4 = ICE PELLETS
TOTAL MONTH: M 5 = HAIL
GRTST 24HR M ON M 6 = FREEZING RAIN OR DRIZZLE
GRTST DEPTH: M ON M 7 = DUSTSTORM OR SANDSTORM:
VSBY 1/2 MILE OR LESS
8 = SMOKE OR HAZE
[NO. OF DAYS WITH] [WEATHER - DAYS WITH] 9 = BLOWING SNOW
X = TORNADO
MAX 32 OR BELOW: 0 0.01 INCH OR MORE: 1
MAX 90 OR ABOVE: 20 0.10 INCH OR MORE: 0
MIN 32 OR BELOW: 0 0.50 INCH OR MORE: 0
MIN 0 OR BELOW: 0 1.00 INCH OR MORE: 0
[HDD (BASE 65) ]
TOTAL THIS MO. 0 CLEAR (SCALE 0-3) 16
DPTR FM NORMAL M PTCLDY (SCALE 4-7) 13
TOTAL FM JUL 1 0 CLOUDY (SCALE 8-10) 2
DPTR FM NORMAL M
[CDD (BASE 65) ]
TOTAL THIS MO. 442
DPTR FM NORMAL M [PRESSURE DATA]
TOTAL FM JAN 1 1599 HIGHEST SLP M ON M
DPTR FM NORMAL M LOWEST SLP M ON M
[REMARKS]
#FINAL-08-22#