000
CXUS54 KLZK 011231
CF6CCA
PRELIMINARY LOCAL CLIMATOLOGICAL DATA (WS FORM: F-6)
STATION: CLINTON
MONTH: FEBRUARY
YEAR: 2022
LATITUDE: 35 32 N
LONGITUDE: 92 22 W
TEMPERATURE IN F: :PCPN: SNOW: WIND :SUNSHINE: SKY :PK WND
================================================================================
1 2 3 4 5 6A 6B 7 8 9 10 11 12 13 14 15 16 17 18
12Z AVG MX 2MIN
DY MAX MIN AVG DEP HDD CDD WTR SNW DPTH SPD SPD DIR MIN PSBL S-S WX SPD DR
================================================================================
1 61 36 49 M 16 0 M M M 1.3 7 130 M M 9 16 99
2 55 27 41 M 24 0 M M M 5.5 9 99 M M 10 1 22 330
3 27 21 24 M 41 0 M M M 8.2 13 330 M M 10 18 24 330
4 36 21 29 M 36 0 M M M 5.1 10 310 M M 5 18 330
5 45 16 31 M 34 0 M M M 1.2 8 160 M M 0 13 99
6 50 18 34 M 31 0 M M M 1.2 8 250 M M 0 12 99
7 52 21 37 M 28 0 M M M 1.5 9 10 M M 0 17 10
8 63 21 42 M 23 0 M M M 2.7 13 220 M M 0 20 230
9 64 25 45 M 20 0 M M M 2.7 13 250 M M 1 27 270
10 64 27 46 M 19 0 M M M 1.0 10 200 M M 0 15 0
11 66 27 47 M 18 0 M M M 3.5 10 220 M M 2 18 330
12 52 19 36 M 29 0 M M M 6.7 13 320 M M 3 21 330
13 55 16 36 M 29 0 M M M 2.4 9 220 M M 1 21 320
14 68 21 45 M 20 0 M M M 2.8 15 220 M M 2 22 220
15 66 25 46 M 19 0 M M M 3.6 15 170 M M 2 25 200
16 68 54 61 M 4 0 M M M 9.4 15 180 M M 10 22 170
17 64 30 47 M 18 0 M M M 9.5 20 300 M M 10 31 330
18 46 19 33 M 32 0 M M M 3.8 14 320 M M 1 18 320
19 55 21 38 M 27 0 M M M 1.3 8 100 M M 0 13 0
20 64 25 45 M 20 0 M M M 3.5 16 150 M M 1 21 180
21 57 32 45 M 20 0 M M M 1.1 12 170 M M 9 12 M M
22 64 28 46 M 19 0 M M M 6.7 14 320 M M 7 1 32 0
23 30 25 28 M 37 0 M M M 6.4 12 30 M M 9 18 21 340
24 32 25 29 M 36 0 M M M M M M M M 9 1 M M
25 32 21 27 M 38 0 M M M 2.1 7 330 M M 7 1 14 350
26 34 27 31 M 34 0 M M M 2.1 6 10 M M 9 1 M M
27 54 23 39 M 26 0 M M M 2.1 9 310 M M 2 1 15 310
28 63 21 42 M 23 0 M M M 1.7 10 240 M M 0 16 230
================================================================================
SM 1487 692 721 0 M M 99.0 M 119
================================================================================
AV 53.1 24.7 3.7 FASTST M M 4 MAX(MPH)
MISC ----> 20 300 32 0
================================================================================
NOTES:
# LAST OF SEVERAL OCCURRENCES
COLUMN 17 PEAK WIND IN M.P.H.
PRELIMINARY LOCAL CLIMATOLOGICAL DATA (WS FORM: F-6) , PAGE 2
STATION: CLINTON
MONTH: FEBRUARY
YEAR: 2022
LATITUDE: 35 32 N
LONGITUDE: 92 22 W
[TEMPERATURE DATA] [PRECIPITATION DATA] SYMBOLS USED IN COLUMN 16
AVERAGE MONTHLY: 38.9 TOTAL FOR MONTH: M 1 = FOG OR MIST
DPTR FM NORMAL: 0.0 DPTR FM NORMAL: M 2 = FOG REDUCING VISIBILITY
HIGHEST: 68 ON 16,14 GRTST 24HR M ON M TO 1/4 MILE OR LESS
LOWEST: 16 ON 5,13 3 = THUNDER
SNOW, ICE PELLETS, HAIL 4 = ICE PELLETS
TOTAL MONTH: M 5 = HAIL
GRTST 24HR M ON M 6 = FREEZING RAIN OR DRIZZLE
GRTST DEPTH: M ON M 7 = DUSTSTORM OR SANDSTORM:
VSBY 1/2 MILE OR LESS
8 = SMOKE OR HAZE
[NO. OF DAYS WITH] [WEATHER - DAYS WITH] 9 = BLOWING SNOW
X = TORNADO
MAX 32 OR BELOW: 4 0.01 INCH OR MORE: 0
MAX 90 OR ABOVE: 0 0.10 INCH OR MORE: 0
MIN 32 OR BELOW: 26 0.50 INCH OR MORE: 0
MIN 0 OR BELOW: 0 1.00 INCH OR MORE: 0
[HDD (BASE 65) ]
TOTAL THIS MO. 721 CLEAR (SCALE 0-3) 15
DPTR FM NORMAL M PTCLDY (SCALE 4-7) 4
TOTAL FM JUL 1 2690 CLOUDY (SCALE 8-10) 9
DPTR FM NORMAL M
[CDD (BASE 65) ]
TOTAL THIS MO. 0
DPTR FM NORMAL M [PRESSURE DATA]
TOTAL FM JAN 1 0 HIGHEST SLP M ON M
DPTR FM NORMAL M LOWEST SLP M ON M
[REMARKS]
#FINAL-02-22#