287
CXUS54 KLZK 150241
CF6CCA
PRELIMINARY LOCAL CLIMATOLOGICAL DATA (WS FORM: F-6)
STATION: Clinton
MONTH: MARCH
YEAR: 2020
LATITUDE: 35 32 N
LONGITUDE: 92 22 W
TEMPERATURE IN F: :PCPN: SNOW: WIND :SUNSHINE: SKY :PK WND
================================================================================
1 2 3 4 5 6A 6B 7 8 9 10 11 12 13 14 15 16 17 18
12Z AVG MX 2MIN
DY MAX MIN AVG DEP HDD CDD WTR SNW DPTH SPD SPD DIR MIN PSBL S-S WX SPD DR
================================================================================
1 64 37 51 M 14 0 M M M 3.7 13 210 M M 9 22 200
2 73 52 63 M 2 0 M M M 3.7 14 220 M M 7 12 22 220
3 68 43 56 M 9 0 M M M 2.0 8 320 M M 2 1 14 99
4 59 43 51 M 14 0 M M M 1.2 8 10 M M 1 15 99
5 73 37 55 M 10 0 M M M 4.7 16 320 M M 0 27 320
6 61 30 46 M 19 0 M M M 4.6 10 30 M M 0 23 340
7 63 27 45 M 20 0 M M M 2.7 10 150 M M 2 8 14 170
8 66 28 47 M 18 0 M M M 4.1 13 170 M M 0 22 170
9 63 48 56 M 9 0 M M M 5.4 12 170 M M 9 18 170
10 66 43 55 M 10 0 M M M 3.5 9 330 M M 4 1 13 99
11 63 41 52 M 13 0 M M M 1.2 8 130 M M 8 123 M M
12 79 50 65 M 0 0 M M M 4.3 17 210 M M 7 123 25 210
13 61 41 51 M 14 0 M M M 3.6 9 50 M M 4 1 21 20
14 48 43 46 M 19 0 M M M 1.7 6 99 M M 10 13 12 99
15 46 41 44 M 21 0 M M M 3.5 6 99 M M 10 1 12 99
16 46 39 43 M 22 0 M M M 0.7 5 140 M M 10 1 M M
17 54 46 50 M 15 0 M M M 1.7 7 70 M M 10 12 M M
18 72 48 60 M 5 0 M M M 2.9 10 220 M M 9 13 20 220
19 73 63 68 M 0 3 M M M 7.4 10 160 M M 7 3 20 220
20 64 43 54 M 11 0 M M M 5.4 15 310 M M 8 12 28 320
21 55 39 47 M 18 0 M M M 4.0 8 90 M M 5 12 99
22 48 41 45 M 20 0 M M M 1.7 5 130 M M 8 1 M M
23 61 46 54 M 11 0 M M M 1.8 7 100 M M 9 1 13 100
24 66 48 57 M 8 0 M M M 1.3 7 99 M M 8 1 13 99
25 66 46 56 M 9 0 M M M 3.4 8 90 M M 6 1 M M
26 86 45 66 M 0 1 M M M 3.5 15 220 M M 3 12 22 220
27 79 55 67 M 0 2 M M M 3.9 13 210 M M 2 1 18 170
28 73 50 62 M 3 0 0.63 M M 4.5 12 200 M M 5 12 16 200
29 72 41 57 M 8 0 0.00 M M 3.1 15 230 M M 2 12 21 230
30 63 48 56 M 9 0 0.00 M M 0.5 6 99 M M 5 M M
31 68 43 56 M 9 0 0.00 M M 3.9 12 320 M M 5 1 18 320
================================================================================
SM 1999 1345 340 6 0.63 M 99.6 M 175
================================================================================
AV 64.5 43.4 3.2 FASTST M M 6 MAX(MPH)
MISC ----> # 17 210 # 28 320
================================================================================
NOTES:
# LAST OF SEVERAL OCCURRENCES
COLUMN 17 PEAK WIND IN M.P.H.
PRELIMINARY LOCAL CLIMATOLOGICAL DATA (WS FORM: F-6) , PAGE 2
STATION: Clinton
MONTH: MARCH
YEAR: 2020
LATITUDE: 35 32 N
LONGITUDE: 92 22 W
[TEMPERATURE DATA] [PRECIPITATION DATA] SYMBOLS USED IN COLUMN 16
AVERAGE MONTHLY: 53.9 TOTAL FOR MONTH: 0.63 1 = FOG OR MIST
DPTR FM NORMAL: M DPTR FM NORMAL: M 2 = FOG REDUCING VISIBILITY
HIGHEST: 86 ON 26 GRTST 24HR 0.63 ON 28-28 TO 1/4 MILE OR LESS
LOWEST: 27 ON 7 3 = THUNDER
SNOW, ICE PELLETS, HAIL 4 = ICE PELLETS
TOTAL MONTH: M 5 = HAIL
GRTST 24HR M ON M 6 = FREEZING RAIN OR DRIZZLE
GRTST DEPTH: M ON M 7 = DUSTSTORM OR SANDSTORM:
VSBY 1/2 MILE OR LESS
8 = SMOKE OR HAZE
[NO. OF DAYS WITH] [WEATHER - DAYS WITH] 9 = BLOWING SNOW
X = TORNADO
MAX 32 OR BELOW: 0 0.01 INCH OR MORE: 1
MAX 90 OR ABOVE: 0 0.10 INCH OR MORE: 1
MIN 32 OR BELOW: 3 0.50 INCH OR MORE: 1
MIN 0 OR BELOW: 0 1.00 INCH OR MORE: 0
[HDD (BASE 65) ]
TOTAL THIS MO. 340 CLEAR (SCALE 0-3) 9
DPTR FM NORMAL M PTCLDY (SCALE 4-7) 14
TOTAL FM JUL 1 3185 CLOUDY (SCALE 8-10) 8
DPTR FM NORMAL M
[CDD (BASE 65) ]
TOTAL THIS MO. 6
DPTR FM NORMAL M [PRESSURE DATA]
TOTAL FM JAN 1 6 HIGHEST SLP M ON M
DPTR FM NORMAL M LOWEST SLP M ON M
[REMARKS]
#FINAL-03-20#