000
CXUS55 KBOU 010900
CF6CCU
PRELIMINARY LOCAL CLIMATOLOGICAL DATA (WS FORM: F-6)
STATION: COPPER MTN/RED CLIFF
MONTH: MARCH
YEAR: 2023
LATITUDE: 39 28 N
LONGITUDE: 106 9 W
TEMPERATURE IN F: :PCPN: SNOW: WIND :SUNSHINE: SKY :PK WND
================================================================================
1 2 3 4 5 6A 6B 7 8 9 10 11 12 13 14 15 16 17 18
12Z AVG MX 2MIN
DY MAX MIN AVG DEP HDD CDD WTR SNW DPTH SPD SPD DIR MIN PSBL S-S WX SPD DR
================================================================================
1 19 9 14 M 51 0 M M M 13.5 21 180 M M 10 8 30 190
2 21 10 16 M 49 0 M M M 8.6 20 260 M M 6 23 260
3 25 7 16 M 49 0 M M M 13.8 23 290 M M 9 8 32 290
4 27 7 17 M 48 0 M M M 16.6 33 190 M M 9 8 52 190
5 21 18 20 M 45 0 M M M 16.9 31 250 M M 7 8 44 250
6 34 21 28 M 37 0 M M M 18.8 25 190 M M 1 8 46 250
7 32 21 27 M 38 0 M M M 17.8 30 260 M M 0 8 40 240
8 25 21 23 M 42 0 M M M 17.3 18 170 M M 0 26 170
9 M M M M M M M M M M M M M M M M M
10 32 27 30 M 35 0 M M M 15.5 24 260 M M 10 8 37 180
11 30 19 25 M 40 0 M M M 20.9 36 250 M M 8 8 48 250
12 27 19 23 M 42 0 M M M 11.5 17 260 M M 10 18 27 280
13 30 18 24 M 41 0 M M M 12.1 21 290 M M 8 25 290
14 34 18 26 M 39 0 M M M 9.4 20 180 M M 5 26 180
15 36 28 32 M 33 0 M M M 12.1 21 240 M M 9 8 31 220
16 27 9 18 M 47 0 M M M 7.5 18 290 M M 9 8 20 320
17 21 5 13 M 52 0 M M M 6.5 16 290 M M 2 23 290
18 21 3 12 M 53 0 M M M 7.3 14 280 M M 0 8 20 320
19 25 10 18 M 47 0 M M M 12.6 20 250 M M 2 28 260
20 30 18 24 M 41 0 M M M 11.5 23 260 M M 9 28 260
21 27 12 20 M 45 0 M M M 11.9 20 170 M M 9 8 29 210
22 32 14 23 M 42 0 M M M 17.8 28 240 M M 10 37 240
23 25 12 19 M 46 0 M M M 8.5 20 240 M M 9 8 31 260
24 21 9 15 M 50 0 M M M 9.9 24 300 M M 10 8 31 300
25 7 0 4 M 61 0 M M M 19.7 36 280 M M 10 8 47 280
26 14 0 7 M 58 0 M M M 7.8 15 250 M M 7 8 21 250
27 9 1 5 M 60 0 M M M 14.4 25 290 M M 9 8 35 280
28 34 0 17 M 48 0 M M M 13.4 23 250 M M 2 8 36 220
29 37 25 31 M 34 0 M M M 15.1 28 150 M M 3 8 35 150
30 34 14 24 M 41 0 M M M 19.5 37 160 M M 7 8 48 160
31 18 9 14 M 51 0 M M M 23.0 32 280 M M 10 51 280
================================================================================
SM 775 384 1365 0 M M 411.2 M 200
================================================================================
AV 25.8 12.8 13.7 FASTST M M 7 MAX(MPH)
MISC ----> 37 160 52 190
================================================================================
NOTES:
# LAST OF SEVERAL OCCURRENCES
COLUMN 17 PEAK WIND IN M.P.H.
PRELIMINARY LOCAL CLIMATOLOGICAL DATA (WS FORM: F-6) , PAGE 2
STATION: COPPER MTN/RED CLIFF
MONTH: MARCH
YEAR: 2023
LATITUDE: 39 28 N
LONGITUDE: 106 9 W
[TEMPERATURE DATA] [PRECIPITATION DATA] SYMBOLS USED IN COLUMN 16
AVERAGE MONTHLY: 19.3 TOTAL FOR MONTH: M 1 = FOG OR MIST
DPTR FM NORMAL: 0.0 DPTR FM NORMAL: M 2 = FOG REDUCING VISIBILITY
HIGHEST: 37 ON 29 GRTST 24HR M ON M TO 1/4 MILE OR LESS
LOWEST: 0 ON 25,26 3 = THUNDER
SNOW, ICE PELLETS, HAIL 4 = ICE PELLETS
TOTAL MONTH: M 5 = HAIL
GRTST 24HR M ON M 6 = FREEZING RAIN OR DRIZZLE
GRTST DEPTH: M ON M 7 = DUSTSTORM OR SANDSTORM:
VSBY 1/2 MILE OR LESS
8 = SMOKE OR HAZE
[NO. OF DAYS WITH] [WEATHER - DAYS WITH] 9 = BLOWING SNOW
X = TORNADO
MAX 32 OR BELOW: 24 0.01 INCH OR MORE: 0
MAX 90 OR ABOVE: 0 0.10 INCH OR MORE: 0
MIN 32 OR BELOW: 30 0.50 INCH OR MORE: 0
MIN 0 OR BELOW: 3 1.00 INCH OR MORE: 0
[HDD (BASE 65) ]
TOTAL THIS MO. 1365 CLEAR (SCALE 0-3) 8
DPTR FM NORMAL M PTCLDY (SCALE 4-7) 6
TOTAL FM JUL 1 8366 CLOUDY (SCALE 8-10) 17
DPTR FM NORMAL M
[CDD (BASE 65) ]
TOTAL THIS MO. 0
DPTR FM NORMAL M [PRESSURE DATA]
TOTAL FM JAN 1 0 HIGHEST SLP M ON M
DPTR FM NORMAL M LOWEST SLP M ON M
[REMARKS]
#FINAL-03-23#