000
CXUS55 KBOU 010900
CF6CCU
PRELIMINARY LOCAL CLIMATOLOGICAL DATA (WS FORM: F-6)
STATION: COPPER MTN/RED CLIFF
MONTH: OCTOBER
YEAR: 2022
LATITUDE: 39 28 N
LONGITUDE: 106 9 W
TEMPERATURE IN F: :PCPN: SNOW: WIND :SUNSHINE: SKY :PK WND
================================================================================
1 2 3 4 5 6A 6B 7 8 9 10 11 12 13 14 15 16 17 18
12Z AVG MX 2MIN
DY MAX MIN AVG DEP HDD CDD WTR SNW DPTH SPD SPD DIR MIN PSBL S-S WX SPD DR
================================================================================
1 46 34 40 M 25 0 0.68 M M 10.7 18 280 M M 4 27 280
2 48 36 42 M 23 0 0.06 M M 9.4 24 260 M M 8 2 31 260
3 46 34 40 M 25 0 0.02 M M 6.2 17 280 M M 7 1 22 270
4 46 34 40 M 25 0 0.04 M M 3.9 10 280 M M 4 18 16 280
5 59 36 48 M 17 0 0.00 M M 4.4 10 110 M M 2 17 140
6 54 37 46 M 19 0 0.00 M M 3.0 10 280 M M 3 M M
7 52 37 45 M 20 0 0.00 M M 6.4 17 290 M M 4 22 290
8 52 34 43 M 22 0 0.00 M M 7.5 15 300 M M 4 29 310
9 54 34 44 M 21 0 0.00 M M 6.7 12 180 M M 2 18 300
10 50 36 43 M 22 0 0.00 M M 10.6 17 280 M M 3 8 27 270
11 45 34 40 M 25 0 0.00 M M 19.9 31 270 M M 7 8 45 270
12 46 32 39 M 26 0 0.01 M M 16.1 22 280 M M 0 8 33 280
13 45 32 39 M 26 0 0.02 M M 12.6 22 270 M M 1 27 270
14 46 34 40 M 25 0 0.00 M M 13.0 21 260 M M 0 27 260
15 52 34 43 M 22 0 0.00 M M 11.1 21 280 M M 1 28 280
16 54 32 43 M 22 0 0.00 M M 7.1 22 170 M M 0 20 140
17 54 34 44 M 21 0 0.05 M M 3.5 8 10 M M 1 M M
18 48 32 40 M 25 0 0.02 M M 4.4 13 290 M M 0 16 310
19 52 34 43 M 22 0 0.00 M M 6.7 22 280 M M 0 26 280
20 54 36 45 M 20 0 0.00 M M 8.9 16 250 M M 0 22 280
21 45 34 40 M 25 0 0.00 M M 15.1 24 270 M M 0 36 270
22 46 34 40 M 25 0 0.00 M M 16.2 26 250 M M 0 44 250
23 37 16 27 M 38 0 0.00 M M 13.1 31 170 M M 8 2 38 170
24 18 12 15 M 50 0 0.00 M M 13.8 20 270 M M 9 8 29 270
25 28 14 21 M 44 0 0.00 M M 9.6 21 270 M M 9 18 30 270
26 30 25 28 M 37 0 M M M 9.7 20 160 M M 10 29 280
27 27 18 23 M 42 0 0.07 M M 6.1 23 170 M M 9 18 24 160
28 43 21 32 M 33 0 0.35 M M 2.7 8 270 M M 0 M M
29 46 27 37 M 28 0 0.00 M M 6.8 15 280 M M 1 M M
30 34 25 30 M 35 0 0.00 M M 5.7 14 290 M M 2 20 290
31 37 25 31 M 34 0 0.00 M M 6.0 15 270 M M 0 21 270
================================================================================
SM 1394 937 844 0 1.32 M 276.9 M 99
================================================================================
AV 45.0 30.2 8.9 FASTST M M 3 MAX(MPH)
MISC ----> 31 270 45 270
================================================================================
NOTES:
# LAST OF SEVERAL OCCURRENCES
COLUMN 17 PEAK WIND IN M.P.H.
PRELIMINARY LOCAL CLIMATOLOGICAL DATA (WS FORM: F-6) , PAGE 2
STATION: COPPER MTN/RED CLIFF
MONTH: OCTOBER
YEAR: 2022
LATITUDE: 39 28 N
LONGITUDE: 106 9 W
[TEMPERATURE DATA] [PRECIPITATION DATA] SYMBOLS USED IN COLUMN 16
AVERAGE MONTHLY: 37.6 TOTAL FOR MONTH: 1.32 1 = FOG OR MIST
DPTR FM NORMAL: 0.0 DPTR FM NORMAL: M 2 = FOG REDUCING VISIBILITY
HIGHEST: 59 ON 5 GRTST 24HR 0.68 ON 1- 1 TO 1/4 MILE OR LESS
LOWEST: 12 ON 24 3 = THUNDER
SNOW, ICE PELLETS, HAIL 4 = ICE PELLETS
TOTAL MONTH: M 5 = HAIL
GRTST 24HR M ON M 6 = FREEZING RAIN OR DRIZZLE
GRTST DEPTH: M ON M 7 = DUSTSTORM OR SANDSTORM:
VSBY 1/2 MILE OR LESS
8 = SMOKE OR HAZE
[NO. OF DAYS WITH] [WEATHER - DAYS WITH] 9 = BLOWING SNOW
X = TORNADO
MAX 32 OR BELOW: 4 0.01 INCH OR MORE: 10
MAX 90 OR ABOVE: 0 0.10 INCH OR MORE: 2
MIN 32 OR BELOW: 13 0.50 INCH OR MORE: 1
MIN 0 OR BELOW: 0 1.00 INCH OR MORE: 0
[HDD (BASE 65) ]
TOTAL THIS MO. 844 CLEAR (SCALE 0-3) 19
DPTR FM NORMAL M PTCLDY (SCALE 4-7) 7
TOTAL FM JUL 1 1655 CLOUDY (SCALE 8-10) 5
DPTR FM NORMAL M
[CDD (BASE 65) ]
TOTAL THIS MO. 0
DPTR FM NORMAL M [PRESSURE DATA]
TOTAL FM JAN 1 2 HIGHEST SLP M ON M
DPTR FM NORMAL M LOWEST SLP M ON M
[REMARKS]
#FINAL-10-22#