000
CXUS55 KBOU 011335
CF6CCU
PRELIMINARY LOCAL CLIMATOLOGICAL DATA (WS FORM: F-6)
STATION: COPPER MTN/RED CLIFF
MONTH: JULY
YEAR: 2020
LATITUDE: 39 28 N
LONGITUDE: 106 9 W
TEMPERATURE IN F: :PCPN: SNOW: WIND :SUNSHINE: SKY :PK WND
================================================================================
1 2 3 4 5 6A 6B 7 8 9 10 11 12 13 14 15 16 17 18
12Z AVG MX 2MIN
DY MAX MIN AVG DEP HDD CDD WTR SNW DPTH SPD SPD DIR MIN PSBL S-S WX SPD DR
================================================================================
1 64 41 53 M 12 0 M M M 10.5 17 140 M M 3 33 140
2 64 48 56 M 9 0 M M M 9.4 17 280 M M 3 29 150
3 70 46 58 M 7 0 M M M 6.5 24 160 M M 6 3 36 160
4 61 45 53 M 12 0 M M M 7.4 23 120 M M 4 3 36 120
5 66 50 58 M 7 0 M M M 9.0 16 190 M M 3 3 24 320
6 68 54 61 M 4 0 M M M 9.6 22 110 M M 5 38 110
7 70 55 63 M 2 0 M M M 15.3 24 260 M M 3 35 260
8 66 54 60 M 5 0 M M M 12.8 27 250 M M 2 40 250
9 72 54 63 M 2 0 M M M 10.7 21 260 M M 2 30 280
10 73 54 64 M 1 0 M M M 11.5 20 310 M M 0 29 250
11 77 54 66 M 0 1 M M M 8.6 14 240 M M 0 20 280
12 68 48 58 M 7 0 M M M 11.3 27 270 M M 4 41 270
13 72 52 62 M 3 0 M M M 14.9 30 260 M M 6 3 41 260
14 64 45 55 M 10 0 M M M 10.4 22 290 M M 5 3 29 170
15 64 46 55 M 10 0 M M M 11.7 23 250 M M 3 32 270
16 64 50 57 M 8 0 M M M 10.3 21 140 M M 5 30 200
17 64 46 55 M 10 0 M M M 9.8 16 190 M M 4 3 29 270
18 66 48 57 M 8 0 M M M 11.0 18 310 M M 3 23 290
19 66 52 59 M 6 0 M M M 7.0 17 240 M M 5 3 33 240
20 66 54 60 M 5 0 M M M 12.0 17 260 M M 2 29 290
21 70 54 62 M 3 0 M M M 12.3 18 300 M M 3 3 28 280
22 64 50 57 M 8 0 M M M 11.4 24 160 M M 6 3 32 50
23 64 45 55 M 10 0 M M M 8.1 17 170 M M 5 3 21 310
24 61 46 54 M 11 0 M M M 5.0 14 170 M M 10 M M
25 54 46 50 M 15 0 M M M 3.2 12 190 M M 10 8 M M
26 61 46 54 M 11 0 M M M 5.8 17 100 M M 8 25 100
27 70 52 61 M 4 0 M M M 10.2 21 90 M M 3 30 90
28 59 46 53 M 12 0 M M M 10.9 33 290 M M 6 51 290
29 61 45 53 M 12 0 M M M 15.2 33 280 M M 4 43 270
30 63 46 55 M 10 0 M M M 10.9 16 270 M M 4 22 260
31 66 52 59 M 6 0 0.00 0.0 0 9.1 20 300 M M 3 27 300
================================================================================
SM 2038 1524 230 1 M M 311.8 M 130
================================================================================
AV 65.7 49.2 10.1 FASTST M M 4 MAX(MPH)
MISC ----> # 33 290 # 51 290
================================================================================
NOTES:
# LAST OF SEVERAL OCCURRENCES
COLUMN 17 PEAK WIND IN M.P.H.
PRELIMINARY LOCAL CLIMATOLOGICAL DATA (WS FORM: F-6) , PAGE 2
STATION: COPPER MTN/RED CLIFF
MONTH: JULY
YEAR: 2020
LATITUDE: 39 28 N
LONGITUDE: 106 9 W
[TEMPERATURE DATA] [PRECIPITATION DATA] SYMBOLS USED IN COLUMN 16
AVERAGE MONTHLY: 57.5 TOTAL FOR MONTH: 0.00 1 = FOG OR MIST
DPTR FM NORMAL: M DPTR FM NORMAL: M 2 = FOG REDUCING VISIBILITY
HIGHEST: 77 ON 11 GRTST 24HR 0.00 ON 31-31 TO 1/4 MILE OR LESS
LOWEST: 41 ON 1 3 = THUNDER
SNOW, ICE PELLETS, HAIL 4 = ICE PELLETS
TOTAL MONTH: 0.0 INCH 5 = HAIL
GRTST 24HR 0.0 6 = FREEZING RAIN OR DRIZZLE
GRTST DEPTH: 0 7 = DUSTSTORM OR SANDSTORM:
VSBY 1/2 MILE OR LESS
8 = SMOKE OR HAZE
[NO. OF DAYS WITH] [WEATHER - DAYS WITH] 9 = BLOWING SNOW
X = TORNADO
MAX 32 OR BELOW: 0 0.01 INCH OR MORE: 0
MAX 90 OR ABOVE: 0 0.10 INCH OR MORE: 0
MIN 32 OR BELOW: 0 0.50 INCH OR MORE: 0
MIN 0 OR BELOW: 0 1.00 INCH OR MORE: 0
[HDD (BASE 65) ]
TOTAL THIS MO. 230 CLEAR (SCALE 0-3) 14
DPTR FM NORMAL M PTCLDY (SCALE 4-7) 14
TOTAL FM JUL 1 230 CLOUDY (SCALE 8-10) 3
DPTR FM NORMAL M
[CDD (BASE 65) ]
TOTAL THIS MO. 1
DPTR FM NORMAL M [PRESSURE DATA]
TOTAL FM JAN 1 1 HIGHEST SLP M ON M
DPTR FM NORMAL M LOWEST SLP M ON M
[REMARKS]
#FINAL-07-20#