000
CXUS55 KBOU 010823
CF6CCU
PRELIMINARY LOCAL CLIMATOLOGICAL DATA (WS FORM: F-6)
STATION: COPPER MTN/RED CLIFF
MONTH: MARCH
YEAR: 2020
LATITUDE: 39 28 N
LONGITUDE: 106 9 W
TEMPERATURE IN F: :PCPN: SNOW: WIND :SUNSHINE: SKY :PK WND
================================================================================
1 2 3 4 5 6A 6B 7 8 9 10 11 12 13 14 15 16 17 18
12Z AVG MX 2MIN
DY MAX MIN AVG DEP HDD CDD WTR SNW DPTH SPD SPD DIR MIN PSBL S-S WX SPD DR
================================================================================
1 28 21 25 M 40 0 M M M 12.2 27 250 M M 7 8 36 250
2 23 14 19 M 46 0 M M M 15.5 27 270 M M 8 37 270
3 28 14 21 M 44 0 M M M 12.0 32 300 M M 1 8 41 300
4 34 21 28 M 37 0 M M M 16.9 32 280 M M 0 8 45 290
5 34 21 28 M 37 0 M M M 8.9 18 270 M M 0 24 300
6 39 28 34 M 31 0 M M M 10.7 27 260 M M 0 30 270
7 37 28 33 M 32 0 M M M 12.0 21 170 M M 2 28 200
8 37 25 31 M 34 0 M M M 12.7 18 230 M M 7 128 38 210
9 34 21 28 M 37 0 M M M 12.4 24 260 M M 6 8 30 260
10 30 23 27 M 38 0 M M M 14.2 22 260 M M 9 18 29 230
11 34 21 28 M 37 0 M M M 15.7 28 260 M M 6 8 39 260
12 34 27 31 M 34 0 M M M 16.9 33 280 M M 5 8 47 270
13 34 23 29 M 36 0 M M M 13.5 23 140 M M 7 8 32 140
14 34 23 29 M 36 0 M M M 9.7 18 230 M M 5 8 30 230
15 37 25 31 M 34 0 M M M 11.2 20 170 M M 2 27 180
16 37 25 31 M 34 0 M M M 9.1 18 150 M M 2 25 150
17 37 28 33 M 32 0 M M M 14.1 24 150 M M 5 32 150
18 36 27 32 M 33 0 M M M 12.0 23 170 M M 3 36 170
19 28 21 25 M 40 0 M M M 11.0 18 90 M M 10 29 90
20 27 18 23 M 42 0 M M M 10.0 20 170 M M 8 8 25 230
21 28 14 21 M 44 0 M M M 7.9 18 250 M M 6 27 220
22 27 19 23 M 42 0 M M M 13.9 27 280 M M 8 35 280
23 32 19 26 M 39 0 M M M 10.3 18 260 M M 8 8 30 270
24 34 21 28 M 37 0 M M M 13.7 20 240 M M 7 8 35 220
25 34 27 31 M 34 0 M M M 18.5 29 250 M M 5 8 38 260
26 36 27 32 M 33 0 M M M 16.7 30 240 M M 5 8 41 240
27 30 14 22 M 43 0 M M M 16.4 23 150 M M 6 8 38 150
28 19 5 12 M 53 0 M M M 18.4 24 290 M M 9 8 31 290
29 27 10 19 M 46 0 M M M 8.4 13 150 M M 7 8 M M
30 28 19 24 M 41 0 M M M 10.6 20 260 M M 9 8 27 260
31 37 21 29 M 36 0 0.00 0.0 0 18.8 29 260 M M 6 8 38 260
================================================================================
SM 994 650 1182 0 0.00 0.0 404.3 M 169
================================================================================
AV 32.1 21.0 13.0 FASTST M M 5 MAX(MPH)
MISC ----> # 33 280 # 47 270
================================================================================
NOTES:
# LAST OF SEVERAL OCCURRENCES
COLUMN 17 PEAK WIND IN M.P.H.
PRELIMINARY LOCAL CLIMATOLOGICAL DATA (WS FORM: F-6) , PAGE 2
STATION: COPPER MTN/RED CLIFF
MONTH: MARCH
YEAR: 2020
LATITUDE: 39 28 N
LONGITUDE: 106 9 W
[TEMPERATURE DATA] [PRECIPITATION DATA] SYMBOLS USED IN COLUMN 16
AVERAGE MONTHLY: 26.5 TOTAL FOR MONTH: 0.00 1 = FOG OR MIST
DPTR FM NORMAL: M DPTR FM NORMAL: M 2 = FOG REDUCING VISIBILITY
HIGHEST: 39 ON 6 GRTST 24HR 0.00 ON 31-31 TO 1/4 MILE OR LESS
LOWEST: 5 ON 28 3 = THUNDER
SNOW, ICE PELLETS, HAIL 4 = ICE PELLETS
TOTAL MONTH: 0.0 INCH 5 = HAIL
GRTST 24HR 0.0 6 = FREEZING RAIN OR DRIZZLE
GRTST DEPTH: 0 7 = DUSTSTORM OR SANDSTORM:
VSBY 1/2 MILE OR LESS
8 = SMOKE OR HAZE
[NO. OF DAYS WITH] [WEATHER - DAYS WITH] 9 = BLOWING SNOW
X = TORNADO
MAX 32 OR BELOW: 13 0.01 INCH OR MORE: 0
MAX 90 OR ABOVE: 0 0.10 INCH OR MORE: 0
MIN 32 OR BELOW: 31 0.50 INCH OR MORE: 0
MIN 0 OR BELOW: 0 1.00 INCH OR MORE: 0
[HDD (BASE 65) ]
TOTAL THIS MO. 1182 CLEAR (SCALE 0-3) 7
DPTR FM NORMAL M PTCLDY (SCALE 4-7) 20
TOTAL FM JUL 1 8240 CLOUDY (SCALE 8-10) 4
DPTR FM NORMAL M
[CDD (BASE 65) ]
TOTAL THIS MO. 0
DPTR FM NORMAL M [PRESSURE DATA]
TOTAL FM JAN 1 0 HIGHEST SLP M ON M
DPTR FM NORMAL M LOWEST SLP M ON M
[REMARKS]
#FINAL-03-20#