000
CXAK56 PAFC 011338
CF6CDB
PRELIMINARY LOCAL CLIMATOLOGICAL DATA (WS FORM: F-6)
STATION: COLD BAY
MONTH: FEBRUARY
YEAR: 2024
LATITUDE: 55 13 N
LONGITUDE: 162 44 W
TEMPERATURE IN F: :PCPN: SNOW: WIND :SUNSHINE: SKY :PK WND
================================================================================
1 2 3 4 5 6A 6B 7 8 9 10 11 12 13 14 15 16 17 18
12Z AVG MX 2MIN
DY MAX MIN AVG DEP HDD CDD WTR SNW DPTH SPD SPD DIR MIN PSBL S-S WX SPD DR
================================================================================
1 37 25 31 1 34 0 0.25 M M 18.4 40 150 M M 7 18 55 160
2 40 34 37 7 28 0 0.45 M M 17.9 41 150 M M 10 1 53 140
3 46 33 40 10 25 0 0.49 M M 20.6 32 130 M M 6 1 42 120
4 38 31 35 5 30 0 0.11 M M 21.2 48 120 M M 6 1 62 120
5 42 34 38 8 27 0 0.17 M M 23.0 36 220 M M 5 18 48 220
6 40 34 37 7 28 0 0.28 M M 32.8 46 170 M M 8 18 63 130
7 43 34 39 9 26 0 0.09 M M 19.9 39 210 M M 3 1 52 200
8 37 33 35 5 30 0 0.06 M M 18.7 35 70 M M 10 1 46 80
9 35 32 34 4 31 0 0.24 M M 25.3 36 250 M M 10 1 50 260
10 36 29 33 3 32 0 0.01 M M 15.8 32 250 M M 3 1 42 240
11 38 19 29 -1 36 0 0.04 M M 7.5 21 170 M M 3 1 25 170
12 33 28 31 1 34 0 0.28 M M 16.1 29 350 M M 9 12 38 10
13 33 17 25 -5 40 0 0.04 M M 12.6 30 280 M M 8 1 38 280
14 28 24 26 -4 39 0 0.01 M M 24.6 36 360 M M 8 18 44 360
15 29 24 27 -3 38 0 0.20 M M 20.2 30 340 M M 10 1 38 350
16 34 29 32 2 33 0 0.17 M M 13.0 22 250 M M 10 12 29 260
17 36 32 34 4 31 0 0.00 M M 11.1 16 270 M M 10 12 20 250
18 37 27 32 2 33 0 0.06 M M 12.6 28 150 M M 6 1 36 140
19 35 18 27 -3 38 0 0.05 M M 7.8 26 280 M M 3 1 32 270
20 36 13 25 -5 40 0 T M M 8.3 29 150 M M 1 36 150
21 42 26 34 4 31 0 0.13 M M 24.8 56 210 M M 9 128 76 210
22 38 22 30 0 35 0 0.00 M M 15.2 26 220 M M 2 34 220
23 35 28 32 2 33 0 0.02 M M 11.6 28 260 M M 8 128 36 250
24 36 25 31 1 34 0 0.02 M M 13.9 36 280 M M 4 1258 44 280
25 39 27 33 3 32 0 0.18 M M 20.7 43 170 M M 9 12 52 170
26 40 29 35 5 30 0 0.04 M M 33.4 48 240 M M 8 12 65 240
27 30 25 28 -2 37 0 0.01 M M 29.5 38 320 M M 10 189 49 290
28 30 21 26 -4 39 0 0.04 M M 18.7 30 320 M M 10 128 39 320
29 22 18 20 -10 45 0 0.01 M M 17.5 27 320 M M 9 36 320
================================================================================
SM 1045 771 969 0 3.45 M 532.7 M 205
================================================================================
AV 36.0 26.6 18.4 FASTST M M 7 MAX(MPH)
MISC ----> 56 210 76 210
================================================================================
NOTES:
# LAST OF SEVERAL OCCURRENCES
COLUMN 17 PEAK WIND IN M.P.H.
PRELIMINARY LOCAL CLIMATOLOGICAL DATA (WS FORM: F-6) , PAGE 2
STATION: COLD BAY
MONTH: FEBRUARY
YEAR: 2024
LATITUDE: 55 13 N
LONGITUDE: 162 44 W
[TEMPERATURE DATA] [PRECIPITATION DATA] SYMBOLS USED IN COLUMN 16
AVERAGE MONTHLY: 31.3 TOTAL FOR MONTH: 3.45 1 = FOG OR MIST
DPTR FM NORMAL: 1.1 DPTR FM NORMAL: 0.28 2 = FOG REDUCING VISIBILITY
HIGHEST: 46 ON 3 GRTST 24HR 0.73 ON 2- 3 TO 1/4 MILE OR LESS
LOWEST: 13 ON 20 3 = THUNDER
SNOW, ICE PELLETS, HAIL 4 = ICE PELLETS
TOTAL MONTH: M 5 = HAIL
GRTST 24HR M ON M 6 = FREEZING RAIN OR DRIZZLE
GRTST DEPTH: M ON M 7 = DUSTSTORM OR SANDSTORM:
VSBY 1/2 MILE OR LESS
8 = SMOKE OR HAZE
[NO. OF DAYS WITH] [WEATHER - DAYS WITH] 9 = BLOWING SNOW
X = TORNADO
MAX 32 OR BELOW: 5 0.01 INCH OR MORE: 26
MAX 90 OR ABOVE: 0 0.10 INCH OR MORE: 12
MIN 32 OR BELOW: 23 0.50 INCH OR MORE: 0
MIN 0 OR BELOW: 0 1.00 INCH OR MORE: 0
[HDD (BASE 65) ]
TOTAL THIS MO. 969 CLEAR (SCALE 0-3) 3
DPTR FM NORMAL -4 PTCLDY (SCALE 4-7) 12
TOTAL FM JUL 1 5766 CLOUDY (SCALE 8-10) 14
DPTR FM NORMAL -396
[CDD (BASE 65) ]
TOTAL THIS MO. 0
DPTR FM NORMAL 0 [PRESSURE DATA]
TOTAL FM JAN 1 0 HIGHEST SLP 30.39 ON 24
DPTR FM NORMAL 0 LOWEST SLP 28.65 ON 9
[REMARKS]
#FINAL-02-24#