000
CXUS56 KSLC 060544
CF6CDC
PRELIMINARY LOCAL CLIMATOLOGICAL DATA (WS FORM: F-6)
STATION: CEDAR CITY UT
MONTH: MAY
YEAR: 2022
LATITUDE: 37 42 N
LONGITUDE: 113 6 W
TEMPERATURE IN F: :PCPN: SNOW: WIND :SUNSHINE: SKY :PK WND
================================================================================
1 2 3 4 5 6A 6B 7 8 9 10 11 12 13 14 15 16 17 18
12Z AVG MX 2MIN
DY MAX MIN AVG DEP HDD CDD WTR SNW DPTH SPD SPD DIR MIN PSBL S-S WX SPD DR
================================================================================
1 65 38 52 1 13 0 0.00 M M 13.6 28 320 M M 4 40 280
2 70 30 50 -2 15 0 0.00 M M 15.0 36 200 M M 0 51 220
3 61 37 49 -3 16 0 0.00 M M 11.2 24 20 M M 2 8 38 310
4 62 33 48 -4 17 0 0.00 M M 10.5 23 360 M M 3 34 360
5 75 32 54 1 11 0 0.00 M M 8.7 22 220 M M 0 31 220
6 82 54 68 15 0 3 0.00 M M 14.4 28 190 M M 0 35 190
7 79 59 69 16 0 4 T M M 17.2 39 250 M M 2 8 66 260
8 71 39 55 1 10 0 0.00 M M 16.7 46 210 M M 1 60 200
9 60 31 46 -8 19 0 0.00 M M 10.0 29 210 M M 1 41 200
10 63 43 53 -1 12 0 0.00 M M 18.4 36 210 M M 0 48 240
11 66 30 48 -7 17 0 0.00 M M 16.2 37 210 M M 1 53 180
12 63 32 48 -7 17 0 0.00 M M 5.5 18 240 M M 1 24 230
13 75 33 54 -1 11 0 0.00 M M 5.6 18 210 M M 0 25 210
14 83 39 61 5 4 0 0.00 M M 5.5 14 210 M M 0 22 330
15 87 43 65 9 0 0 0.00 M M 5.6 22 220 M M 0 29 230
16 84 52 68 12 0 3 0.00 M M 9.7 21 210 M M 0 30 230
17 83 47 65 8 0 0 0.00 M M 8.4 30 340 M M 0 8 40 320
18 83 42 63 6 2 0 0.00 M M 4.0 15 270 M M 0 23 280
19 84 50 67 9 0 2 0.00 M M 15.5 35 230 M M 0 46 220
20 57 37 47 -11 18 0 0.00 M M 14.1 24 350 M M 3 36 330
21 67 30 49 -9 16 0 0.00 M M 6.1 17 300 M M 2 26 300
22 75 32 54 -4 11 0 0.00 M M 8.5 24 360 M M 0 33 250
23 67 38 53 -6 12 0 0.00 M M 8.6 18 20 M M 2 28 340
24 75 32 54 -5 11 0 0.00 M M 5.8 15 40 M M 0 24 20
25 82 41 62 2 3 0 0.00 M M 5.0 16 20 M M 0 22 30
26 87 44 66 6 0 1 0.00 M M 11.0 25 210 M M 0 35 190
27 85 55 70 10 0 5 0.00 M M 12.9 30 200 M M 0 40 220
28 78 58 68 8 0 3 0.00 M M 15.9 30 190 M M 1 46 250
29 69 44 57 -4 8 0 0.00 M M 13.6 29 280 M M 4 41 250
30 63 29 46 -15 19 0 0.00 M M 6.3 23 270 M M 2 8 31 260
31 68 34 51 -11 14 0 0.00 M M 8.8 22 340 M M 0 30 360
================================================================================
SM 2269 1238 276 21 T M 328.3 M 29
================================================================================
AV 73.2 39.9 10.6 FASTST M M 1 MAX(MPH)
MISC ----> 46 210 66 260
================================================================================
NOTES:
# LAST OF SEVERAL OCCURRENCES
COLUMN 17 PEAK WIND IN M.P.H.
PRELIMINARY LOCAL CLIMATOLOGICAL DATA (WS FORM: F-6) , PAGE 2
STATION: CEDAR CITY UT
MONTH: MAY
YEAR: 2022
LATITUDE: 37 42 N
LONGITUDE: 113 6 W
[TEMPERATURE DATA] [PRECIPITATION DATA] SYMBOLS USED IN COLUMN 16
AVERAGE MONTHLY: 56.6 TOTAL FOR MONTH: T 1 = FOG OR MIST
DPTR FM NORMAL: 0.2 DPTR FM NORMAL: -0.94 2 = FOG REDUCING VISIBILITY
HIGHEST: 87 ON 26,15 GRTST 24HR T ON 7- 7 TO 1/4 MILE OR LESS
LOWEST: 29 ON 30 3 = THUNDER
SNOW, ICE PELLETS, HAIL 4 = ICE PELLETS
TOTAL MONTH: M 5 = HAIL
GRTST 24HR M ON M 6 = FREEZING RAIN OR DRIZZLE
GRTST DEPTH: M ON M 7 = DUSTSTORM OR SANDSTORM:
VSBY 1/2 MILE OR LESS
8 = SMOKE OR HAZE
[NO. OF DAYS WITH] [WEATHER - DAYS WITH] 9 = BLOWING SNOW
X = TORNADO
MAX 32 OR BELOW: 0 0.01 INCH OR MORE: 0
MAX 90 OR ABOVE: 0 0.10 INCH OR MORE: 0
MIN 32 OR BELOW: 9 0.50 INCH OR MORE: 0
MIN 0 OR BELOW: 0 1.00 INCH OR MORE: 0
[HDD (BASE 65) ]
TOTAL THIS MO. 276 CLEAR (SCALE 0-3) 29
DPTR FM NORMAL -3 PTCLDY (SCALE 4-7) 2
TOTAL FM JUL 1 5609 CLOUDY (SCALE 8-10) 0
DPTR FM NORMAL -328
[CDD (BASE 65) ]
TOTAL THIS MO. 21
DPTR FM NORMAL 9 [PRESSURE DATA]
TOTAL FM JAN 1 21 HIGHEST SLP 30.22 ON 12
DPTR FM NORMAL 9 LOWEST SLP 29.29 ON 8
[REMARKS]
#FINAL-05-22#