359
CXUS56 KSLC 310809
CF6CDC
PRELIMINARY LOCAL CLIMATOLOGICAL DATA (WS FORM: F-6)
STATION: CEDAR CITY UT
MONTH: MARCH
YEAR: 2021
LATITUDE: 37 42 N
LONGITUDE: 113 6 W
TEMPERATURE IN F: :PCPN: SNOW: WIND :SUNSHINE: SKY :PK WND
================================================================================
1 2 3 4 5 6A 6B 7 8 9 10 11 12 13 14 15 16 17 18
12Z AVG MX 2MIN
DY MAX MIN AVG DEP HDD CDD WTR SNW DPTH SPD SPD DIR MIN PSBL S-S WX SPD DR
================================================================================
1 52 13 33 -4 32 0 0.00 M M 3.5 15 230 M M 0 19 230
2 59 17 38 1 27 0 0.00 M M 4.6 16 90 M M 0 20 230
3 60 24 42 5 23 0 T M M 9.3 36 130 M M 3 47 130
4 55 26 41 3 24 0 T M M 8.4 20 40 M M 3 24 40
5 63 19 41 3 24 0 0.00 M M 4.4 20 130 M M 0 27 170
6 66 38 52 14 13 0 0.00 0.0 0 15.1 35 200 M M 0 44 200
7 66 23 45 7 20 0 0.00 0.0 M 9.8 25 190 M M 0 31 190
8 65 44 55 16 10 0 0.00 0.0 0 23.0 36 210 M M 0 45 200
9 51 32 42 3 23 0 T T M 15.0 33 210 M M 2 1 42 210
10 46 19 33 -6 32 0 0.03 M M 9.4 32 210 M M 5 1 40 230
11 37 23 30 -9 35 0 0.09 M M 7.0 21 170 M M 8 12 31 200
12 32 25 29 -11 36 0 0.07 M M 7.4 23 230 M M 10 12 29 220
13 39 25 32 -8 33 0 0.07 M M 5.9 17 320 M M 9 18 21 340
14 51 26 39 -1 26 0 0.00 M M 5.8 16 40 M M 2 20 10
15 54 33 44 4 21 0 T M M 13.0 35 190 M M 5 44 190
16 44 30 37 -3 28 0 0.03 M M 7.8 18 210 M M 9 1 22 210
17 54 30 42 2 23 0 0.00 M M 6.8 18 210 M M 3 12 23 210
18 62 29 46 5 19 0 0.00 M M 7.8 25 230 M M 3 29 230
19 65 30 48 7 17 0 0.00 M M 11.7 27 230 M M 0 37 M
20 59 33 46 5 19 0 0.01 M M 18.7 40 200 M M 5 1 51 200
21 45 25 35 -6 30 0 0.00 M M 12.2 28 340 M M 5 35 350
22 49 18 34 -7 31 0 0.01 M M 4.7 21 300 M M 4 31 300
23 44 28 36 -6 29 0 0.11 M M 12.0 31 350 M M 10 1 39 360
24 48 31 40 -2 25 0 0.00 M M 8.6 21 10 M M 4 27 20
25 46 33 40 -2 25 0 T M M 13.8 32 210 M M 8 18 44 210
26 46 27 37 -5 28 0 0.01 M M 11.2 26 10 M M 7 1 35 10
27 54 22 38 -4 27 0 0.00 M M 7.1 20 360 M M 0 25 340
28 68 22 45 3 20 0 0.00 M M 7.9 22 210 M M 0 31 200
29 67 35 51 9 14 0 0.00 M M 13.5 28 200 M M 1 33 210
30 46 21 34 -9 31 0 0.00 M M 12.3 21 40 M M 0 33 10
================================================================================
SM 1593 801 745 0 0.43 T 297.7 M 106
================================================================================
AV 53.1 26.7 9.9 FASTST M M 4 MAX(MPH)
MISC ----> 40 200 51 200
================================================================================
NOTES:
# LAST OF SEVERAL OCCURRENCES
COLUMN 17 PEAK WIND IN M.P.H.
PRELIMINARY LOCAL CLIMATOLOGICAL DATA (WS FORM: F-6) , PAGE 2
STATION: CEDAR CITY UT
MONTH: MARCH
YEAR: 2021
LATITUDE: 37 42 N
LONGITUDE: 113 6 W
[TEMPERATURE DATA] [PRECIPITATION DATA] SYMBOLS USED IN COLUMN 16
AVERAGE MONTHLY: 39.9 TOTAL FOR MONTH: 0.43 1 = FOG OR MIST
DPTR FM NORMAL: -0.1 DPTR FM NORMAL: -0.88 2 = FOG REDUCING VISIBILITY
HIGHEST: 68 ON 28 GRTST 24HR 0.12 ON 10-11 TO 1/4 MILE OR LESS
LOWEST: 13 ON 1 3 = THUNDER
SNOW, ICE PELLETS, HAIL 4 = ICE PELLETS
TOTAL MONTH: T 5 = HAIL
GRTST 24HR T ON 9- 9 6 = FREEZING RAIN OR DRIZZLE
GRTST DEPTH: 0 7 = DUSTSTORM OR SANDSTORM:
VSBY 1/2 MILE OR LESS
8 = SMOKE OR HAZE
[NO. OF DAYS WITH] [WEATHER - DAYS WITH] 9 = BLOWING SNOW
X = TORNADO
MAX 32 OR BELOW: 1 0.01 INCH OR MORE: 9
MAX 90 OR ABOVE: 0 0.10 INCH OR MORE: 1
MIN 32 OR BELOW: 24 0.50 INCH OR MORE: 0
MIN 0 OR BELOW: 0 1.00 INCH OR MORE: 0
[HDD (BASE 65) ]
TOTAL THIS MO. 745 CLEAR (SCALE 0-3) 16
DPTR FM NORMAL -6 PTCLDY (SCALE 4-7) 9
TOTAL FM JUL 1 4904 CLOUDY (SCALE 8-10) 5
DPTR FM NORMAL -409
[CDD (BASE 65) ]
TOTAL THIS MO. 0
DPTR FM NORMAL 0 [PRESSURE DATA]
TOTAL FM JAN 1 0 HIGHEST SLP M ON M
DPTR FM NORMAL 0 LOWEST SLP 29.55 ON 25
[REMARKS]