000
CXUS54 KMRX 011030
CF6CHA
PRELIMINARY LOCAL CLIMATOLOGICAL DATA (WS FORM: F-6)
STATION: CHATTANOOGA AIRPORT
MONTH: JUNE
YEAR: 2023
LATITUDE: 35 1 N
LONGITUDE: 85 12 W
TEMPERATURE IN F: :PCPN: SNOW: WIND :SUNSHINE: SKY :PK WND
================================================================================
1 2 3 4 5 6A 6B 7 8 9 10 11 12 13 14 15 16 17 18
12Z AVG MX 2MIN
DY MAX MIN AVG DEP HDD CDD WTR SNW DPTH SPD SPD DIR MIN PSBL S-S WX SPD DR
================================================================================
1 85 63 74 0 0 9 0.00 0.0 0 2.9 12 350 M M 4 1 17 30
2 90 66 78 4 0 13 0.01 0.0 0 4.5 16 10 M M 4 1 29 20
3 92 63 78 3 0 13 0.00 0.0 0 5.1 18 30 M M 1 25 10
4 88 65 77 2 0 12 0.17 0.0 0 3.9 24 110 M M 6 38 37 110
5 87 63 75 0 0 10 T 0.0 0 3.8 10 40 M M 4 13 16 170
6 90 68 79 3 0 14 0.00 0.0 0 4.0 15 250 M M 4 3 20 250
7 88 62 75 -1 0 10 0.00 0.0 0 5.9 18 350 M M 5 23 10
8 82 63 73 -3 0 8 0.00 0.0 0 7.2 15 20 M M 5 24 10
9 84 56 70 -6 0 5 0.00 0.0 0 3.6 14 10 M M 1 19 10
10 87 56 72 -4 0 7 0.00 0.0 0 3.3 14 210 M M 5 1 18 200
11 87 66 77 0 0 12 0.48 0.0 0 6.7 26 270 M M 8 138 44 250
12 78 63 71 -6 0 6 0.00 0.0 0 5.8 15 280 M M 6 22 280
13 80 57 69 -8 0 4 0.00 0.0 0 4.2 16 220 M M 3 25 220
14 79 63 71 -6 0 6 0.37 0.0 0 4.3 26 200 M M 7 13 35 210
15 83 63 73 -5 0 8 0.30 0.0 0 4.5 22 50 M M 5 123 28 50
16 89 64 77 -1 0 12 0.00 0.0 0 4.0 15 310 M M 5 1 21 300
17 89 66 78 0 0 13 0.00 0.0 0 3.9 15 350 M M 5 8 19 360
18 88 61 75 -3 0 10 0.00 0.0 0 5.1 16 180 M M 6 18 23 170
19 87 69 78 0 0 13 0.60 0.0 0 7.9 20 190 M M 8 138 30 210
20 83 69 76 -2 0 11 0.09 0.0 0 5.5 16 40 M M 8 13 23 30
21 78 68 73 -6 0 8 0.16 0.0 0 9.3 18 360 M M 9 1 24 10
22 74 64 69 -10 0 4 1.96 0.0 0 4.9 10 20 M M 9 18 13 20
23 82 66 74 -5 0 9 0.00 0.0 0 3.7 14 350 M M 6 18 18 330
24 90 66 78 -1 0 13 0.00 0.0 0 3.5 14 310 M M 3 23 360
25 88 69 79 0 0 14 0.91 0.0 0 6.5 26 20 M M 5 13 39 220
26 89 67 78 -1 0 13 0.00 0.0 0 7.3 17 230 M M 4 28 210
27 89 65 77 -3 0 12 0.00 0.0 0 3.6 15 300 M M 2 22 290
28 90 66 78 -2 0 13 0.00 0.0 0 2.7 12 350 M M 1 8 17 350
29 91 69 80 0 0 15 T 0.0 0 3.8 29 350 M M 4 138 38 350
30 86 67 77 -3 0 12 0.44 0.0 0 4.9 22 10 M M 5 13 28 20
================================================================================
SM 2573 1933 0 309 5.49 0.0 146.3 M 148
================================================================================
AV 85.8 64.4 4.9 FASTST M M 5 MAX(MPH)
MISC ----> 29 350 44 250
================================================================================
NOTES:
# LAST OF SEVERAL OCCURRENCES
COLUMN 17 PEAK WIND IN M.P.H.
PRELIMINARY LOCAL CLIMATOLOGICAL DATA (WS FORM: F-6) , PAGE 2
STATION: CHATTANOOGA AIRPORT
MONTH: JUNE
YEAR: 2023
LATITUDE: 35 1 N
LONGITUDE: 85 12 W
[TEMPERATURE DATA] [PRECIPITATION DATA] SYMBOLS USED IN COLUMN 16
AVERAGE MONTHLY: 75.1 TOTAL FOR MONTH: 5.49 1 = FOG OR MIST
DPTR FM NORMAL: -2.3 DPTR FM NORMAL: 1.31 2 = FOG REDUCING VISIBILITY
HIGHEST: 92 ON 3 GRTST 24HR 2.05 ON 21-22 TO 1/4 MILE OR LESS
LOWEST: 56 ON 10, 9 3 = THUNDER
SNOW, ICE PELLETS, HAIL 4 = ICE PELLETS
TOTAL MONTH: 0.0 INCH 5 = HAIL
GRTST 24HR 0.0 6 = FREEZING RAIN OR DRIZZLE
GRTST DEPTH: 0 7 = DUSTSTORM OR SANDSTORM:
VSBY 1/2 MILE OR LESS
8 = SMOKE OR HAZE
[NO. OF DAYS WITH] [WEATHER - DAYS WITH] 9 = BLOWING SNOW
X = TORNADO
MAX 32 OR BELOW: 0 0.01 INCH OR MORE: 11
MAX 90 OR ABOVE: 6 0.10 INCH OR MORE: 9
MIN 32 OR BELOW: 0 0.50 INCH OR MORE: 3
MIN 0 OR BELOW: 0 1.00 INCH OR MORE: 1
[HDD (BASE 65) ]
TOTAL THIS MO. 0 CLEAR (SCALE 0-3) 4
DPTR FM NORMAL -1 PTCLDY (SCALE 4-7) 24
TOTAL FM JUL 1 2493 CLOUDY (SCALE 8-10) 2
DPTR FM NORMAL -533
[CDD (BASE 65) ]
TOTAL THIS MO. 309
DPTR FM NORMAL -65 [PRESSURE DATA]
TOTAL FM JAN 1 553 HIGHEST SLP 30.16 ON 30
DPTR FM NORMAL -67 LOWEST SLP 29.65 ON 11
[REMARKS]
#FINAL-06-23#