000
CXUS51 KCLE 021342
CLMCLE
CLIMATE REPORT
NATIONAL WEATHER SERVICE CLEVELAND, OH
942 AM EDT WED AUG 02 2023
...................................
...THE CLEVELAND OH CLIMATE SUMMARY FOR THE MONTH OF JULY 2023...
CLIMATE NORMAL PERIOD 1991 TO 2020
CLIMATE RECORD PERIOD 1871 TO 2023
WEATHER OBSERVED NORMAL DEPART LAST YEAR`S
VALUE DATE(S) VALUE FROM VALUE
NORMAL
..............................................................
TEMPERATURE (F)
RECORD
HIGH 103 07/27/1941
LOW 41 07/04/1968
HIGHEST 90 07/05
LOWEST 58 07/19
07/22
07/31
AVG. MAXIMUM 82.2 83.7 -1.5 83.3
AVG. MINIMUM 64.6 65.3 -0.7 65.8
MEAN 73.4 74.5 -1.1 74.5
DAYS MAX >= 90 1 5.0 -4.0 4
DAYS MAX <= 32 0 0.0 0.0 0
DAYS MIN <= 32 0 0.0 0.0 0
DAYS MIN <= 0 0 0.0 0.0 0
PRECIPITATION (INCHES)
RECORD
MAXIMUM 9.12 1992
MINIMUM 0.68 2001
TOTALS 6.75 3.67 3.08 4.64
DAYS >= .01 14 10.7 3.3 12
DAYS >= .10 13 6.8 6.2 10
DAYS >= .50 5 2.5 2.5 2
DAYS >= 1.00 1 0.7 0.3 2
GREATEST
24 HR. TOTAL 1.91 07/20 TO 07/20 1.59
SNOWFALL (INCHES)
RECORDS
TOTAL 0
TOTALS 0.0 0.0 0.0 0.0
SINCE 7/1 0.0 0.0 0.0 0.0
DAYS >= 1.0 0 0.0 0.0 0
GREATEST
24 HR TOTAL 0.0
DEGREE DAYS
HEATING TOTAL 0 2 -2 0
SINCE 7/1 0 0 0 0
COOLING TOTAL 268 296 -28 304
SINCE 1/1 420 567 -147 629
..............................................................
WIND (MPH)
AVERAGE WIND SPEED 6.7
HIGHEST WIND SPEED/DIRECTION 31/260 DATE 07/06
31/360 07/20
31/320 07/26
HIGHEST GUST SPEED/DIRECTION 45/350 DATE 07/20
45/340 07/26
SKY COVER
AVERAGE SKY COVER 0.52
AVERAGE RH (PERCENT) 72
WEATHER CONDITIONS. NUMBER OF DAYS WITH
THUNDERSTORM 15 MIXED PRECIP 0
HEAVY RAIN 8 RAIN 5
LIGHT RAIN 15 FREEZING RAIN 0
LT FREEZING RAIN 0 HAIL 0
HEAVY SNOW 0 SNOW 0
LIGHT SNOW 0 SLEET 0
FOG 19 FOG W/VIS <= 1/4 MILE 1
HAZE 8
- INDICATES NEGATIVE NUMBERS.
R INDICATES RECORD WAS SET OR TIED.
MM INDICATES DATA IS MISSING.
T INDICATES TRACE AMOUNT.
$$