000
CXUS51 KILN 010534
CF6CMH
PRELIMINARY LOCAL CLIMATOLOGICAL DATA (WS FORM: F-6)
STATION: COLUMBUS OH
MONTH: DECEMBER
YEAR: 2021
LATITUDE: 40 0 N
LONGITUDE: 82 53 W
TEMPERATURE IN F: :PCPN: SNOW: WIND :SUNSHINE: SKY :PK WND
================================================================================
1 2 3 4 5 6A 6B 7 8 9 10 11 12 13 14 15 16 17 18
12Z AVG MX 2MIN
DY MAX MIN AVG DEP HDD CDD WTR SNW DPTH SPD SPD DIR MIN PSBL S-S WX SPD DR
================================================================================
1 48 27 38 0 27 0 0.08 0.0 0 4.8 15 250 M M 8 18 20 250
2 59 38 49 11 16 0 0.00 0.0 0 11.6 23 220 M M 8 1 28 220
3 51 36 44 6 21 0 0.00 0.0 0 4.7 12 60 M M 6 18 40
4 51 32 42 4 23 0 0.00 0.0 0 4.3 10 310 M M 5 1 14 300
5 58 28 43 6 22 0 0.04 0.0 0 9.8 18 180 M M 7 28 180
6 58 26 42 5 23 0 1.44 0.0 0 16.0 31 280 M M 7 13 38 290
7 27 20 24 -13 41 0 0.01 0.3 0 5.8 17 300 M M 8 1 23 300
8 35 24 30 -6 35 0 0.02 0.2 T 5.2 13 250 M M 8 1 17 250
9 45 22 34 -2 31 0 0.00 0.0 0 6.1 16 130 M M 7 18 21 130
10 57 42 50 14 15 0 0.07 0.0 0 6.2 15 140 M M 10 18 19 140
11 65 34 50 14 15 0 0.55 0.0 0 17.9 40 250 M M 8 13 54 250
12 47 29 38 3 27 0 0.00 0.0 0 7.9 17 230 M M 0 23 240
13 50 28 39 4 26 0 0.00 0.0 0 4.5 15 210 M M 3 19 210
14 55 28 42 7 23 0 0.00 0.0 0 4.3 15 140 M M 4 19 130
15 60 46 53 19 12 0 0.01 0.0 0 9.0 16 170 M M 9 8 20 180
16 61 40 51 17 14 0 0.06 0.0 0 15.0 26 190 M M 8 18 37 170
17 45 30 38 4 27 0 0.08 0.0 0 4.4 15 110 M M 7 18 110
18 51 34 43 9 22 0 0.48 0.0 0 9.0 26 310 M M 10 12 31 310
19 37 32 35 1 30 0 0.00 0.0 0 8.1 17 340 M M 10 21 350
20 40 26 33 0 32 0 0.00 0.0 0 4.3 12 220 M M 2 15 200
21 43 24 34 1 31 0 0.00 0.0 0 5.1 14 180 M M 3 18 18 170
22 36 23 30 -3 35 0 0.00 0.0 0 11.5 24 300 M M 5 30 310
23 46 20 33 0 32 0 0.00 0.0 0 7.2 18 170 M M 6 18 24 170
24 59 45 52 20 13 0 0.00 0.0 0 9.9 22 200 M M 10 27 190
25 62 49 56 24 9 0 0.82 0.0 0 11.3 22 220 M M 10 1 28 200
26 52 39 46 14 19 0 0.00 0.0 0 5.7 14 100 M M 6 18 20 100
27 65 40 53 21 12 0 0.20 0.0 0 10.7 26 290 M M 8 1 32 300
28 47 40 44 12 21 0 0.57 0.0 0 7.3 17 100 M M 9 18 23 100
29 49 41 45 14 20 0 0.00 0.0 0 5.4 12 350 M M 10 1 16 10
30 49 41 45 14 20 0 0.08 0.0 0 4.3 10 180 M M 10 1 12 350
31 58 42 50 19 15 0 T 0.0 0 4.8 15 160 M M 9 1 22 150
================================================================================
SM 1566 1026 709 0 4.51 0.5 242.1 M 221
================================================================================
AV 50.5 33.1 7.8 FASTST M M 7 MAX(MPH)
MISC ----> 40 250 54 250
================================================================================
NOTES:
# LAST OF SEVERAL OCCURRENCES
COLUMN 17 PEAK WIND IN M.P.H.
PRELIMINARY LOCAL CLIMATOLOGICAL DATA (WS FORM: F-6) , PAGE 2
STATION: COLUMBUS OH
MONTH: DECEMBER
YEAR: 2021
LATITUDE: 40 0 N
LONGITUDE: 82 53 W
[TEMPERATURE DATA] [PRECIPITATION DATA] SYMBOLS USED IN COLUMN 16
AVERAGE MONTHLY: 41.8 TOTAL FOR MONTH: 4.51 1 = FOG OR MIST
DPTR FM NORMAL: 7.3 DPTR FM NORMAL: 1.38 2 = FOG REDUCING VISIBILITY
HIGHEST: 65 ON 27,11 GRTST 24HR 1.48 ON 5- 6 TO 1/4 MILE OR LESS
LOWEST: 20 ON 23, 7 3 = THUNDER
SNOW, ICE PELLETS, HAIL 4 = ICE PELLETS
TOTAL MONTH: 0.5 INCH 5 = HAIL
GRTST 24HR 0.3 ON 7- 7 6 = FREEZING RAIN OR DRIZZLE
GRTST DEPTH: T 7 = DUSTSTORM OR SANDSTORM:
VSBY 1/2 MILE OR LESS
8 = SMOKE OR HAZE
[NO. OF DAYS WITH] [WEATHER - DAYS WITH] 9 = BLOWING SNOW
X = TORNADO
MAX 32 OR BELOW: 1 0.01 INCH OR MORE: 15
MAX 90 OR ABOVE: 0 0.10 INCH OR MORE: 6
MIN 32 OR BELOW: 16 0.50 INCH OR MORE: 4
MIN 0 OR BELOW: 0 1.00 INCH OR MORE: 1
[HDD (BASE 65) ]
TOTAL THIS MO. 709 CLEAR (SCALE 0-3) 4
DPTR FM NORMAL -238 PTCLDY (SCALE 4-7) 13
TOTAL FM JUL 1 1589 CLOUDY (SCALE 8-10) 14
DPTR FM NORMAL -386
[CDD (BASE 65) ]
TOTAL THIS MO. 0
DPTR FM NORMAL 0 [PRESSURE DATA]
TOTAL FM JAN 1 1325 HIGHEST SLP 30.51 ON 14
DPTR FM NORMAL 256 LOWEST SLP 29.44 ON 11
[REMARKS]
#FINAL-12-21#