000
CXUS53 KILX 011000
CF6CMI
PRELIMINARY LOCAL CLIMATOLOGICAL DATA (WS FORM: F-6)
STATION: CHAMPAIGN IL AIRPORT
MONTH: DECEMBER
YEAR: 2020
LATITUDE: 40 1 N
LONGITUDE: 88 17 W
TEMPERATURE IN F: :PCPN: SNOW: WIND :SUNSHINE: SKY :PK WND
================================================================================
1 2 3 4 5 6A 6B 7 8 9 10 11 12 13 14 15 16 17 18
12Z AVG MX 2MIN
DY MAX MIN AVG DEP HDD CDD WTR SNW DPTH SPD SPD DIR MIN PSBL S-S WX SPD DR
================================================================================
1 36 17 27 -7 38 0 0.00 M M 9.0 18 320 M M 0 23 300
2 46 17 32 -2 33 0 0.00 M M 4.6 10 270 M M 0 14 270
3 49 22 36 3 29 0 0.00 M M 7.8 15 220 M M 1 19 230
4 49 27 38 5 27 0 0.00 M M 9.6 20 240 M M 0 12 26 270
5 45 21 33 1 32 0 0.00 M M 5.4 10 60 M M 0 1 14 90
6 38 26 32 0 33 0 0.00 M M 5.5 14 10 M M 9 18 10
7 40 28 34 3 31 0 0.00 M M 4.4 9 330 M M 9 18 11 M
8 40 28 34 3 31 0 0.00 M M 8.7 17 220 M M 8 18 24 210
9 57 29 43 12 22 0 0.00 M M 6.9 14 220 M M 0 1 18 230
10 62 30 46 16 19 0 0.00 M M 9.2 17 180 M M 0 18 20 180
11 59 32 46 16 19 0 0.36 M M 8.9 22 180 M M 4 1 30 180
12 54 35 45 15 20 0 0.38 M M 16.7 30 250 M M 10 1 39 240
13 38 32 35 6 30 0 0.00 M M 7.0 17 320 M M 10 23 310
14 35 23 29 0 36 0 0.00 M M 11.8 22 310 M M 5 28 310
15 33 22 28 -1 37 0 0.00 M M 11.7 20 70 M M 0 24 70
16 31 27 29 1 36 0 0.05 M M 9.1 15 310 M M 10 1 20 70
17 36 20 28 0 37 0 0.00 M M 7.6 13 250 M M 6 18 17 260
18 37 19 28 0 37 0 0.00 M M 12.8 23 160 M M 0 18 31 150
19 49 35 42 14 23 0 0.01 M M 12.2 22 200 M M 8 1 29 170
20 45 31 38 11 27 0 0.00 M M 10.3 20 190 M M 4 8 26 200
21 51 34 43 16 22 0 0.00 M M 17.5 33 280 M M 4 1 45 280
22 47 23 35 8 30 0 0.00 M M 11.7 23 160 M M 0 33 170
23 58 26 42 15 23 0 0.25 M M 26.0 41 180 M M 6 1 54 180
24 26 11 19 -8 46 0 T M M 18.2 35 270 M M 9 1 43 280
25 20 8 14 -12 51 0 T M M 14.1 20 290 M M 5 26 300
26 38 16 27 1 38 0 0.00 M M 7.6 17 210 M M 0 23 220
27 52 24 38 12 27 0 T M M 16.4 26 280 M M 5 36 290
28 33 18 26 0 39 0 0.00 M M 12.3 23 290 M M 10 32 290
29 36 16 26 0 39 0 T M M 13.7 25 150 M M 6 6 33 150
30 41 26 34 8 31 0 0.32 M M 15.0 24 300 M M 10 1 32 300
31 30 21 26 0 39 0 0.00 M M 9.2 18 70 M M 7 23 70
================================================================================
SM 1311 744 982 0 1.37 M 340.9 M 146
================================================================================
AV 42.3 24.0 11.0 FASTST M M 5 MAX(MPH)
MISC ----> 41 180 54 180
================================================================================
NOTES:
# LAST OF SEVERAL OCCURRENCES
COLUMN 17 PEAK WIND IN M.P.H.
PRELIMINARY LOCAL CLIMATOLOGICAL DATA (WS FORM: F-6) , PAGE 2
STATION: CHAMPAIGN IL AIRPORT
MONTH: DECEMBER
YEAR: 2020
LATITUDE: 40 1 N
LONGITUDE: 88 17 W
[TEMPERATURE DATA] [PRECIPITATION DATA] SYMBOLS USED IN COLUMN 16
AVERAGE MONTHLY: 33.1 TOTAL FOR MONTH: 1.37 1 = FOG OR MIST
DPTR FM NORMAL: 4.1 DPTR FM NORMAL: -1.15 2 = FOG REDUCING VISIBILITY
HIGHEST: 62 ON 10 GRTST 24HR 0.73 ON 11-12 TO 1/4 MILE OR LESS
LOWEST: 8 ON 25 3 = THUNDER
SNOW, ICE PELLETS, HAIL 4 = ICE PELLETS
TOTAL MONTH: M 5 = HAIL
GRTST 24HR M ON M 6 = FREEZING RAIN OR DRIZZLE
GRTST DEPTH: M ON M 7 = DUSTSTORM OR SANDSTORM:
VSBY 1/2 MILE OR LESS
8 = SMOKE OR HAZE
[NO. OF DAYS WITH] [WEATHER - DAYS WITH] 9 = BLOWING SNOW
X = TORNADO
MAX 32 OR BELOW: 4 0.01 INCH OR MORE: 6
MAX 90 OR ABOVE: 0 0.10 INCH OR MORE: 4
MIN 32 OR BELOW: 28 0.50 INCH OR MORE: 0
MIN 0 OR BELOW: 0 1.00 INCH OR MORE: 0
[HDD (BASE 65) ]
TOTAL THIS MO. 982 CLEAR (SCALE 0-3) 11
DPTR FM NORMAL -135 PTCLDY (SCALE 4-7) 11
TOTAL FM JUL 1 2003 CLOUDY (SCALE 8-10) 9
DPTR FM NORMAL -278
[CDD (BASE 65) ]
TOTAL THIS MO. 0
DPTR FM NORMAL 0 [PRESSURE DATA]
TOTAL FM JAN 1 1060 HIGHEST SLP 30.58 ON 29
DPTR FM NORMAL 115 LOWEST SLP 29.54 ON 23
[REMARKS]
#FINAL-12-20#