000
CXUS56 KSGX 011245
CF6CNO
PRELIMINARY LOCAL CLIMATOLOGICAL DATA (WS FORM: F-6)
STATION: CHINO AIRPORT CA
MONTH: FEBRUARY
YEAR: 2020
LATITUDE: 33 58 N
LONGITUDE: 117 38 W
TEMPERATURE IN F: :PCPN: SNOW: WIND :SUNSHINE: SKY :PK WND
================================================================================
1 2 3 4 5 6A 6B 7 8 9 10 11 12 13 14 15 16 17 18
12Z AVG MX 2MIN
DY MAX MIN AVG DEP HDD CDD WTR SNW DPTH SPD SPD DIR MIN PSBL S-S WX SPD DR
================================================================================
1 85 40 63 10 2 0 0.00 0.0 0 2.2 7 340 M M 1 8 27 210
2 73 39 56 3 9 0 0.00 0.0 0 4.9 20 280 M M 3 22 260
3 61 42 52 -1 13 0 T M 0 7.4 21 40 M M 5 8 34 40
4 58 33 46 -7 19 0 0.00 0.0 0 11.0 28 90 M M 1 8 47 90
5 62 29 46 -7 19 0 0.00 0.0 0 3.5 15 250 M M 4 8 18 250
6 66 33 50 -3 15 0 0.00 0.0 0 2.3 12 270 M M 0 8 19 250
7 70 34 52 -1 13 0 0.00 0.0 0 2.0 12 260 M M 0 18 14 290
8 71 36 54 0 11 0 0.00 0.0 0 3.2 15 240 M M 0 18 18 260
9 58 49 54 0 11 0 T M 0 7.6 25 110 M M 8 18 33 110
10 70 46 58 4 7 0 0.00 0.0 0 9.3 22 20 M M 5 8 38 50
11 72 42 57 3 8 0 0.00 0.0 0 8.8 29 90 M M 0 8 43 30
12 69 36 53 -1 12 0 0.00 0.0 0 3.5 15 240 M M 1 8 19 280
13 74 39 57 3 8 0 0.00 0.0 0 2.9 14 250 M M 2 17 240
14 73 38 56 2 9 0 0.00 0.0 0 3.5 13 230 M M 0 18 16 230
15 74 36 55 1 10 0 0.00 0.0 0 2.4 12 260 M M 2 18 14 280
16 74 41 58 4 7 0 0.00 0.0 0 2.7 14 240 M M 0 18 16 240
17 75 42 59 5 6 0 0.00 0.0 0 2.6 14 240 M M 2 18 16 240
18 77 42 60 6 5 0 0.00 0.0 0 4.0 15 250 M M 3 128 18 250
19 74 50 62 7 3 0 0.00 0.0 0 3.5 13 240 M M 5 18 16 280
20 83 43 63 8 2 0 0.00 0.0 0 2.2 13 240 M M 1 128 15 240
21 83 45 64 9 1 0 0.00 0.0 0 5.6 17 260 M M 5 8 21 260
22 66 53 60 5 5 0 T 0.0 0 6.9 20 240 M M 9 22 240
23 68 48 58 3 7 0 0.00 0.0 0 3.7 10 240 M M 7 8 14 240
24 78 42 60 5 5 0 0.00 0.0 0 3.3 14 250 M M 2 128 19 280
25 83 42 63 8 2 0 0.00 0.0 0 9.8 25 80 M M 0 178 49 50
26 84 51 68 12 0 3 0.00 0.0 0 5.7 20 90 M M 1 29 90
27 87 44 66 10 0 1 0.00 0.0 0 6.5 18 90 M M 5 8 24 80
28 88 49 69 13 0 4 0.00 0.0 0 5.3 17 240 M M 5 8 24 250
29 76 47 62 6 3 0 0.00 0.0 0 5.2 18 270 M M 3 8 23 280
================================================================================
SM 2132 1211 212 8 T 0.0 141.5 M 80
================================================================================
AV 73.5 41.8 4.9 FASTST M M 3 MAX(MPH)
MISC ----> # 29 90 # 49 50
================================================================================
NOTES:
# LAST OF SEVERAL OCCURRENCES
COLUMN 17 PEAK WIND IN M.P.H.
PRELIMINARY LOCAL CLIMATOLOGICAL DATA (WS FORM: F-6) , PAGE 2
STATION: CHINO AIRPORT CA
MONTH: FEBRUARY
YEAR: 2020
LATITUDE: 33 58 N
LONGITUDE: 117 38 W
[TEMPERATURE DATA] [PRECIPITATION DATA] SYMBOLS USED IN COLUMN 16
AVERAGE MONTHLY: 57.6 TOTAL FOR MONTH: T 1 = FOG OR MIST
DPTR FM NORMAL: 3.4 DPTR FM NORMAL: -2.88 2 = FOG REDUCING VISIBILITY
HIGHEST: 88 ON 28 GRTST 24HR T ON 22-22 TO 1/4 MILE OR LESS
LOWEST: 29 ON 5 3 = THUNDER
SNOW, ICE PELLETS, HAIL 4 = ICE PELLETS
TOTAL MONTH: 0.0 INCH 5 = HAIL
GRTST 24HR 0.0 6 = FREEZING RAIN OR DRIZZLE
GRTST DEPTH: 0 7 = DUSTSTORM OR SANDSTORM:
VSBY 1/2 MILE OR LESS
8 = SMOKE OR HAZE
[NO. OF DAYS WITH] [WEATHER - DAYS WITH] 9 = BLOWING SNOW
X = TORNADO
MAX 32 OR BELOW: 0 0.01 INCH OR MORE: 0
MAX 90 OR ABOVE: 0 0.10 INCH OR MORE: 0
MIN 32 OR BELOW: 1 0.50 INCH OR MORE: 0
MIN 0 OR BELOW: 0 1.00 INCH OR MORE: 0
[HDD (BASE 65) ]
TOTAL THIS MO. 212 CLEAR (SCALE 0-3) 18
DPTR FM NORMAL -91 PTCLDY (SCALE 4-7) 10
TOTAL FM JUL 1 1036 CLOUDY (SCALE 8-10) 1
DPTR FM NORMAL -329
[CDD (BASE 65) ]
TOTAL THIS MO. 8
DPTR FM NORMAL 7 [PRESSURE DATA]
TOTAL FM JAN 1 8 HIGHEST SLP M ON M
DPTR FM NORMAL 6 LOWEST SLP 29.76 ON 9
[REMARKS]
#FINAL-02-20#