000
CXUS53 KICT 230510
CF6CNU
PRELIMINARY LOCAL CLIMATOLOGICAL DATA (WS FORM: F-6)
STATION: CHANUTE KS
MONTH: JANUARY
YEAR: 2023
LATITUDE: 37 40 N
LONGITUDE: 95 29 W
TEMPERATURE IN F: :PCPN: SNOW: WIND :SUNSHINE: SKY :PK WND
================================================================================
1 2 3 4 5 6A 6B 7 8 9 10 11 12 13 14 15 16 17 18
12Z AVG MX 2MIN
DY MAX MIN AVG DEP HDD CDD WTR SNW DPTH SPD SPD DIR MIN PSBL S-S WX SPD DR
================================================================================
1 66 34 50 16 15 0 0.00 M M 4.7 12 150 M M 3 12 15 150
2 74 44 59 25 6 0 0.18 M M 7.8 21 170 M M 6 138 30 170
3 57 38 48 14 17 0 0.00 M M 13.2 23 250 M M 6 12 31 240
4 52 31 42 8 23 0 0.00 M M 10.1 21 300 M M 3 28 310
5 51 27 39 5 26 0 0.00 M M 9.5 18 280 M M 0 26 280
6 58 24 41 7 24 0 0.00 M M 7.9 17 120 M M 1 23 130
7 49 29 39 5 26 0 0.00 M M 9.2 17 20 M M 8 23 20
8 52 20 36 2 29 0 0.00 M M 5.4 13 200 M M 0 18 16 200
9 61 31 46 12 19 0 0.00 M M 10.1 24 180 M M 0 31 180
10 63 26 45 11 20 0 0.00 M M 3.5 14 120 M M 0 8 19 120
11 62 28 45 12 20 0 T M M 6.3 23 350 M M 1 18 30 360
12 45 25 35 2 30 0 0.05 M M 16.6 30 340 M M 7 18 46 340
13 37 20 29 -4 36 0 0.00 M M 5.7 13 360 M M 4 18 18 10
14 52 20 36 3 29 0 0.00 M M 11.6 21 160 M M 0 18 27 170
15 61 40 51 18 14 0 0.00 M M 20.6 32 180 M M 1 42 180
16 63 46 55 22 10 0 0.00 M M 13.6 31 180 M M 1 45 180
17 60 27 44 11 21 0 0.00 M M 7.1 13 70 M M 1 21 60
18 61 39 50 17 15 0 0.37 M M 10.4 20 250 M M 6 1 27 250
19 46 27 37 3 28 0 T M M 13.1 26 280 M M 6 35 280
20 50 21 36 2 29 0 0.00 M M 2.7 7 120 M M 0 9 290
21 41 26 34 0 31 0 0.09 M M 5.8 10 70 M M 9 1 13 100
22 41 23 32 -2 33 0 T M M 7.2 15 340 M M 9 18 19 320
23 47 19 33 -1 32 0 0.00 M M 4.8 16 250 M M 0 18 20 250
24 39 27 33 -1 32 0 0.30 M M 3.7 8 30 M M 7 1 11 20
25 38 26 32 -2 33 0 0.06 M M 12.9 24 310 M M 10 18 34 320
26 39 21 30 -4 35 0 0.00 M M 6.5 16 330 M M 6 23 340
27 55 32 44 10 21 0 0.00 M M 10.8 20 220 M M 1 26 210
28 62 28 45 11 20 0 0.00 M M 14.7 25 200 M M 3 34 200
29 28 18 23 -11 42 0 T M M 14.3 22 360 M M 10 31 360
30 23 17 20 -14 45 0 0.00 M M 11.3 17 20 M M 10 25 10
31 26 12 19 -16 46 0 0.00 M M 5.2 14 20 M M 3 20 30
================================================================================
SM 1559 846 807 0 1.05 M 286.3 M 122
================================================================================
AV 50.3 27.3 9.2 FASTST M M 4 MAX(MPH)
MISC ----> 32 180 46 340
================================================================================
NOTES:
# LAST OF SEVERAL OCCURRENCES
COLUMN 17 PEAK WIND IN M.P.H.
PRELIMINARY LOCAL CLIMATOLOGICAL DATA (WS FORM: F-6) , PAGE 2
STATION: CHANUTE KS
MONTH: JANUARY
YEAR: 2023
LATITUDE: 37 40 N
LONGITUDE: 95 29 W
[TEMPERATURE DATA] [PRECIPITATION DATA] SYMBOLS USED IN COLUMN 16
AVERAGE MONTHLY: 38.8 TOTAL FOR MONTH: 1.05 1 = FOG OR MIST
DPTR FM NORMAL: 5.1 DPTR FM NORMAL: -0.13 2 = FOG REDUCING VISIBILITY
HIGHEST: 74 ON 2 GRTST 24HR 0.37 ON 18-18 TO 1/4 MILE OR LESS
LOWEST: 12 ON 31 3 = THUNDER
SNOW, ICE PELLETS, HAIL 4 = ICE PELLETS
TOTAL MONTH: M 5 = HAIL
GRTST 24HR M ON M 6 = FREEZING RAIN OR DRIZZLE
GRTST DEPTH: M ON M 7 = DUSTSTORM OR SANDSTORM:
VSBY 1/2 MILE OR LESS
8 = SMOKE OR HAZE
[NO. OF DAYS WITH] [WEATHER - DAYS WITH] 9 = BLOWING SNOW
X = TORNADO
MAX 32 OR BELOW: 3 0.01 INCH OR MORE: 6
MAX 90 OR ABOVE: 0 0.10 INCH OR MORE: 3
MIN 32 OR BELOW: 25 0.50 INCH OR MORE: 0
MIN 0 OR BELOW: 0 1.00 INCH OR MORE: 0
[HDD (BASE 65) ]
TOTAL THIS MO. 807 CLEAR (SCALE 0-3) 15
DPTR FM NORMAL -162 PTCLDY (SCALE 4-7) 10
TOTAL FM JUL 1 2448 CLOUDY (SCALE 8-10) 6
DPTR FM NORMAL -186
[CDD (BASE 65) ]
TOTAL THIS MO. 0
DPTR FM NORMAL 0 [PRESSURE DATA]
TOTAL FM JAN 1 0 HIGHEST SLP 30.52 ON 31
DPTR FM NORMAL 0 LOWEST SLP 29.43 ON 16
[REMARKS]
#FINAL-01-23#