000
CXUS53 KICT 010905
CLMCNU
CLIMATE REPORT
NATIONAL WEATHER SERVICE WICHITA KANSAS
405 AM CDT MON MAY 01 2023
...................................
...THE CHANUTE KS CLIMATE SUMMARY FOR THE MONTH OF APRIL 2023...
CLIMATE NORMAL PERIOD 1991 TO 2020
CLIMATE RECORD PERIOD 1894 TO 2023
WEATHER OBSERVED NORMAL DEPART LAST YEAR`S
VALUE DATE(S) VALUE FROM VALUE DATE(S)
NORMAL
................................................................
TEMPERATURE (F)
RECORD
HIGH 96 04/14/1936
LOW 14 04/03/1936
HIGHEST 86 04/18 85 04/10
04/12
LOWEST 25 04/23 28 04/09
AVG. MAXIMUM 72.8 69.6 3.2 70.7
AVG. MINIMUM 42.2 45.8 -3.6 45.5
MEAN 57.5 57.7 -0.2 58.1
DAYS MAX >= 90 0 0.1 -0.1 0
DAYS MAX <= 32 0 0.0 0.0 0
DAYS MIN <= 32 4 3.1 0.9 4
DAYS MIN <= 0 0 0.0 0.0 0
PRECIPITATION (INCHES)
RECORD
MAXIMUM 16.25 1994
MINIMUM 0.16 1900
TOTALS 0.68 4.25 -3.57 1.84
DAILY AVG. 0.02 0.14 -0.12 0.06
DAYS >= .01 7 10.0 -3.0 9
DAYS >= .10 3 6.4 -3.4 3
DAYS >= .50 0 2.9 -2.9 1
DAYS >= 1.00 0 1.1 -1.1 1
GREATEST
24 HR. TOTAL 0.22 04/05 TO 04/05
DEGREE DAYS
HEATING TOTAL 248 249 -1 239
SINCE 7/1 3887 4155 -268 3620
COOLING TOTAL 30 30 0 39
................................................................
WIND (MPH)
AVERAGE WIND SPEED 11.4
HIGHEST WIND SPEED/DIRECTION 48/320 DATE 04/04
HIGHEST GUST SPEED/DIRECTION 70/290 DATE 04/04
SKY COVER
POSSIBLE SUNSHINE (PERCENT) MM
AVERAGE SKY COVER 0.21
NUMBER OF DAYS FAIR 23
NUMBER OF DAYS PC 5
NUMBER OF DAYS CLOUDY 2
AVERAGE RH (PERCENT) 56
WEATHER CONDITIONS. NUMBER OF DAYS WITH
THUNDERSTORM 6 MIXED PRECIP 0
HEAVY RAIN 1 RAIN 2
LIGHT RAIN 11 FREEZING RAIN 0
LT FREEZING RAIN 0 HAIL 0
HEAVY SNOW 0 SNOW 0
LIGHT SNOW 0 SLEET 0
FOG 7 FOG W/VIS <= 1/4 MILE 1
HAZE 2
- INDICATES NEGATIVE NUMBERS.
R INDICATES RECORD WAS SET OR TIED.
MM INDICATES DATA IS MISSING.
T INDICATES TRACE AMOUNT.
$$