000
CXUS55 KRIW 011010
CF6COD
PRELIMINARY LOCAL CLIMATOLOGICAL DATA (WS FORM: F-6)
STATION: CODY WY
MONTH: JULY
YEAR: 2021
LATITUDE: 44 31 N
LONGITUDE: 109 1 W
TEMPERATURE IN F: :PCPN: SNOW: WIND :SUNSHINE: SKY :PK WND
================================================================================
1 2 3 4 5 6A 6B 7 8 9 10 11 12 13 14 15 16 17 18
12Z AVG MX 2MIN
DY MAX MIN AVG DEP HDD CDD WTR SNW DPTH SPD SPD DIR MIN PSBL S-S WX SPD DR
================================================================================
1 92 59 76 9 0 11 T M M 8.4 17 110 M M 1 18 120
2 89 58 74 7 0 9 T M M 7.5 21 230 M M 2 3 35 230
3 90 64 77 9 0 12 0.01 M M 7.3 22 30 M M 1 31 40
4 89 60 75 7 0 10 T M M 6.5 22 10 M M 2 31 360
5 72 58 65 -3 0 0 T M M 6.1 16 10 M M 4 22 20
6 90 53 72 4 0 7 0.00 M M 6.2 15 230 M M 0 24 230
7 89 59 74 5 0 9 0.01 M M 5.6 17 140 M M 1 3 24 360
8 89 56 73 4 0 8 0.00 M M 7.3 16 360 M M 0 21 20
9 81 57 69 0 0 4 0.00 M M 9.7 37 360 M M 0 8 51 360
10 87 57 72 3 0 7 0.00 M M 5.5 14 20 M M 0 M M
11 94 57 76 6 0 11 0.00 M M 8.3 18 340 M M 0 8 32 340
12 85 63 74 4 0 9 0.00 M M 10.0 16 50 M M 0 8 23 330
13 80 56 68 -2 0 3 0.02 M M 8.0 18 350 M M 1 3 28 350
14 81 50 66 -4 0 1 0.00 M M 5.4 13 360 M M 0 M M
15 93 56 75 5 0 10 0.00 M M 7.6 18 240 M M 0 8 40 260
16 93 66 80 9 0 15 0.00 M M 8.4 15 240 M M 0 8 32 240
17 94 60 77 6 0 12 0.00 M M 6.0 16 30 M M 0 20 80
18 97 67 82 11 0 17 0.00 M M 5.7 15 40 M M 0 20 40
19 102 64 83 12 0 18 0.00 M M 4.1 12 270 M M 0 20 99
20 89 63 76 5 0 11 T M M 6.5 14 360 M M 3 22 360
21 88 61 75 4 0 10 0.00 M M 5.9 14 10 M M 1 M M
22 92 62 77 6 0 12 T M M 7.5 21 20 M M 1 30 20
23 86 58 72 1 0 7 0.00 M M 6.5 14 30 M M 0 21 30
24 86 59 73 2 0 8 0.00 M M 5.5 10 30 M M 0 M M
25 91 59 75 4 0 10 0.00 M M 5.3 12 20 M M 0 M M
26 92 62 77 6 0 12 0.00 M M 6.6 13 20 M M 0 M M
27 98 62 80 9 0 15 0.00 M M 4.7 9 220 M M 0 8 M M
28 85 68 77 6 0 12 T M M 9.7 16 340 M M 3 25 350
29 86 63 75 4 0 10 0.10 M M 7.1 18 110 M M 5 8 25 230
30 86 61 74 3 0 9 0.00 M M 5.4 13 50 M M 2 17 50
31 84 61 73 2 0 8 0.00 M M 5.9 14 170 M M 2 18 120
================================================================================
SM 2750 1859 0 297 0.14 M 210.2 M 29
================================================================================
AV 88.7 60.0 6.8 FASTST M M 1 MAX(MPH)
MISC ----> 37 360 51 360
================================================================================
NOTES:
# LAST OF SEVERAL OCCURRENCES
COLUMN 17 PEAK WIND IN M.P.H.
PRELIMINARY LOCAL CLIMATOLOGICAL DATA (WS FORM: F-6) , PAGE 2
STATION: CODY WY
MONTH: JULY
YEAR: 2021
LATITUDE: 44 31 N
LONGITUDE: 109 1 W
[TEMPERATURE DATA] [PRECIPITATION DATA] SYMBOLS USED IN COLUMN 16
AVERAGE MONTHLY: 74.3 TOTAL FOR MONTH: 0.14 1 = FOG OR MIST
DPTR FM NORMAL: 4.4 DPTR FM NORMAL: M 2 = FOG REDUCING VISIBILITY
HIGHEST: 102 ON 19 GRTST 24HR 0.10 ON 29-29 TO 1/4 MILE OR LESS
LOWEST: 50 ON 14 3 = THUNDER
SNOW, ICE PELLETS, HAIL 4 = ICE PELLETS
TOTAL MONTH: M 5 = HAIL
GRTST 24HR M ON M 6 = FREEZING RAIN OR DRIZZLE
GRTST DEPTH: M ON M 7 = DUSTSTORM OR SANDSTORM:
VSBY 1/2 MILE OR LESS
8 = SMOKE OR HAZE
[NO. OF DAYS WITH] [WEATHER - DAYS WITH] 9 = BLOWING SNOW
X = TORNADO
MAX 32 OR BELOW: 0 0.01 INCH OR MORE: 4
MAX 90 OR ABOVE: 13 0.10 INCH OR MORE: 1
MIN 32 OR BELOW: 0 0.50 INCH OR MORE: 0
MIN 0 OR BELOW: 0 1.00 INCH OR MORE: 0
[HDD (BASE 65) ]
TOTAL THIS MO. 0 CLEAR (SCALE 0-3) 28
DPTR FM NORMAL 0 PTCLDY (SCALE 4-7) 3
TOTAL FM JUL 1 0 CLOUDY (SCALE 8-10) 0
DPTR FM NORMAL 0
[CDD (BASE 65) ]
TOTAL THIS MO. 297
DPTR FM NORMAL 143 [PRESSURE DATA]
TOTAL FM JAN 1 446 HIGHEST SLP M ON M
DPTR FM NORMAL 446 LOWEST SLP M ON M
[REMARKS]
#FINAL-07-21#