000
CXUS54 KCRP 011210
CF6COT
PRELIMINARY LOCAL CLIMATOLOGICAL DATA (WS FORM: F-6)
STATION: COTULLA
MONTH: JUNE
YEAR: 2022
LATITUDE: 28 27 N
LONGITUDE: 99 13 W
TEMPERATURE IN F: :PCPN: SNOW: WIND :SUNSHINE: SKY :PK WND
================================================================================
1 2 3 4 5 6A 6B 7 8 9 10 11 12 13 14 15 16 17 18
12Z AVG MX 2MIN
DY MAX MIN AVG DEP HDD CDD WTR SNW DPTH SPD SPD DIR MIN PSBL S-S WX SPD DR
================================================================================
1 100 78 89 5 0 24 T 0.0 0 12.8 25 140 M M 4 34 130
2 99 76 88 3 0 23 0.00 0.0 0 8.0 22 140 M M 3 28 140
3 101 74 88 3 0 23 0.00 0.0 0 7.7 21 120 M M 1 31 110
4 104 74 89 4 0 24 0.00 0.0 0 7.6 23 140 M M 1 33 150
5 108 72 90 5 0 25 0.00 0.0 0 11.5 24 140 M M 0 8 33 130
6 111 76 94 9 0 29 0.00 0.0 0 12.2 25 130 M M 0 8 33 130
7 110 76 93 8 0 28 0.00 0.0 0 13.1 26 130 M M 1 8 38 130
8 105 75 90 4 0 25 0.00 0.0 0 11.8 25 130 M M 2 8 33 120
9 104 77 91 5 0 26 0.00 0.0 0 10.0 23 140 M M 3 30 130
10 106 77 92 6 0 27 0.00 0.0 0 9.5 20 140 M M 1 28 140
11 109 77 93 7 0 28 0.00 0.0 0 8.8 24 130 M M 0 32 130
12 111 77 94 8 0 29 0.00 0.0 0 11.3 22 130 M M 0 40 120
13 106 78 92 6 0 27 0.00 0.0 0 15.5 29 130 M M 0 37 140
14 103 78 91 5 0 26 T 0.0 0 17.1 28 140 M M 0 43 160
15 104 81 93 7 0 28 T 0.0 0 14.8 28 130 M M 4 37 140
16 106 77 92 6 0 27 0.00 0.0 0 13.6 25 130 M M 0 8 33 120
17 103 73 88 2 0 23 0.00 0.0 0 9.0 20 140 M M 0 18 29 130
18 103 74 89 3 0 24 0.00 0.0 0 10.9 23 140 M M 2 30 130
19 104 77 91 5 0 26 0.00 0.0 0 10.2 22 130 M M 2 32 160
20 105 76 91 5 0 26 0.00 0.0 0 11.2 23 130 M M 1 32 130
21 104 78 91 5 0 26 0.00 0.0 0 11.6 25 130 M M 1 8 33 130
22 103 79 91 5 0 26 0.00 0.0 0 9.6 21 150 M M 2 27 140
23 105 74 90 4 0 25 0.00 0.0 0 7.2 22 140 M M 0 29 140
24 107 76 92 6 0 27 0.00 0.0 0 10.9 28 130 M M 0 35 130
25 105 75 90 4 0 25 0.00 0.0 0 12.1 24 140 M M 0 34 130
26 104 77 91 5 0 26 0.00 0.0 0 8.7 26 130 M M 2 44 120
27 104 73 89 3 0 24 T 0.0 M 7.2 31 110 M M 1 3 50 100
28 101 74 88 2 0 23 0.02 0.0 0 7.2 30 70 M M 2 13 43 70
29 102 76 89 3 0 24 0.00 0.0 0 7.5 22 120 M M 1 30 130
30 104 76 90 4 0 25 0.00 0.0 0 8.1 22 120 M M 1 29 120
================================================================================
SM 3141 2281 0 769 0.02 0.0 316.7 M 35
================================================================================
AV104.7 76.0 10.6 FASTST M M 1 MAX(MPH)
MISC ----> 31 110 50 100
================================================================================
NOTES:
# LAST OF SEVERAL OCCURRENCES
COLUMN 17 PEAK WIND IN M.P.H.
PRELIMINARY LOCAL CLIMATOLOGICAL DATA (WS FORM: F-6) , PAGE 2
STATION: COTULLA
MONTH: JUNE
YEAR: 2022
LATITUDE: 28 27 N
LONGITUDE: 99 13 W
[TEMPERATURE DATA] [PRECIPITATION DATA] SYMBOLS USED IN COLUMN 16
AVERAGE MONTHLY: 90.4 TOTAL FOR MONTH: 0.02 1 = FOG OR MIST
DPTR FM NORMAL: 4.7 DPTR FM NORMAL: -2.18 2 = FOG REDUCING VISIBILITY
HIGHEST: 111 ON 12, 6 GRTST 24HR 0.02 ON 27-28 TO 1/4 MILE OR LESS
LOWEST: 72 ON 5 3 = THUNDER
SNOW, ICE PELLETS, HAIL 4 = ICE PELLETS
TOTAL MONTH: 0.0 INCH 5 = HAIL
GRTST 24HR 0.0 6 = FREEZING RAIN OR DRIZZLE
GRTST DEPTH: 0 7 = DUSTSTORM OR SANDSTORM:
VSBY 1/2 MILE OR LESS
8 = SMOKE OR HAZE
[NO. OF DAYS WITH] [WEATHER - DAYS WITH] 9 = BLOWING SNOW
X = TORNADO
MAX 32 OR BELOW: 0 0.01 INCH OR MORE: 1
MAX 90 OR ABOVE: 30 0.10 INCH OR MORE: 0
MIN 32 OR BELOW: 0 0.50 INCH OR MORE: 0
MIN 0 OR BELOW: 0 1.00 INCH OR MORE: 0
[HDD (BASE 65) ]
TOTAL THIS MO. 0 CLEAR (SCALE 0-3) 27
DPTR FM NORMAL 0 PTCLDY (SCALE 4-7) 3
TOTAL FM JUL 1 748 CLOUDY (SCALE 8-10) 0
DPTR FM NORMAL -254
[CDD (BASE 65) ]
TOTAL THIS MO. 769
DPTR FM NORMAL 147 [PRESSURE DATA]
TOTAL FM JAN 1 2140 HIGHEST SLP 30.11 ON 29
DPTR FM NORMAL 534 LOWEST SLP 29.54 ON 6
[REMARKS]
#FINAL-06-22#