000
CXUS53 KLSX 040658 CCA
CF6COU
PRELIMINARY LOCAL CLIMATOLOGICAL DATA (WS FORM: F-6)
STATION: COLUMBIA ASOS
MONTH: JANUARY
YEAR: 2022
LATITUDE: 38 49 N
LONGITUDE: 92 13 W
TEMPERATURE IN F: :PCPN: SNOW: WIND :SUNSHINE: SKY :PK WND
================================================================================
1 2 3 4 5 6A 6B 7 8 9 10 11 12 13 14 15 16 17 18
12Z AVG MX 2MIN
DY MAX MIN AVG DEP HDD CDD WTR SNW DPTH SPD SPD DIR MIN PSBL S-S WX SPD DR
================================================================================
1 39 17 28 -4 37 0 0.43 0.1 0 14.2 22 360 M M 10 168 28 360
2 19 10 15 -17 50 0 T T T 9.9 22 340 M M 7 18 28 340
3 34 10 22 -9 43 0 0.00 0.0 0 7.3 12 160 M M 0 16 180
4 47 25 36 5 29 0 0.00 0.0 0 14.5 25 170 M M 0 34 170
5 43 18 31 0 34 0 0.00 0.0 0 16.7 31 300 M M 3 40 300
6 18 9 14 -17 51 0 0.00 0.0 0 11.6 22 330 M M 6 27 330
7 25 7 16 -15 49 0 0.00 0.0 0 6.9 15 140 M M 2 21 130
8 45 21 33 2 32 0 0.05 0.0 0 11.2 20 170 M M 8 1 28 160
9 46 18 32 1 33 0 0.00 0.0 0 11.3 24 350 M M 3 1 32 340
10 41 17 29 -2 36 0 0.00 0.0 0 8.1 15 300 M M 0 21 280
11 58 20 39 8 26 0 0.00 0.0 0 12.5 24 210 M M 0 32 220
12 57 34 46 15 19 0 0.00 0.0 0 9.2 15 260 M M 0 23 240
13 58 37 48 17 17 0 0.00 0.0 0 7.2 17 330 M M 3 23 340
14 49 34 42 11 23 0 0.08 0.0 0 7.5 17 100 M M 5 1 25 100
15 38 24 31 0 34 0 0.58 3.6 T 15.4 26 30 M M 10 1 35 30
16 31 16 24 -7 41 0 0.00 0.0 4 9.0 21 280 M M 9 128 28 280
17 37 29 33 2 32 0 0.00 0.0 1 8.3 15 290 M M 7 20 300
18 56 30 43 12 22 0 0.00 0.0 0 9.9 16 170 M M 0 22 160
19 45 11 28 -3 37 0 0.00 0.0 0 16.0 28 360 M M 3 38 350
20 18 4 11 -20 54 0 0.00 0.0 0 10.4 23 350 M M 0 29 350
21 24 1 13 -18 52 0 0.00 0.0 0 4.3 12 160 M M 0 15 170
22 44 14 29 -2 36 0 0.00 0.0 0 9.5 16 270 M M 1 22 280
23 40 26 33 2 32 0 0.00 0.0 0 11.2 24 340 M M 5 31 340
24 53 20 37 6 28 0 0.00 0.0 0 12.0 23 360 M M 8 28 350
25 24 10 17 -14 48 0 0.00 0.0 0 10.2 17 360 M M 0 21 350
26 32 4 18 -13 47 0 0.00 0.0 0 5.7 13 190 M M 2 17 180
27 42 29 36 5 29 0 0.01 0.2 0 10.9 18 320 M M 8 25 290
28 30 14 22 -10 43 0 0.00 0.0 0 10.1 23 330 M M 2 28 330
29 52 13 33 1 32 0 0.00 0.0 0 8.1 16 220 M M 0 21 180
30 42 27 35 3 30 0 0.00 0.0 M 8.8 17 330 M M 0 21 330
31 59 26 43 11 22 0 0.00 0.0 0 11.1 21 170 M M 1 27 170
================================================================================
SM 1246 575 1098 0 1.15 3.9 319.0 M 103
================================================================================
AV 40.2 18.5 10.3 FASTST M M 3 MAX(MPH)
MISC ----> 31 300 40 300
================================================================================
NOTES:
# LAST OF SEVERAL OCCURRENCES
COLUMN 17 PEAK WIND IN M.P.H.
PRELIMINARY LOCAL CLIMATOLOGICAL DATA (WS FORM: F-6) , PAGE 2
STATION: COLUMBIA ASOS
MONTH: JANUARY
YEAR: 2022
LATITUDE: 38 49 N
LONGITUDE: 92 13 W
[TEMPERATURE DATA] [PRECIPITATION DATA] SYMBOLS USED IN COLUMN 16
AVERAGE MONTHLY: 29.5 TOTAL FOR MONTH: 1.15 1 = FOG OR MIST
DPTR FM NORMAL: -1.5 DPTR FM NORMAL: -0.97 2 = FOG REDUCING VISIBILITY
HIGHEST: 59 ON 31 GRTST 24HR 0.58 ON 15 TO 1/4 MILE OR LESS
LOWEST: 1 ON 21 3 = THUNDER
SNOW, ICE PELLETS, HAIL 4 = ICE PELLETS
TOTAL MONTH: 3.9 INCHES 5 = HAIL
GRTST 24HR 3.6 ON 15 6 = FREEZING RAIN OR DRIZZLE
GRTST DEPTH: 4 ON 16 7 = DUSTSTORM OR SANDSTORM:
VSBY 1/2 MILE OR LESS
8 = SMOKE OR HAZE
[NO. OF DAYS WITH] [WEATHER - DAYS WITH] 9 = BLOWING SNOW
X = TORNADO
MAX 32 OR BELOW: 9 0.01 INCH OR MORE: 5
MAX 90 OR ABOVE: 0 0.10 INCH OR MORE: 2
MIN 32 OR BELOW: 28 0.50 INCH OR MORE: 1
MIN 0 OR BELOW: 0 1.00 INCH OR MORE: 0
[HDD (BASE 65) ]
TOTAL THIS MO. 1098 CLEAR (SCALE 0-3) 20
DPTR FM NORMAL 44 PTCLDY (SCALE 4-7) 5
TOTAL FM JUL 1 2385 CLOUDY (SCALE 8-10) 6
DPTR FM NORMAL -497
[CDD (BASE 65) ]
TOTAL THIS MO. 0
DPTR FM NORMAL 0 [PRESSURE DATA]
TOTAL FM JAN 1 0 HIGHEST SLP 30.72 ON 20
DPTR FM NORMAL 0 LOWEST SLP 29.65 ON 4
[REMARKS]
#FINAL-01-22#