000
CXUS53 KLSX 011620
CLSCOU
CLIMATE REPORT
NATIONAL WEATHER SERVICE ST LOUIS MO
1120 AM CDT THU SEP 01 2022
...................................
...THE COLUMBIA ASOS CLIMATE SUMMARY FOR THE SEASON, FROM
6/1/2022 TO 8/31/2022...
CLIMATE NORMAL PERIOD 1991 TO 2020
CLIMATE RECORD PERIOD 1890 TO 2022
WEATHER OBSERVED NORMAL DEPART LAST YEAR`S
VALUE DATE(S) VALUE FROM VALUE
NORMAL
..............................................................
TEMPERATURE (F)
RECORD
HIGH 113 07/14/1954
07/12/1954
LOW 40 06/05/1993
08/31/1915
HIGHEST 105 07/23
LOWEST 54 06/03
AVG. MAXIMUM 89.6 86.9 2.7
AVG. MINIMUM 68.0 66.6 1.4
MEAN 78.8 76.8 2.0
DAYS MAX >= 90 47
DAYS MAX <= 32 0
DAYS MAX >= 100 4
DAYS MIN <= 32 0
DAYS MIN <= 0 0
PRECIPITATION (INCHES)
RECORD
MAXIMUM 25.81 1993
MINIMUM 2.24 1976
TOTALS 7.92 12.50 -4.58
DAYS >= .01 21
DAYS >= .10 15
DAYS >= .50 7
DAYS >= 1.00 2
GREATEST
24 HR. TOTAL 1.72 08/15 TO 08/16
DEGREE DAYS
HEATING TOTAL 0 8 -8
SINCE 7/1 0 0 0
COOLING TOTAL 1277 1092 185
SINCE 1/1 1468 1238 230
..............................................................
WIND (MPH)
HIGHEST WIND SPEED/DIRECTION 37/340 DATE 06/17
HIGHEST GUST SPEED/DIRECTION 53/300 DATE 06/17
WEATHER CONDITIONS. NUMBER OF DAYS WITH
THUNDERSTORM 21 HAIL 0
FOG W/VIS <= 1/4 MILE 2
- INDICATES NEGATIVE NUMBERS.
R INDICATES RECORD WAS SET OR TIED.
MM INDICATES DATA IS MISSING.
T INDICATES TRACE AMOUNT.
$$
...SEASONAL...
11TH WARMEST METEOROLOGICAL SUMMER ON RECORD (78.8 DEGREES).
TIED 3RD LEAST NUMBER OF OCCURRENCES WITH A LOW TEMPERATURE LESS THAN
60 DEGREES (3 DAYS).
...MONTHLY...
TIED 20TH WARMEST AUGUST ON RECORD (79.1 DEGREES).
14TH WARMEST JULY (80.9 DEGREES).
19TH WARMEST JUNE (76.4 DEGREES).
...DAILY...
4 RECORD HIGH MINIMUM TEMPERATURES SET OR TIED (06/16, 06/15, 06/13, AND
06/12).
GOSSELIN