000
CXUS55 KRIW 011508
CF6CPR
PRELIMINARY LOCAL CLIMATOLOGICAL DATA (WS FORM: F-6)
STATION: CASPER WY
MONTH: MARCH
YEAR: 2023
LATITUDE: 42 55 N
LONGITUDE: 106 28 W
TEMPERATURE IN F: :PCPN: SNOW: WIND :SUNSHINE: SKY :PK WND
================================================================================
1 2 3 4 5 6A 6B 7 8 9 10 11 12 13 14 15 16 17 18
12Z AVG MX 2MIN
DY MAX MIN AVG DEP HDD CDD WTR SNW DPTH SPD SPD DIR MIN PSBL S-S WX SPD DR
================================================================================
1 33 7 20 -10 45 0 0.00 0.0 2 9.0 21 210 M M 1 25 210
2 29 14 22 -9 43 0 T T 2 22.7 40 210 M M 1 49 210
3 33 19 26 -5 39 0 0.01 0.2 T 16.6 36 220 M M 8 1 46 220
4 32 9 21 -11 44 0 0.04 1.0 1 12.7 26 210 M M 4 1 34 200
5 30 6 18 -14 47 0 0.02 T 1 8.1 32 260 M M 3 12 39 260
6 30 14 22 -10 43 0 T T T 9.4 20 70 M M 7 12 25 70
7 31 4 18 -15 47 0 0.00 0.0 T 7.1 16 190 M M 6 19 190
8 29 -6 12 -21 53 0 0.00 0.0 0 5.4 14 330 M M 5 1 15 330
9 31 18 25 -9 40 0 0.03 0.2 T 13.8 25 230 M M 5 1 31 230
10 44 19 32 -2 33 0 0.00 0.0 0 23.8 48 210 M M 4 64 210
11 36 13 25 -9 40 0 0.00 0.0 0 15.2 29 250 M M 0 39 260
12 34 9 22 -13 43 0 0.00 0.0 0 4.8 15 240 M M 3 22 250
13 43 11 27 -8 38 0 0.00 0.0 0 17.1 28 220 M M 0 37 220
14 49 33 41 5 24 0 0.00 0.0 0 22.7 36 220 M M 1 47 200
15 49 22 36 0 29 0 0.05 0.8 0 23.8 45 210 M M 5 1 58 220
16 34 17 26 -10 39 0 0.05 0.9 1 5.8 20 10 M M 7 18 25 10
17 33 13 23 -13 42 0 0.00 0.0 0 9.8 25 300 M M 0 33 300
18 40 12 26 -11 39 0 0.00 0.0 0 12.5 22 210 M M 0 28 210
19 44 23 34 -3 31 0 0.00 0.0 0 18.2 32 220 M M 0 41 220
20 46 22 34 -3 31 0 T 0.0 0 9.2 22 230 M M 3 29 210
21 43 17 30 -8 35 0 T 0.0 0 14.9 32 260 M M 2 42 240
22 31 19 25 -13 40 0 0.39 4.8 0 8.8 23 60 M M 10 12 28 50
23 37 18 28 -10 37 0 T T 3 12.1 21 230 M M 3 1 26 220
24 43 25 34 -4 31 0 T T 0 14.5 24 220 M M 1 31 220
25 33 21 27 -12 38 0 T T 0 18.6 30 210 M M 8 40 220
26 33 17 25 -14 40 0 0.00 0.0 0 16.5 30 200 M M 2 38 200
27 30 14 22 -17 43 0 0.03 1.0 0 10.2 24 210 M M 4 18 31 200
28 42 19 31 -8 34 0 0.00 0.0 0 16.4 29 230 M M 1 38 240
29 47 21 34 -5 31 0 0.00 0.0 0 5.5 14 90 M M 6 18 90
30 53 17 35 -5 30 0 0.00 0.0 0 9.8 26 220 M M 2 1 35 250
31 42 26 34 -6 31 0 0.03 0.4 T 14.6 30 290 M M 8 1 43 280
================================================================================
SM 1164 493 1180 0 0.65 9.3 409.6 M 110
================================================================================
AV 37.5 15.9 13.2 FASTST M M 4 MAX(MPH)
MISC ----> 48 210 64 210
================================================================================
NOTES:
# LAST OF SEVERAL OCCURRENCES
COLUMN 17 PEAK WIND IN M.P.H.
PRELIMINARY LOCAL CLIMATOLOGICAL DATA (WS FORM: F-6) , PAGE 2
STATION: CASPER WY
MONTH: MARCH
YEAR: 2023
LATITUDE: 42 55 N
LONGITUDE: 106 28 W
[TEMPERATURE DATA] [PRECIPITATION DATA] SYMBOLS USED IN COLUMN 16
AVERAGE MONTHLY: 26.7 TOTAL FOR MONTH: 0.65 1 = FOG OR MIST
DPTR FM NORMAL: -9.1 DPTR FM NORMAL: -0.19 2 = FOG REDUCING VISIBILITY
HIGHEST: 53 ON 30 GRTST 24HR 0.39 ON 22-22 TO 1/4 MILE OR LESS
LOWEST: -6 ON 8 3 = THUNDER
SNOW, ICE PELLETS, HAIL 4 = ICE PELLETS
TOTAL MONTH: 9.4 INCHES 5 = HAIL
GRTST 24HR 4.8 ON 22-22 6 = FREEZING RAIN OR DRIZZLE
GRTST DEPTH: 3 ON 23 7 = DUSTSTORM OR SANDSTORM:
VSBY 1/2 MILE OR LESS
8 = SMOKE OR HAZE
[NO. OF DAYS WITH] [WEATHER - DAYS WITH] 9 = BLOWING SNOW
X = TORNADO
MAX 32 OR BELOW: 9 0.01 INCH OR MORE: 9
MAX 90 OR ABOVE: 0 0.10 INCH OR MORE: 1
MIN 32 OR BELOW: 30 0.50 INCH OR MORE: 0
MIN 0 OR BELOW: 1 1.00 INCH OR MORE: 0
[HDD (BASE 65) ]
TOTAL THIS MO. 1180 CLEAR (SCALE 0-3) 16
DPTR FM NORMAL 273 PTCLDY (SCALE 4-7) 14
TOTAL FM JUL 1 6881 CLOUDY (SCALE 8-10) 1
DPTR FM NORMAL 612
[CDD (BASE 65) ]
TOTAL THIS MO. 0
DPTR FM NORMAL 0 [PRESSURE DATA]
TOTAL FM JAN 1 0 HIGHEST SLP 30.47 ON 18
DPTR FM NORMAL 0 LOWEST SLP 29.43 ON 30
[REMARKS]
#FINAL-03-23#