000
CXUS56 KLOX 020653
CF6CQT
PRELIMINARY LOCAL CLIMATOLOGICAL DATA (WS FORM: F-6)
STATION: DOWNTOWN LOS ANGELES (USC) CA
MONTH: OCTOBER
YEAR: 2020
LATITUDE: 34 1 N
LONGITUDE: 118 17 W
TEMPERATURE IN F: :PCPN: SNOW: WIND :SUNSHINE: SKY :PK WND
================================================================================
1 2 3 4 5 6A 6B 7 8 9 10 11 12 13 14 15 16 17 18
12Z AVG MX 2MIN
DY MAX MIN AVG DEP HDD CDD WTR SNW DPTH SPD SPD DIR MIN PSBL S-S WX SPD DR
================================================================================
1 101 68 85 14 0 20 0.00 0.0 0 0.8 9 270 M M 0 8 14 260
2 99 70 85 14 0 20 0.00 0.0 0 0.6 8 260 M M 0 8 13 260
3 94 68 81 10 0 16 0.00 0.0 0 0.8 8 260 M M 0 8 11 270
4 94 66 80 10 0 15 0.00 0.0 0 0.5 7 270 M M 0 18 11 270
5 90 66 78 8 0 13 0.00 0.0 0 0.6 7 260 M M 1 18 12 270
6 88 63 76 6 0 11 0.00 0.0 0 0.3 7 260 M M 0 18 11 270
7 80 63 72 2 0 7 0.00 0.0 0 1.4 8 260 M M 3 128 13 270
8 77 65 71 1 0 6 0.00 0.0 0 1.4 9 270 M M 5 8 15 270
9 75 64 70 0 0 5 0.00 0.0 0 1.4 10 260 M M 6 8 14 270
10 77 66 72 2 0 7 0.00 0.0 0 0.7 10 260 M M 6 8 14 270
11 79 63 71 2 0 6 0.00 0.0 0 1.3 8 270 M M 2 13 270
12 90 63 77 8 0 12 0.00 0.0 0 0.9 8 270 M M 0 12 260
13 94 65 80 11 0 15 0.00 0.0 0 1.1 8 270 M M 0 8 13 270
14 93 64 79 10 0 14 0.00 0.0 0 0.8 7 260 M M 0 9 270
15 92 66 79 10 0 14 0.00 0.0 0 1.4 8 270 M M 0 12 270
16 92 65 79 10 0 14 0.00 0.0 0 0.9 8 280 M M 0 8 14 270
17 87 66 77 9 0 12 0.00 0.0 0 1.0 6 270 M M 0 18 11 270
18 81 65 73 5 0 8 0.00 0.0 0 1.0 7 260 M M 4 18 12 270
19 78 64 71 3 0 6 0.00 0.0 0 1.0 8 260 M M 4 8 12 260
20 78 65 72 4 0 7 0.00 0.0 0 1.3 8 260 M M 8 8 13 270
21 75 66 71 3 0 6 0.00 0.0 0 0.8 8 260 M M 7 8 14 270
22 72 64 68 0 0 3 0.00 0.0 0 0.5 7 260 M M 7 8 9 270
23 73 63 68 0 0 3 0.00 0.0 0 1.2 8 270 M M 7 8 12 270
24 71 65 68 1 0 3 0.00 0.0 0 0.9 8 270 M M 9 13 260
25 70 60 65 -2 0 0 0.00 0.0 0 1.4 9 260 M M 8 16 270
26 73 56 65 -2 0 0 0.00 0.0 0 0.7 7 140 M M 2 8 10 140
27 77 52 65 -2 0 0 0.00 0.0 0 1.3 8 270 M M 0 8 13 270
28 77 55 66 -1 0 1 0.00 0.0 0 1.3 9 270 M M 0 8 14 270
29 83 56 70 4 0 5 0.00 0.0 0 0.6 7 270 M M 0 9 270
30 83 55 69 3 0 4 0.00 0.0 0 0.5 7 270 M M 0 8 12 260
31 84 55 70 4 0 5 0.00 0.0 0 0.4 7 270 M M 0 8 10 270
================================================================================
SM 2577 1952 0 258 0.00 0.0 28.8 M 79
================================================================================
AV 83.1 63.0 0.9 FASTST M M 3 MAX(MPH)
MISC ----> # 10 260 # 16 270
================================================================================
NOTES:
# LAST OF SEVERAL OCCURRENCES
COLUMN 17 PEAK WIND IN M.P.H.
PRELIMINARY LOCAL CLIMATOLOGICAL DATA (WS FORM: F-6) , PAGE 2
STATION: DOWNTOWN LOS ANGELES (USC) CA
MONTH: OCTOBER
YEAR: 2020
LATITUDE: 34 1 N
LONGITUDE: 118 17 W
[TEMPERATURE DATA] [PRECIPITATION DATA] SYMBOLS USED IN COLUMN 16
AVERAGE MONTHLY: 73.1 TOTAL FOR MONTH: 0.00 1 = FOG OR MIST
DPTR FM NORMAL: 4.4 DPTR FM NORMAL: -0.66 2 = FOG REDUCING VISIBILITY
HIGHEST: 101 ON 1 GRTST 24HR 0.00 ON 31-31 TO 1/4 MILE OR LESS
LOWEST: 52 ON 27 3 = THUNDER
SNOW, ICE PELLETS, HAIL 4 = ICE PELLETS
TOTAL MONTH: 0.0 INCH 5 = HAIL
GRTST 24HR 0.0 6 = FREEZING RAIN OR DRIZZLE
GRTST DEPTH: 0 7 = DUSTSTORM OR SANDSTORM:
VSBY 1/2 MILE OR LESS
8 = SMOKE OR HAZE
[NO. OF DAYS WITH] [WEATHER - DAYS WITH] 9 = BLOWING SNOW
X = TORNADO
MAX 32 OR BELOW: 0 0.01 INCH OR MORE: 0
MAX 90 OR ABOVE: 10 0.10 INCH OR MORE: 0
MIN 32 OR BELOW: 0 0.50 INCH OR MORE: 0
MIN 0 OR BELOW: 0 1.00 INCH OR MORE: 0
[HDD (BASE 65) ]
TOTAL THIS MO. 0 CLEAR (SCALE 0-3) 20
DPTR FM NORMAL -18 PTCLDY (SCALE 4-7) 10
TOTAL FM JUL 1 0 CLOUDY (SCALE 8-10) 1
DPTR FM NORMAL -20
[CDD (BASE 65) ]
TOTAL THIS MO. 258
DPTR FM NORMAL 129 [PRESSURE DATA]
TOTAL FM JAN 1 1740 HIGHEST SLP M ON M
DPTR FM NORMAL 533 LOWEST SLP 29.74 ON 21
[REMARKS]
#FINAL-10-20#