000
CXUS56 KLOX 011630
CLMCQT
CLIMATE REPORT
NATIONAL WEATHER SERVICE LOS ANGELES/OXNARD
930 AM PDT MON MAY 01 2023
...................................
...THE DOWNTOWN LOS ANGELES (USC) CA CLIMATE SUMMARY FOR THE MONTH OF APRIL 2023...
CLIMATE NORMAL PERIOD: 1991 TO 2020
CLIMATE RECORD PERIOD: 1877 TO 2023
WEATHER OBSERVED NORMAL DEPART LAST YEAR`S
VALUE DATE(S) VALUE FROM VALUE
NORMAL
..............................................................
TEMPERATURE (F)
HIGHEST 89 04/21
LOWEST 48 04/01
04/05
AVG. MAXIMUM 70.9 72.4 -1.5
AVG. MINIMUM 54.4 54.8 -0.4
MEAN 62.6 63.6 -1.0
DAYS MAX >= 90 0
DAYS MAX <= 32 0
DAYS MIN <= 32 0
DAYS MIN <= 0 0
PRECIPITATION (INCHES)
TOTALS 0.06 0.69 -0.63
DAILY AVG. 0.00
DAYS >= .01 2
DAYS >= .10 0
DAYS >= .50 0
DAYS >= 1.00 0
GREATEST
24 HR. TOTAL 0.05 04/13 TO 04/13
DEGREE DAYS
HEATING TOTAL 88 87 1 76
SINCE 7/1 1228 964 264 MM
COOLING TOTAL 24 45 -21 63
SINCE 1/1 24 87 -63 MM
..............................................................
WIND (MPH)
AVERAGE WIND SPEED 1.6
HIGHEST WIND SPEED/DIRECTION 14/330 DATE 04/03
14/260 04/04
HIGHEST GUST SPEED/DIRECTION 28/320 DATE 04/03
SKY COVER
POSSIBLE SUNSHINE (PERCENT) MM
AVERAGE SKY COVER 0.38
NUMBER OF DAYS FAIR 13
NUMBER OF DAYS PC 12
NUMBER OF DAYS CLOUDY 5
AVERAGE RH (PERCENT) 64
WEATHER CONDITIONS. NUMBER OF DAYS WITH
THUNDERSTORM 0 MIXED PRECIP 0
HEAVY RAIN 0 RAIN 0
LIGHT RAIN 3 FREEZING RAIN 0
LT FREEZING RAIN 0 HAIL 0
HEAVY SNOW 0 SNOW 0
LIGHT SNOW 0 SLEET 0
FOG 11 FOG W/VIS <= 1/4 MILE 0
HAZE 18
- INDICATES NEGATIVE NUMBERS.
R INDICATES RECORD WAS SET OR TIED.
MM INDICATES DATA IS MISSING.
T INDICATES TRACE AMOUNT.
$$