005
CXUS51 KRLX 011138
CF6CRW
PRELIMINARY LOCAL CLIMATOLOGICAL DATA (WS FORM: F-6)
STATION: CHARLESTON WV
MONTH: JULY
YEAR: 2020
LATITUDE: 38 22 N
LONGITUDE: 81 36 W
TEMPERATURE IN F: :PCPN: SNOW: WIND :SUNSHINE: SKY :PK WND
================================================================================
1 2 3 4 5 6A 6B 7 8 9 10 11 12 13 14 15 16 17 18
12Z AVG MX 2MIN
DY MAX MIN AVG DEP HDD CDD WTR SNW DPTH SPD SPD DIR MIN PSBL S-S WX SPD DR
================================================================================
1 90 68 79 4 0 14 0.00 0.0 0 1.9 10 330 M M 6 1 14 10
2 88 63 76 1 0 11 0.00 0.0 0 2.8 14 70 M M 3 12 17 70
3 91 64 78 3 0 13 0.00 0.0 0 2.0 10 50 M M 2 16 30
4 93 65 79 4 0 14 0.00 0.0 0 1.5 7 30 M M 2 1 10 40
5 95 67 81 6 0 16 0.00 0.0 0 1.9 9 160 M M 3 1 12 60
6 95 68 82 7 0 17 0.00 0.0 0 2.1 10 180 M M 3 3 12 180
7 94 69 82 6 0 17 0.47 0.0 0 2.7 31 230 M M 4 3 43 220
8 92 69 81 5 0 16 T 0.0 0 1.0 7 300 M M 6 12 11 110
9 95 70 83 7 0 18 0.00 0.0 0 2.3 14 140 M M 3 128 19 160
10 91 70 81 5 0 16 0.26 0.0 0 6.1 33 220 M M 4 138 45 230
11 87 70 79 3 0 14 0.00 0.0 0 6.8 18 310 M M 5 26 260
12 86 65 76 0 0 11 0.27 0.0 0 4.9 18 160 M M 5 13 23 150
13 85 63 74 -2 0 9 0.00 0.0 0 1.8 9 230 M M 5 18 12 200
14 89 64 77 1 0 12 0.00 0.0 0 1.2 8 40 M M 3 1 11 50
15 95 62 79 3 0 14 0.00 0.0 0 2.3 9 210 M M 2 12 200
16 96 73 85 9 0 20 0.00 0.0 0 6.5 20 210 M M 4 24 210
17 92 73 83 7 0 18 0.09 0.0 0 2.4 10 230 M M 4 3 16 310
18 94 70 82 6 0 17 0.00 0.0 0 4.1 13 210 M M 3 1 16 200
19 95 72 84 8 0 19 0.00 0.0 0 5.4 17 240 M M 2 23 250
20 94 72 83 7 0 18 0.01 0.0 0 3.5 35 330 M M 5 13 54 320
21 96 69 83 7 0 18 0.00 0.0 0 3.6 15 220 M M 4 1 19 210
22 91 70 81 5 0 16 0.25 0.0 0 4.4 30 310 M M 6 13 47 280
23 82 70 76 0 0 11 0.84 0.0 0 3.6 13 200 M M 8 13 16 190
24 90 70 80 4 0 15 0.01 0.0 0 2.2 9 300 M M 6 1 14 330
25 92 68 80 5 0 15 0.00 0.0 0 2.3 9 250 M M 2 11 210
26 89 68 79 4 0 14 T 0.0 0 4.2 16 200 M M 3 1 21 200
27 90 71 81 6 0 16 0.42 0.0 0 6.0 20 320 M M 5 13 29 320
28 87 71 79 4 0 14 0.03 0.0 0 3.8 10 210 M M 6 13 14 200
29 91 70 81 6 0 16 0.00 0.0 0 1.2 7 30 M M 6 12 10 10
30 89 69 79 4 0 14 0.53 0.0 0 3.4 17 170 M M 7 13 23 180
31 81 70 76 1 0 11 0.07 0.0 0 2.3 9 320 M M 9 1 13 240
================================================================================
SM 2815 2123 0 464 3.25 0.0 100.2 M 136
================================================================================
AV 90.8 68.5 3.2 FASTST M M 4 MAX(MPH)
MISC ----> 35 330 54 320
================================================================================
NOTES:
# LAST OF SEVERAL OCCURRENCES
COLUMN 17 PEAK WIND IN M.P.H.
PRELIMINARY LOCAL CLIMATOLOGICAL DATA (WS FORM: F-6) , PAGE 2
STATION: CHARLESTON WV
MONTH: JULY
YEAR: 2020
LATITUDE: 38 22 N
LONGITUDE: 81 36 W
[TEMPERATURE DATA] [PRECIPITATION DATA] SYMBOLS USED IN COLUMN 16
AVERAGE MONTHLY: 79.6 TOTAL FOR MONTH: 3.25 1 = FOG OR MIST
DPTR FM NORMAL: 4.2 DPTR FM NORMAL: -1.69 2 = FOG REDUCING VISIBILITY
HIGHEST: 96 ON 21,16 GRTST 24HR 0.84 ON 23-23 TO 1/4 MILE OR LESS
LOWEST: 62 ON 15 3 = THUNDER
SNOW, ICE PELLETS, HAIL 4 = ICE PELLETS
TOTAL MONTH: 0.0 INCH 5 = HAIL
GRTST 24HR 0.0 6 = FREEZING RAIN OR DRIZZLE
GRTST DEPTH: 0 7 = DUSTSTORM OR SANDSTORM:
VSBY 1/2 MILE OR LESS
8 = SMOKE OR HAZE
[NO. OF DAYS WITH] [WEATHER - DAYS WITH] 9 = BLOWING SNOW
X = TORNADO
MAX 32 OR BELOW: 0 0.01 INCH OR MORE: 12
MAX 90 OR ABOVE: 21 0.10 INCH OR MORE: 7
MIN 32 OR BELOW: 0 0.50 INCH OR MORE: 2
MIN 0 OR BELOW: 0 1.00 INCH OR MORE: 0
[HDD (BASE 65) ]
TOTAL THIS MO. 0 CLEAR (SCALE 0-3) 9
DPTR FM NORMAL 0 PTCLDY (SCALE 4-7) 21
TOTAL FM JUL 1 0 CLOUDY (SCALE 8-10) 1
DPTR FM NORMAL 0
[CDD (BASE 65) ]
TOTAL THIS MO. 464
DPTR FM NORMAL 140 [PRESSURE DATA]
TOTAL FM JAN 1 810 HIGHEST SLP 30.18 ON 17
DPTR FM NORMAL 156 LOWEST SLP 29.72 ON 31
[REMARKS]
#FINAL-07-20#