000
CXUS52 KCAE 011500
CF6CUB
PRELIMINARY LOCAL CLIMATOLOGICAL DATA (WS FORM: F-6)
STATION: HAMILTON - OWENS AIRPORT SC
MONTH: FEBRUARY
YEAR: 2022
LATITUDE: 33 58 N
LONGITUDE: 80 59 W
TEMPERATURE IN F: :PCPN: SNOW: WIND :SUNSHINE: SKY :PK WND
================================================================================
1 2 3 4 5 6A 6B 7 8 9 10 11 12 13 14 15 16 17 18
12Z AVG MX 2MIN
DY MAX MIN AVG DEP HDD CDD WTR SNW DPTH SPD SPD DIR MIN PSBL S-S WX SPD DR
================================================================================
1 60 33 47 -1 18 0 0.00 M M 2.5 10 120 M M 0 14 60
2 67 33 50 2 15 0 0.00 M M 1.9 7 120 M M 4 8 M M
3 75 54 65 17 0 0 T M M 8.4 23 180 M M 8 1 30 170
4 67 51 59 11 6 0 0.50 M M 8.7 17 260 M M 8 18 25 180
5 53 36 45 -4 20 0 0.00 M M 6.3 18 280 M M 2 24 290
6 50 31 41 -8 24 0 0.05 M M 5.1 12 30 M M 5 1 19 20
7 45 36 41 -8 24 0 0.50 M M 4.2 10 10 M M 10 1 19 340
8 52 34 43 -6 22 0 0.00 M M 1.5 7 50 M M 5 18 10 50
9 61 30 46 -3 19 0 0.00 M M 1.9 12 240 M M 2 128 15 230
10 69 33 51 2 14 0 0.00 M M 2.0 17 260 M M 0 26 260
11 71 35 53 3 12 0 0.00 M M 3.2 15 210 M M 0 8 21 180
12 70 37 54 4 11 0 0.00 M M 1.8 13 180 M M 0 18 17 180
13 60 40 50 0 15 0 0.00 M M 3.2 13 260 M M 3 18 17 280
14 59 31 45 -5 20 0 0.00 M M 3.4 14 260 M M 0 19 270
15 62 30 46 -4 19 0 0.00 M M 2.5 7 120 M M 0 8 13 90
16 68 38 53 3 12 0 0.00 M M 3.6 20 160 M M 3 25 170
17 78 55 67 16 0 2 0.00 M M 9.2 23 170 M M 8 12 33 160
18 72 51 62 11 3 0 0.39 M M 9.9 20 270 M M 3 1 32 170
19 62 38 50 -1 15 0 0.00 M M 4.6 15 270 M M 0 21 300
20 62 32 47 -4 18 0 0.00 M M 1.4 9 180 M M 0 15 120
21 72 42 57 5 8 0 T M M 2.5 10 260 M M 5 14 270
22 78 59 69 17 0 4 0.00 M M 6.5 16 200 M M 7 22 200
23 81 56 69 17 0 4 0.00 M M 3.8 14 290 M M 2 1 20 300
24 86 55 71 19 0 6 0.00 M M 3.9 16 230 M M 4 128 23 250
25 82 53 68 16 0 3 0.00 M M 5.7 20 250 M M 4 18 27 270
26 69 51 60 7 5 0 0.00 M M 4.5 10 30 M M 5 18 40
27 55 48 52 -1 13 0 0.22 M M 2.5 7 70 M M 10 18 11 70
28 64 42 53 0 12 0 0.00 M M 1.9 10 30 M M 3 1 15 20
================================================================================
SM 1850 1164 325 19 1.66 M 116.6 M 101
================================================================================
AV 66.1 41.6 4.2 FASTST M M 4 MAX(MPH)
MISC ----> # 23 180 33 160
================================================================================
NOTES:
# LAST OF SEVERAL OCCURRENCES
COLUMN 17 PEAK WIND IN M.P.H.
PRELIMINARY LOCAL CLIMATOLOGICAL DATA (WS FORM: F-6) , PAGE 2
STATION: HAMILTON - OWENS AIRPORT SC
MONTH: FEBRUARY
YEAR: 2022
LATITUDE: 33 58 N
LONGITUDE: 80 59 W
[TEMPERATURE DATA] [PRECIPITATION DATA] SYMBOLS USED IN COLUMN 16
AVERAGE MONTHLY: 53.8 TOTAL FOR MONTH: 1.66 1 = FOG OR MIST
DPTR FM NORMAL: 3.5 DPTR FM NORMAL: -1.61 2 = FOG REDUCING VISIBILITY
HIGHEST: 86 ON 24 GRTST 24HR 0.55 ON 6- 7 TO 1/4 MILE OR LESS
LOWEST: 30 ON 15, 9 3 = THUNDER
SNOW, ICE PELLETS, HAIL 4 = ICE PELLETS
TOTAL MONTH: M 5 = HAIL
GRTST 24HR M ON M 6 = FREEZING RAIN OR DRIZZLE
GRTST DEPTH: M ON M 7 = DUSTSTORM OR SANDSTORM:
VSBY 1/2 MILE OR LESS
8 = SMOKE OR HAZE
[NO. OF DAYS WITH] [WEATHER - DAYS WITH] 9 = BLOWING SNOW
X = TORNADO
MAX 32 OR BELOW: 0 0.01 INCH OR MORE: 5
MAX 90 OR ABOVE: 0 0.10 INCH OR MORE: 4
MIN 32 OR BELOW: 5 0.50 INCH OR MORE: 2
MIN 0 OR BELOW: 0 1.00 INCH OR MORE: 0
[HDD (BASE 65) ]
TOTAL THIS MO. 325 CLEAR (SCALE 0-3) 12
DPTR FM NORMAL -91 PTCLDY (SCALE 4-7) 14
TOTAL FM JUL 1 1612 CLOUDY (SCALE 8-10) 2
DPTR FM NORMAL -233
[CDD (BASE 65) ]
TOTAL THIS MO. 19
DPTR FM NORMAL 14 [PRESSURE DATA]
TOTAL FM JAN 1 32 HIGHEST SLP 30.59 ON 16
DPTR FM NORMAL 29 LOWEST SLP 29.81 ON 18
[REMARKS]
#FINAL-02-22#