936
CXUS55 KCYS 061715
CF6CYS
PRELIMINARY LOCAL CLIMATOLOGICAL DATA (WS FORM: F-6)
STATION: CHEYENNE WYOMING AIRPORT
MONTH: JANUARY
YEAR: 2021
LATITUDE: 41 9 N
LONGITUDE: 104 49 W
TEMPERATURE IN F: :PCPN: SNOW: WIND :SUNSHINE: SKY :PK WND
================================================================================
1 2 3 4 5 6A 6B 7 8 9 10 11 12 13 14 15 16 17 18
12Z AVG MX 2MIN
DY MAX MIN AVG DEP HDD CDD WTR SNW DPTH SPD SPD DIR MIN PSBL S-S WX SPD DR
================================================================================
1 39 18 29 1 36 0 0.00 0.0 T 7.2 13 240 M M 5 16 260
2 45 13 29 1 36 0 0.00 0.0 0 13.8 28 250 M M 2 40 300
3 44 27 36 7 29 0 0.00 0.0 0 24.3 52 280 M M 1 67 260
4 50 29 40 11 25 0 0.00 0.0 0 15.1 32 270 M M 0 46 260
5 43 24 34 5 31 0 0.01 0.2 0 18.9 40 310 M M 3 1 58 310
6 39 18 29 0 36 0 0.00 0.0 T 10.6 25 340 M M 0 35 340
7 48 19 34 5 31 0 0.00 0.0 0 9.6 24 270 M M 2 33 270
8 40 15 28 -1 37 0 0.00 0.0 0 10.4 22 310 M M 3 30 310
9 28 15 22 -7 43 0 0.04 1.3 0 5.1 13 50 M M 10 18 18 40
10 31 12 22 -7 43 0 0.00 0.0 1 6.9 15 210 M M 4 19 210
11 46 16 31 2 34 0 0.00 0.0 0 11.0 18 270 M M 0 24 290
12 50 28 39 10 26 0 0.00 0.0 0 17.2 36 280 M M 0 53 280
13 53 27 40 11 25 0 T 0.1 0 28.7 53 280 M M 1 1 89 270
14 30 20 25 -4 40 0 0.00 0.0 T 21.0 37 320 M M 3 59 310
15 42 20 31 2 34 0 0.00 0.0 T 22.0 40 330 M M 0 60 320
16 39 24 32 3 33 0 T T 0 15.7 31 340 M M 6 1 47 310
17 45 22 34 5 31 0 T T 0 13.8 33 270 M M 7 46 300
18 34 19 27 -2 38 0 0.01 0.1 T 14.2 28 330 M M 6 1 38 320
19 35 14 25 -4 40 0 0.00 0.0 0 10.9 17 210 M M 0 23 270
20 49 23 36 7 29 0 0.00 0.0 0 24.3 53 270 M M 0 73 280
21 47 28 38 9 27 0 T T 0 13.8 33 270 M M 5 47 270
22 33 18 26 -3 39 0 T T 0 6.2 13 40 M M 5 17 50
23 33 18 26 -3 39 0 0.05 0.8 0 8.1 22 360 M M 8 128 33 360
24 26 8 17 -12 48 0 0.00 0.0 1 10.4 22 190 M M 6 26 200
25 25 10 18 -10 47 0 T T T 8.9 21 360 M M 6 1 29 360
26 17 9 13 -15 52 0 0.03 0.9 T 9.2 15 160 M M 10 18 20 170
27 33 3 18 -10 47 0 0.00 0.0 1 5.3 17 200 M M 0 22 180
28 49 17 33 5 32 0 0.00 0.0 T 7.0 17 190 M M 0 23 200
29 59 27 43 15 22 0 0.00 0.0 0 10.3 26 250 M M 0 35 250
30 44 29 37 9 28 0 0.00 0.0 0 17.5 30 320 M M 2 43 300
31 49 20 35 7 30 0 0.00 0.0 0 11.2 21 290 M M 1 33 290
================================================================================
SM 1245 590 1088 0 0.14 3.4 408.6 M 96
================================================================================
AV 40.2 19.0 13.2 FASTST M M 3 MAX(MPH)
MISC ----> # 53 270 89 270
================================================================================
NOTES:
# LAST OF SEVERAL OCCURRENCES
COLUMN 17 PEAK WIND IN M.P.H.
PRELIMINARY LOCAL CLIMATOLOGICAL DATA (WS FORM: F-6) , PAGE 2
STATION: CHEYENNE WYOMING AIRPORT
MONTH: JANUARY
YEAR: 2021
LATITUDE: 41 9 N
LONGITUDE: 104 49 W
[TEMPERATURE DATA] [PRECIPITATION DATA] SYMBOLS USED IN COLUMN 16
AVERAGE MONTHLY: 29.6 TOTAL FOR MONTH: 0.14 1 = FOG OR MIST
DPTR FM NORMAL: 0.8 DPTR FM NORMAL: -0.19 2 = FOG REDUCING VISIBILITY
HIGHEST: 59 ON 29 GRTST 24HR 0.05 ON 23-23 TO 1/4 MILE OR LESS
LOWEST: 3 ON 27 3 = THUNDER
SNOW, ICE PELLETS, HAIL 4 = ICE PELLETS
TOTAL MONTH: 3.4 INCHES 5 = HAIL
GRTST 24HR 1.3 ON 9- 9 6 = FREEZING RAIN OR DRIZZLE
GRTST DEPTH: 1 ON 10,27 7 = DUSTSTORM OR SANDSTORM:
VSBY 1/2 MILE OR LESS
8 = SMOKE OR HAZE
[NO. OF DAYS WITH] [WEATHER - DAYS WITH] 9 = BLOWING SNOW
X = TORNADO
MAX 32 OR BELOW: 6 0.01 INCH OR MORE: 5
MAX 90 OR ABOVE: 0 0.10 INCH OR MORE: 0
MIN 32 OR BELOW: 31 0.50 INCH OR MORE: 0
MIN 0 OR BELOW: 0 1.00 INCH OR MORE: 0
[HDD (BASE 65) ]
TOTAL THIS MO. 1088 CLEAR (SCALE 0-3) 19
DPTR FM NORMAL -36 PTCLDY (SCALE 4-7) 10
TOTAL FM JUL 1 3717 CLOUDY (SCALE 8-10) 2
DPTR FM NORMAL -309
[CDD (BASE 65) ]
TOTAL THIS MO. 0
DPTR FM NORMAL 0 [PRESSURE DATA]
TOTAL FM JAN 1 0 HIGHEST SLP 30.55 ON 19
DPTR FM NORMAL 0 LOWEST SLP 29.49 ON 30
[REMARKS]
#FINAL-01-21#